000
CXAK56 PAFC 011021
CF6CDB
PRELIMINARY LOCAL CLIMATOLOGICAL DATA (WS FORM: F-6)
STATION: COLD BAY
MONTH: JUNE
YEAR: 2021
LATITUDE: 55 13 N
LONGITUDE: 162 44 W
TEMPERATURE IN F: :PCPN: SNOW: WIND :SUNSHINE: SKY :PK WND
================================================================================
1 2 3 4 5 6A 6B 7 8 9 10 11 12 13 14 15 16 17 18
12Z AVG MX 2MIN
DY MAX MIN AVG DEP HDD CDD WTR SNW DPTH SPD SPD DIR MIN PSBL S-S WX SPD DR
================================================================================
1 48 43 46 2 19 0 0.03 M M 19.3 25 260 M M 10 1 30 250
2 52 42 47 3 18 0 T M M 14.0 28 150 M M 10 1 32 150
3 49 42 46 2 19 0 0.01 M M 7.5 17 280 M M 10 1 19 280
4 50 42 46 1 19 0 0.03 M M 10.4 15 290 M M 9 1 20 290
5 47 40 44 -1 21 0 0.03 M M 21.9 33 270 M M 10 1 39 250
6 53 42 48 3 17 0 T M M 25.6 37 270 M M 9 1 43 270
7 60 42 51 6 14 0 0.06 M M 19.5 37 140 M M 7 1 44 150
8 51 42 47 1 18 0 0.18 M M 17.9 37 150 M M 10 1 46 150
9 46 43 45 -1 20 0 0.27 M M 22.9 35 310 M M 10 1 42 310
10 49 42 46 0 19 0 0.03 M M 15.8 23 280 M M 10 1 29 280
11 55 43 49 3 16 0 T M M 8.7 21 160 M M 10 25 140
12 48 44 46 -1 19 0 0.04 M M 7.7 16 280 M M 10 1 20 240
13 51 42 47 0 18 0 0.13 M M 23.4 44 140 M M 9 12 53 140
14 54 46 50 3 15 0 0.14 M M 27.3 43 130 M M 10 1 54 130
15 51 46 49 2 16 0 0.03 M M 14.4 28 140 M M 10 32 140
16 57 44 51 3 14 0 T M M 16.7 29 150 M M 5 36 150
17 59 45 52 4 13 0 T M M 16.3 29 90 M M 6 37 90
18 61 37 49 1 16 0 0.00 M M 10.9 24 360 M M 4 28 360
19 60 43 52 4 13 0 0.00 M M 5.9 14 340 M M 10 17 330
20 62 48 55 7 10 0 0.00 M M 7.5 14 350 M M 9 17 360
21 53 46 50 2 15 0 0.08 M M 19.0 28 150 M M 6 34 150
22 52 46 49 0 16 0 0.18 M M 15.5 24 150 M M 10 1 29 150
23 55 46 51 2 14 0 0.54 M M 14.3 28 10 M M 10 1 35 20
24 53 42 48 -1 17 0 0.03 M M 16.7 28 140 M M 10 1 35 150
25 56 42 49 0 16 0 0.25 M M 8.6 17 250 M M 9 1 19 240
26 55 47 51 2 14 0 0.01 M M 14.8 22 160 M M 10 1 25 160
27 56 47 52 2 13 0 T M M 13.9 20 140 M M 10 1 24 140
28 58 45 52 2 13 0 T M M 17.4 28 150 M M 9 1 34 150
29 51 46 49 -1 16 0 0.49 M M 26.8 45 140 M M 10 1 55 130
30 54 49 52 2 13 0 1.36 M M 28.5 53 140 M M 10 1 67 150
================================================================================
SM 1606 1314 481 0 3.92 M 489.1 M 272
================================================================================
AV 53.5 43.8 16.3 FASTST M M 9 MAX(MPH)
MISC ----> 53 140 67 150
================================================================================
NOTES:
# LAST OF SEVERAL OCCURRENCES
COLUMN 17 PEAK WIND IN M.P.H.
PRELIMINARY LOCAL CLIMATOLOGICAL DATA (WS FORM: F-6) , PAGE 2
STATION: COLD BAY
MONTH: JUNE
YEAR: 2021
LATITUDE: 55 13 N
LONGITUDE: 162 44 W
[TEMPERATURE DATA] [PRECIPITATION DATA] SYMBOLS USED IN COLUMN 16
AVERAGE MONTHLY: 48.7 TOTAL FOR MONTH: 3.92 1 = FOG OR MIST
DPTR FM NORMAL: 1.5 DPTR FM NORMAL: 1.18 2 = FOG REDUCING VISIBILITY
HIGHEST: 62 ON 20 GRTST 24HR 1.58 ON 29-30 TO 1/4 MILE OR LESS
LOWEST: 37 ON 18 3 = THUNDER
SNOW, ICE PELLETS, HAIL 4 = ICE PELLETS
TOTAL MONTH: M 5 = HAIL
GRTST 24HR M ON M 6 = FREEZING RAIN OR DRIZZLE
GRTST DEPTH: M ON M 7 = DUSTSTORM OR SANDSTORM:
VSBY 1/2 MILE OR LESS
8 = SMOKE OR HAZE
[NO. OF DAYS WITH] [WEATHER - DAYS WITH] 9 = BLOWING SNOW
X = TORNADO
MAX 32 OR BELOW: 0 0.01 INCH OR MORE: 20
MAX 90 OR ABOVE: 0 0.10 INCH OR MORE: 9
MIN 32 OR BELOW: 0 0.50 INCH OR MORE: 2
MIN 0 OR BELOW: 0 1.00 INCH OR MORE: 1
[HDD (BASE 65) ]
TOTAL THIS MO. 481 CLEAR (SCALE 0-3) 0
DPTR FM NORMAL -51 PTCLDY (SCALE 4-7) 5
TOTAL FM JUL 1 8705 CLOUDY (SCALE 8-10) 25
DPTR FM NORMAL -608
[CDD (BASE 65) ]
TOTAL THIS MO. 0
DPTR FM NORMAL 0 [PRESSURE DATA]
TOTAL FM JAN 1 0 HIGHEST SLP M ON M
DPTR FM NORMAL 0 LOWEST SLP 28.74 ON 23
[REMARKS]
#FINAL-06-21#