000
CXUS53 KEAX 010736
CF6CDJ
PRELIMINARY LOCAL CLIMATOLOGICAL DATA (WS FORM: F-6)
STATION: CHILLICOTHE
MONTH: MARCH
YEAR: 2023
LATITUDE: 39 49 N
LONGITUDE: 93 35 W
TEMPERATURE IN F: :PCPN: SNOW: WIND :SUNSHINE: SKY :PK WND
================================================================================
1 2 3 4 5 6A 6B 7 8 9 10 11 12 13 14 15 16 17 18
12Z AVG MX 2MIN
DY MAX MIN AVG DEP HDD CDD WTR SNW DPTH SPD SPD DIR MIN PSBL S-S WX SPD DR
================================================================================
1 61 31 46 9 19 0 0.00 M M 5.4 15 300 M M 0 23 310
2 43 30 37 -1 28 0 0.00 M M 7.5 15 40 M M 0 22 50
3 57 30 44 6 21 0 0.10 M M 5.3 14 40 M M 0 22 30
4 61 27 44 5 21 0 0.01 M M 4.3 14 300 M M 0 23 280
5 69 36 53 14 12 0 0.00 M M 9.2 21 140 M M 0 36 150
6 60 39 50 11 15 0 0.00 M M 7.6 16 360 M M 0 29 40
7 50 36 43 3 22 0 0.08 M M 9.4 16 110 M M 0 26 100
8 44 41 43 3 22 0 0.03 M M 6.2 14 110 M M 0 1 22 110
9 42 38 40 -1 25 0 0.28 M M 4.7 16 300 M M 0 27 300
10 41 33 37 -4 28 0 0.00 M M 5.4 12 320 M M 0 21 310
11 38 31 35 -6 30 0 0.47 M M 7.1 14 100 M M 0 1 22 130
12 43 29 36 -6 29 0 0.00 M M 9.2 17 310 M M 0 31 290
13 34 27 31 -11 34 0 0.00 M M 8.1 17 310 M M 0 29 320
14 46 27 37 -6 28 0 0.00 M M 4.9 12 140 M M 0 19 120
15 64 33 49 6 16 0 0.00 M M 11.6 25 190 M M 0 37 160
16 54 29 42 -1 23 0 0.54 M M 9.7 18 320 M M 0 40 330
17 40 23 32 -12 33 0 0.00 M M 10.9 22 310 M M 0 42 310
18 26 14 20 -24 45 0 0.00 M M 10.7 23 310 M M 0 39 300
19 44 15 30 -15 35 0 0.00 M M 7.1 14 190 M M 0 22 180
20 64 30 47 2 18 0 0.00 M M 10.8 23 200 M M 0 36 200
21 48 43 46 1 19 0 0.04 M M 8.7 15 150 M M 0 24 160
22 56 43 50 4 15 0 0.09 M M 5.0 12 30 M M 0 17 40
23 50 36 43 -3 22 0 0.01 M M 7.7 16 10 M M 0 29 20
24 53 33 43 -3 22 0 1.20 M M 7.2 17 40 M M 0 25 30
25 60 38 49 2 16 0 0.15 M M 3.0 10 240 M M 0 16 190
26 50 39 45 -2 20 0 0.01 M M 6.9 15 300 M M 0 25 310
27 54 30 42 -6 23 0 0.00 M M 3.1 10 280 M M 0 15 290
28 53 34 44 -4 21 0 0.09 M M 4.7 13 310 M M 0 19 310
29 56 33 45 -3 20 0 0.00 M M 5.5 12 120 M M 0 21 70
30 69 38 54 5 11 0 0.00 M M 10.1 25 190 M M 0 40 200
31 78 45 62 13 3 0 0.05 M M 14.7 26 200 M M 0 45 170
================================================================================
SM 1608 1011 696 0 3.15 M 231.7 M 0
================================================================================
AV 51.9 32.6 7.5 FASTST M M 0 MAX(MPH)
MISC ----> 26 200 45 170
================================================================================
NOTES:
# LAST OF SEVERAL OCCURRENCES
COLUMN 17 PEAK WIND IN M.P.H.
PRELIMINARY LOCAL CLIMATOLOGICAL DATA (WS FORM: F-6) , PAGE 2
STATION: CHILLICOTHE
MONTH: MARCH
YEAR: 2023
LATITUDE: 39 49 N
LONGITUDE: 93 35 W
[TEMPERATURE DATA] [PRECIPITATION DATA] SYMBOLS USED IN COLUMN 16
AVERAGE MONTHLY: 42.2 TOTAL FOR MONTH: 3.15 1 = FOG OR MIST
DPTR FM NORMAL: -1.2 DPTR FM NORMAL: 0.35 2 = FOG REDUCING VISIBILITY
HIGHEST: 78 ON 31 GRTST 24HR 1.35 ON 24-25 TO 1/4 MILE OR LESS
LOWEST: 14 ON 18 3 = THUNDER
SNOW, ICE PELLETS, HAIL 4 = ICE PELLETS
TOTAL MONTH: M 5 = HAIL
GRTST 24HR M ON M 6 = FREEZING RAIN OR DRIZZLE
GRTST DEPTH: M ON M 7 = DUSTSTORM OR SANDSTORM:
VSBY 1/2 MILE OR LESS
8 = SMOKE OR HAZE
[NO. OF DAYS WITH] [WEATHER - DAYS WITH] 9 = BLOWING SNOW
X = TORNADO
MAX 32 OR BELOW: 1 0.01 INCH OR MORE: 15
MAX 90 OR ABOVE: 0 0.10 INCH OR MORE: 6
MIN 32 OR BELOW: 14 0.50 INCH OR MORE: 2
MIN 0 OR BELOW: 0 1.00 INCH OR MORE: 1
[HDD (BASE 65) ]
TOTAL THIS MO. 696 CLEAR (SCALE 0-3) 31
DPTR FM NORMAL 22 PTCLDY (SCALE 4-7) 0
TOTAL FM JUL 1 4330 CLOUDY (SCALE 8-10) 0
DPTR FM NORMAL -503
[CDD (BASE 65) ]
TOTAL THIS MO. 0
DPTR FM NORMAL -2 [PRESSURE DATA]
TOTAL FM JAN 1 0 HIGHEST SLP M ON M
DPTR FM NORMAL -2 LOWEST SLP 29.24 ON 31
[REMARKS]
#FINAL-03-23#