000
CXUS53 KEAX 250736
CF6CDJ
PRELIMINARY LOCAL CLIMATOLOGICAL DATA (WS FORM: F-6)
STATION: CHILLICOTHE
MONTH: APRIL
YEAR: 2024
LATITUDE: 39 49 N
LONGITUDE: 93 35 W
TEMPERATURE IN F: :PCPN: SNOW: WIND :SUNSHINE: SKY :PK WND
================================================================================
1 2 3 4 5 6A 6B 7 8 9 10 11 12 13 14 15 16 17 18
12Z AVG MX 2MIN
DY MAX MIN AVG DEP HDD CDD WTR SNW DPTH SPD SPD DIR MIN PSBL S-S WX SPD DR
================================================================================
1 73 52 63 13 2 0 0.21 M M 7.5 17 200 M M 0 3 26 200
2 52 40 46 -4 19 0 0.41 M M 9.4 21 310 M M 0 36 300
3 56 39 48 -2 17 0 0.08 M M M 26 310 M M M 47 300
4 59 36 48 -2 17 0 0.00 M M 6.6 21 300 M M 0 35 300
5 58 32 45 -6 20 0 0.00 M M 3.9 13 110 M M 0 20 100
6 63 43 53 2 12 0 0.02 M M 13.3 22 110 M M 0 38 110
7 71 51 61 9 4 0 0.00 M M 12.9 24 200 M M 0 39 210
8 71 42 57 5 8 0 0.00 M M 3.2 14 200 M M 0 20 190
9 68 41 55 3 10 0 0.00 M M 4.1 13 300 M M 0 20 320
10 70 41 56 4 9 0 0.00 M M 2.7 13 40 M M 0 18 30
11 65 49 57 4 8 0 0.00 M M 10.9 24 300 M M 0 43 300
12 69 43 56 3 9 0 0.00 M M 6.8 18 300 M M 0 28 310
13 85 41 63 9 2 0 0.00 M M 8.1 20 190 M M 0 29 200
14 86 57 72 18 0 7 0.00 M M 4.2 12 240 M M 0 17 230
15 84 52 68 14 0 3 0.00 M M 6.9 15 130 M M 0 24 110
16 80 62 71 17 0 6 0.85 M M 12.7 29 200 M M 0 48 190
17 74 55 65 10 0 0 0.00 M M 7.1 17 300 M M 0 31 290
18 61 45 53 -2 12 0 1.83 M M 7.8 18 20 M M 0 31 80
19 60 38 49 -6 16 0 0.00 M M 3.3 12 310 M M 0 19 320
20 54 40 47 -9 18 0 0.00 M M 5.2 15 300 M M 0 24 300
21 61 36 49 -7 16 0 0.00 M M 3.3 14 320 M M 0 23 300
22 69 35 52 -4 13 0 0.00 M M 10.7 25 190 M M 0 36 190
23 74 47 61 4 4 0 0.29 M M 5.8 17 300 M M 0 27 310
24 71 40 56 -1 9 0 0.00 M M 3.0 9 180 M M 0 13 120
================================================================================
SM 1634 1057 225 16 3.69 M 159.4 M 0
================================================================================
AV 68.1 44.0 6.9 FASTST M M 0 MAX(MPH)
MISC ----> 29 200 48 190
================================================================================
NOTES:
# LAST OF SEVERAL OCCURRENCES
COLUMN 17 PEAK WIND IN M.P.H.
PRELIMINARY LOCAL CLIMATOLOGICAL DATA (WS FORM: F-6) , PAGE 2
STATION: CHILLICOTHE
MONTH: APRIL
YEAR: 2024
LATITUDE: 39 49 N
LONGITUDE: 93 35 W
[TEMPERATURE DATA] [PRECIPITATION DATA] SYMBOLS USED IN COLUMN 16
AVERAGE MONTHLY: 56.1 TOTAL FOR MONTH: 3.69 1 = FOG OR MIST
DPTR FM NORMAL: 2.8 DPTR FM NORMAL: 0.78 2 = FOG REDUCING VISIBILITY
HIGHEST: 86 ON 14 GRTST 24HR 1.83 ON 18-18 TO 1/4 MILE OR LESS
LOWEST: 32 ON 5 3 = THUNDER
SNOW, ICE PELLETS, HAIL 4 = ICE PELLETS
TOTAL MONTH: M 5 = HAIL
GRTST 24HR M ON M 6 = FREEZING RAIN OR DRIZZLE
GRTST DEPTH: M ON M 7 = DUSTSTORM OR SANDSTORM:
VSBY 1/2 MILE OR LESS
8 = SMOKE OR HAZE
[NO. OF DAYS WITH] [WEATHER - DAYS WITH] 9 = BLOWING SNOW
X = TORNADO
MAX 32 OR BELOW: 0 0.01 INCH OR MORE: 7
MAX 90 OR ABOVE: 0 0.10 INCH OR MORE: 5
MIN 32 OR BELOW: 1 0.50 INCH OR MORE: 2
MIN 0 OR BELOW: 0 1.00 INCH OR MORE: 1
[HDD (BASE 65) ]
TOTAL THIS MO. 225 CLEAR (SCALE 0-3) 23
DPTR FM NORMAL -67 PTCLDY (SCALE 4-7) 0
TOTAL FM JUL 1 4287 CLOUDY (SCALE 8-10) 1
DPTR FM NORMAL -839
[CDD (BASE 65) ]
TOTAL THIS MO. 16
DPTR FM NORMAL 12 [PRESSURE DATA]
TOTAL FM JAN 1 16 HIGHEST SLP M ON M
DPTR FM NORMAL 10 LOWEST SLP 29.39 ON 16
[REMARKS]