000
CXUS54 KLUB 010730
CF6CDS
PRELIMINARY LOCAL CLIMATOLOGICAL DATA (WS FORM: F-6)
STATION: CHILDRESS
MONTH: MARCH
YEAR: 2023
LATITUDE: 34 25 N
LONGITUDE: 100 17 W
TEMPERATURE IN F: :PCPN: SNOW: WIND :SUNSHINE: SKY :PK WND
================================================================================
1 2 3 4 5 6A 6B 7 8 9 10 11 12 13 14 15 16 17 18
12Z AVG MX 2MIN
DY MAX MIN AVG DEP HDD CDD WTR SNW DPTH SPD SPD DIR MIN PSBL S-S WX SPD DR
================================================================================
1 61 41 51 2 14 0 0.00 0.0 0 9.3 21 310 M M 0 27 320
2 67 33 50 1 15 0 0.00 0.0 0 9.1 24 10 M M 0 30 20
3 66 34 50 0 15 0 0.00 0.0 0 10.8 17 140 M M 0 23 150
4 65 34 50 0 15 0 0.00 0.0 0 10.6 26 340 M M 0 33 340
5 86 35 61 11 4 0 0.00 0.0 0 10.8 30 220 M M 0 38 220
6 77 45 61 10 4 0 0.00 0.0 0 10.2 16 330 M M 0 22 100
7 54 41 48 -3 17 0 0.00 0.0 0 9.6 18 360 M M 2 23 10
8 54 36 45 -6 20 0 0.00 0.0 0 9.2 20 10 M M 8 24 360
9 61 42 52 0 13 0 0.01 0.0 0 5.8 15 40 M M 6 1 22 40
10 60 32 46 -6 19 0 0.00 0.0 0 9.8 21 180 M M 0 1 26 190
11 87 47 67 15 0 2 0.00 0.0 0 15.5 38 300 M M 0 49 300
12 60 38 49 -4 16 0 0.00 0.0 0 9.2 18 50 M M 3 25 50
13 48 32 40 -13 25 0 T T 0 8.1 16 80 M M 4 24 70
14 56 29 43 -10 22 0 0.19 0.0 0 8.5 23 140 M M 6 1 29 150
15 79 37 58 4 7 0 0.00 0.0 0 16.9 31 190 M M 2 8 42 200
16 64 37 51 -3 14 0 0.03 0.0 0 21.6 38 360 M M 5 13 50 360
17 53 28 41 -13 24 0 0.00 0.0 0 7.7 18 10 M M 2 24 10
18 52 30 41 -14 24 0 0.00 0.0 0 7.8 18 50 M M 2 27 50
19 58 22 40 -15 25 0 0.00 0.0 0 9.4 18 160 M M 0 26 180
20 62 38 50 -5 15 0 0.00 0.0 0 18.5 32 190 M M 1 43 190
21 79 47 63 7 2 0 0.00 0.0 0 14.1 25 240 M M 2 34 240
22 88 55 72 16 0 7 0.00 0.0 0 12.7 26 210 M M 0 34 230
23 74 50 62 6 3 0 0.00 0.0 0 10.2 18 60 M M 1 27 50
24 72 41 57 0 8 0 0.00 0.0 0 11.2 29 270 M M 1 8 38 270
25 70 38 54 -3 11 0 0.00 0.0 0 10.4 25 300 M M 0 35 310
26 64 33 49 -8 16 0 0.00 0.0 0 9.9 17 40 M M 0 25 60
27 60 36 48 -10 17 0 0.00 0.0 0 7.7 29 10 M M 0 39 20
28 58 30 44 -14 21 0 0.00 0.0 0 11.7 23 350 M M 0 31 350
29 73 38 56 -2 9 0 0.00 0.0 0 13.1 22 220 M M 3 32 170
30 76 48 62 4 3 0 0.00 0.0 0 16.0 30 180 M M 4 8 42 180
31 74 44 59 0 6 0 0.00 0.0 0 19.3 43 270 M M 2 8 56 280
================================================================================
SM 2058 1171 404 9 0.23 T 354.7 M 54
================================================================================
AV 66.4 37.8 11.4 FASTST M M 2 MAX(MPH)
MISC ----> 43 270 56 280
================================================================================
NOTES:
# LAST OF SEVERAL OCCURRENCES
COLUMN 17 PEAK WIND IN M.P.H.
PRELIMINARY LOCAL CLIMATOLOGICAL DATA (WS FORM: F-6) , PAGE 2
STATION: CHILDRESS
MONTH: MARCH
YEAR: 2023
LATITUDE: 34 25 N
LONGITUDE: 100 17 W
[TEMPERATURE DATA] [PRECIPITATION DATA] SYMBOLS USED IN COLUMN 16
AVERAGE MONTHLY: 52.1 TOTAL FOR MONTH: 0.23 1 = FOG OR MIST
DPTR FM NORMAL: -1.9 DPTR FM NORMAL: -1.13 2 = FOG REDUCING VISIBILITY
HIGHEST: 88 ON 22 GRTST 24HR 0.19 ON 13-14 TO 1/4 MILE OR LESS
LOWEST: 22 ON 19 3 = THUNDER
SNOW, ICE PELLETS, HAIL 4 = ICE PELLETS
TOTAL MONTH: T 5 = HAIL
GRTST 24HR T ON 13-13 6 = FREEZING RAIN OR DRIZZLE
GRTST DEPTH: 0 7 = DUSTSTORM OR SANDSTORM:
VSBY 1/2 MILE OR LESS
8 = SMOKE OR HAZE
[NO. OF DAYS WITH] [WEATHER - DAYS WITH] 9 = BLOWING SNOW
X = TORNADO
MAX 32 OR BELOW: 0 0.01 INCH OR MORE: 3
MAX 90 OR ABOVE: 0 0.10 INCH OR MORE: 1
MIN 32 OR BELOW: 7 0.50 INCH OR MORE: 0
MIN 0 OR BELOW: 0 1.00 INCH OR MORE: 0
[HDD (BASE 65) ]
TOTAL THIS MO. 404 CLEAR (SCALE 0-3) 24
DPTR FM NORMAL 42 PTCLDY (SCALE 4-7) 7
TOTAL FM JUL 1 2759 CLOUDY (SCALE 8-10) 0
DPTR FM NORMAL -127
[CDD (BASE 65) ]
TOTAL THIS MO. 9
DPTR FM NORMAL -10 [PRESSURE DATA]
TOTAL FM JAN 1 9 HIGHEST SLP M ON M
DPTR FM NORMAL -12 LOWEST SLP 29.45 ON 2
[REMARKS]
#FINAL-03-23#