000
CXUS54 KLUB 041509 CCA
CLMCDS
CLIMATE REPORT ...CORRECTED
NATIONAL WEATHER SERVICE LUBBOCK TX
1009 AM CDT FRI AUG 4 2023
...................................
...THE CHILDRESS CLIMATE SUMMARY FOR THE MONTH OF JULY 2023...
CLIMATE NORMAL PERIOD 1991 TO 2020
CLIMATE RECORD PERIOD 1893 TO 2023
WEATHER OBSERVED NORMAL DEPART LAST YEAR`S
VALUE DATE(S) VALUE FROM VALUE DATE(S)
NORMAL
................................................................
TEMPERATURE (F)
RECORD
HIGH 114 07/19/1936
LOW 53 07/10/1905
HIGHEST 108 07/12 113 07/19
LOWEST 66 07/01 70 07/11
07/09
07/22
07/30
AVG. MAXIMUM 98.0 95.9 2.1 102.5
AVG. MINIMUM 71.5 71.5 -0.0 74.7
MEAN 84.7 83.7 1.0 88.6
DAYS MAX >= 90 29 27.0 2.0 31
DAYS MAX <= 32 0 0.0 0.0 0
DAYS MIN <= 32 0 0.0 0.0 0
DAYS MIN <= 0 0 0.0 0.0 0
PRECIPITATION (INCHES)
RECORD
MAXIMUM 6.80 1962
MINIMUM 0.00 1980
TOTALS 2.39 1.96 0.43 0.90
DAILY AVG. 0.08 0.06 0.02 0.03
DAYS >= .01 7 5.8 1.2 6
DAYS >= .10 4 3.8 0.2 3
DAYS >= .50 1 1.3 -0.3 1
DAYS >= 1.00 1 0.6 0.4 0
GREATEST
24 HR. TOTAL 1.63 07/13 TO 07/14
SNOWFALL (INCHES)
RECORDS
TOTAL T 1950
TOTALS 0.0 0.0 0.0 0.0
SINCE 7/1 0.0 0.0 0.0 MM
SNOWDEPTH AVG. 0 0
DAYS >= TRACE 0 0.0 0.0 0
DAYS >= 1.0 0 0.0 0.0 0
GREATEST
SNOW DEPTH 0 0 MM
24 HR TOTAL 0.0 MM
DEGREE DAYS
HEATING TOTAL 0 0 0 0
SINCE 7/1 0 0 0 MM
COOLING TOTAL 620 580 40 739
SINCE 1/1 1311 1349 -38 MM
................................................................
WIND (MPH)
AVERAGE WIND SPEED 9.2
HIGHEST WIND SPEED/DIRECTION 48/330 DATE 07/13
HIGHEST GUST SPEED/DIRECTION 66/330 DATE 07/13
SKY COVER
POSSIBLE SUNSHINE (PERCENT) MM
AVERAGE SKY COVER 0.07
NUMBER OF DAYS FAIR 30
NUMBER OF DAYS PC 1
NUMBER OF DAYS CLOUDY 0
AVERAGE RH (PERCENT) 50
WEATHER CONDITIONS. NUMBER OF DAYS WITH
THUNDERSTORM 10 MIXED PRECIP 0
HEAVY RAIN 4 RAIN 2
LIGHT RAIN 10 FREEZING RAIN 0
LT FREEZING RAIN 0 HAIL 0
HEAVY SNOW 0 SNOW 0
LIGHT SNOW 0 SLEET 0
FOG 4 FOG W/VIS <= 1/4 MILE 0
HAZE 2
- INDICATES NEGATIVE NUMBERS.
R INDICATES RECORD WAS SET OR TIED.
MM INDICATES DATA IS MISSING.
T INDICATES TRACE AMOUNT.
$$