660
CXUS55 KGJT 011000
CF6CEZ
PRELIMINARY LOCAL CLIMATOLOGICAL DATA (WS FORM: F-6)
STATION: CORTEZ CO
MONTH: OCTOBER
YEAR: 2020
LATITUDE: 37 17 N
LONGITUDE: 108 38 W
TEMPERATURE IN F: :PCPN: SNOW: WIND :SUNSHINE: SKY :PK WND
================================================================================
1 2 3 4 5 6A 6B 7 8 9 10 11 12 13 14 15 16 17 18
12Z AVG MX 2MIN
DY MAX MIN AVG DEP HDD CDD WTR SNW DPTH SPD SPD DIR MIN PSBL S-S WX SPD DR
================================================================================
1 82 31 57 3 8 0 0.00 M M 6.6 18 200 M M 0 8 26 210
2 77 30 54 0 11 0 0.00 M M 5.9 17 290 M M 0 8 25 290
3 80 32 56 2 9 0 0.00 M M 7.7 20 200 M M 0 26 280
4 80 32 56 3 9 0 0.00 M M 6.0 16 210 M M 0 21 280
5 82 33 58 5 7 0 0.00 M M 6.9 18 270 M M 0 25 280
6 80 31 56 4 9 0 0.00 M M 6.7 17 210 M M 0 21 220
7 82 30 56 4 9 0 0.00 M M 5.8 14 290 M M 0 8 18 240
8 81 31 56 4 9 0 0.00 M M 6.2 20 200 M M 0 24 220
9 79 32 56 5 9 0 0.00 M M 5.3 16 200 M M 0 20 210
10 77 34 56 5 9 0 0.00 M M 7.0 20 200 M M 0 25 220
11 75 35 55 5 10 0 0.00 M M 12.0 30 320 M M 0 8 43 330
12 71 28 50 0 15 0 0.00 M M 7.1 16 300 M M 0 23 270
13 77 29 53 3 12 0 0.00 M M 5.8 15 220 M M 0 19 230
14 77 28 53 4 12 0 0.00 M M 6.6 20 290 M M 0 27 290
15 73 35 54 5 11 0 0.00 M M 10.1 22 300 M M 0 37 310
16 71 29 50 2 15 0 0.00 M M 8.5 17 60 M M 0 22 60
17 73 30 52 4 13 0 0.00 M M 7.1 18 310 M M 0 25 260
18 76 33 55 7 10 0 0.00 M M 6.6 17 290 M M 0 25 300
19 76 31 54 7 11 0 0.00 M M 7.5 17 300 M M 0 23 290
20 77 29 53 6 12 0 0.00 M M 6.4 15 220 M M 0 21 270
21 76 28 52 5 13 0 0.00 M M 5.6 18 210 M M 0 24 250
22 73 26 50 4 15 0 0.00 M M 6.6 23 280 M M 0 30 270
23 70 30 50 4 15 0 0.00 M M 6.2 18 300 M M 0 26 290
24 70 30 50 4 15 0 0.00 M M 7.6 21 210 M M 0 27 210
25 70 33 52 7 13 0 0.01 M M 11.9 37 230 M M 6 18 52 220
26 34 15 25 -20 40 0 0.03 M M 6.9 16 300 M M 6 1 25 280
27 46 11 29 -15 36 0 0.00 M M 6.6 20 200 M M 0 24 210
28 59 11 35 -9 30 0 0.00 M M 7.4 23 280 M M 0 31 290
29 60 19 40 -4 25 0 0.00 M M 5.2 15 210 M M 0 22 210
30 64 21 43 0 22 0 0.00 M M 5.8 16 210 M M 0 22 210
31 68 22 45 2 20 0 0.00 M M 7.1 17 270 M M 0 23 280
================================================================================
SM 2236 869 454 0 0.04 M 218.7 M 12
================================================================================
AV 72.1 28.0 7.1 FASTST M M 0 MAX(MPH)
MISC ----> # 37 230 # 52 220
================================================================================
NOTES:
# LAST OF SEVERAL OCCURRENCES
COLUMN 17 PEAK WIND IN M.P.H.
PRELIMINARY LOCAL CLIMATOLOGICAL DATA (WS FORM: F-6) , PAGE 2
STATION: CORTEZ CO
MONTH: OCTOBER
YEAR: 2020
LATITUDE: 37 17 N
LONGITUDE: 108 38 W
[TEMPERATURE DATA] [PRECIPITATION DATA] SYMBOLS USED IN COLUMN 16
AVERAGE MONTHLY: 50.1 TOTAL FOR MONTH: 0.04 1 = FOG OR MIST
DPTR FM NORMAL: 1.5 DPTR FM NORMAL: -1.16 2 = FOG REDUCING VISIBILITY
HIGHEST: 82 ON 7, 5 GRTST 24HR 0.03 ON 26-26 TO 1/4 MILE OR LESS
LOWEST: 11 ON 28,27 3 = THUNDER
SNOW, ICE PELLETS, HAIL 4 = ICE PELLETS
TOTAL MONTH: M 5 = HAIL
GRTST 24HR M ON M 6 = FREEZING RAIN OR DRIZZLE
GRTST DEPTH: M ON M 7 = DUSTSTORM OR SANDSTORM:
VSBY 1/2 MILE OR LESS
8 = SMOKE OR HAZE
[NO. OF DAYS WITH] [WEATHER - DAYS WITH] 9 = BLOWING SNOW
X = TORNADO
MAX 32 OR BELOW: 0 0.01 INCH OR MORE: 2
MAX 90 OR ABOVE: 0 0.10 INCH OR MORE: 0
MIN 32 OR BELOW: 25 0.50 INCH OR MORE: 0
MIN 0 OR BELOW: 0 1.00 INCH OR MORE: 0
[HDD (BASE 65) ]
TOTAL THIS MO. 454 CLEAR (SCALE 0-3) 29
DPTR FM NORMAL -56 PTCLDY (SCALE 4-7) 2
TOTAL FM JUL 1 586 CLOUDY (SCALE 8-10) 0
DPTR FM NORMAL -96
[CDD (BASE 65) ]
TOTAL THIS MO. 0
DPTR FM NORMAL 0 [PRESSURE DATA]
TOTAL FM JAN 1 689 HIGHEST SLP 30.39 ON 31
DPTR FM NORMAL 263 LOWEST SLP 29.42 ON 25
[REMARKS]
#FINAL-10-20#