000
CXUS53 KPAH 011949
CF6CGI
PRELIMINARY LOCAL CLIMATOLOGICAL DATA (WS FORM: F-6)
STATION: CAPE GIRARDEAU MO
MONTH: JANUARY
YEAR: 2024
LATITUDE: 37 13 N
LONGITUDE: 89 35 W
TEMPERATURE IN F: :PCPN: SNOW: WIND :SUNSHINE: SKY :PK WND
================================================================================
1 2 3 4 5 6A 6B 7 8 9 10 11 12 13 14 15 16 17 18
12Z AVG MX 2MIN
DY MAX MIN AVG DEP HDD CDD WTR SNW DPTH SPD SPD DIR MIN PSBL S-S WX SPD DR
================================================================================
1 38 34 36 1 29 0 0.00 M M 8.0 17 350 M M 10 24 340
2 40 26 33 -2 32 0 0.00 M M 4.1 12 260 M M 6 17 240
3 49 23 36 1 29 0 0.00 M M 4.7 18 30 M M 1 1 25 20
4 44 25 35 0 30 0 0.00 M M 6.7 20 20 M M 5 24 10
5 39 22 31 -4 34 0 0.04 M M 5.7 15 130 M M 4 1 20 120
6 42 37 40 5 25 0 0.03 M M 6.5 14 270 M M 10 1 19 280
7 47 29 38 3 27 0 0.00 M M 7.1 15 250 M M 5 20 240
8 44 27 36 2 29 0 0.89 M M 11.3 24 100 M M 4 1 35 80
9 46 35 41 7 24 0 0.34 M M 16.7 36 260 M M 10 1 45 260
10 42 33 38 4 27 0 T M M 10.6 24 280 M M 5 30 280
11 53 31 42 8 23 0 0.29 M M 7.2 18 120 M M 2 13 24 120
12 54 24 39 5 26 0 2.23 M M 17.1 35 260 M M 9 13 44 270
13 33 17 25 -9 40 0 0.00 M M 12.0 26 270 M M 4 32 270
14 17 4 11 -23 54 0 0.06 M M 10.3 18 320 M M 5 18 25 330
15 12 3 8 -26 57 0 0.00 M M 10.4 18 330 M M 8 26 340
16 18 1 10 -24 55 0 0.00 M M 6.2 15 330 M M 1 23 330
17 26 -1 13 -21 52 0 0.00 M M 9.1 20 190 M M 0 26 190
18 35 17 26 -8 39 0 0.00 M M 3.6 12 210 M M 1 1 16 190
19 31 12 22 -12 43 0 T M M 12.7 29 340 M M 4 1 39 340
20 22 5 14 -20 51 0 0.00 M M 6.3 18 340 M M 1 25 360
21 30 5 18 -16 47 0 0.00 M M 5.8 14 150 M M 1 20 140
22 43 29 36 2 29 0 0.09 M M 9.5 18 190 M M 10 27 200
23 48 38 43 9 22 0 1.08 M M 5.2 16 140 M M 10 12 23 150
24 56 46 51 16 14 0 0.17 M M 4.3 16 150 M M 10 12 23 140
25 50 45 48 13 17 0 0.18 M M 4.2 18 270 M M 10 12 26 270
26 50 43 47 12 18 0 0.00 M M 5.4 13 30 M M 10 1 16 250
27 43 40 42 7 23 0 0.92 M M 14.6 29 350 M M 10 1 37 330
28 44 37 41 6 24 0 0.00 M M 11.9 18 310 M M 10 26 350
29 M M M M M M 0.00 M M 5.1 13 350 M M 5 16 350
30 M M M M M M T M M 9.0 21 360 M M 4 8 25 350
31 50 30 40 4 25 0 0.00 M M 4.6 13 20 M M 5 15 30
================================================================================
SM 1146 717 945 0 6.32 M 255.9 M 180
================================================================================
AV 39.5 24.7 8.3 FASTST M M 6 MAX(MPH)
MISC ----> 36 260 45 260
================================================================================
NOTES:
# LAST OF SEVERAL OCCURRENCES
COLUMN 17 PEAK WIND IN M.P.H.
PRELIMINARY LOCAL CLIMATOLOGICAL DATA (WS FORM: F-6) , PAGE 2
STATION: CAPE GIRARDEAU MO
MONTH: JANUARY
YEAR: 2024
LATITUDE: 37 13 N
LONGITUDE: 89 35 W
[TEMPERATURE DATA] [PRECIPITATION DATA] SYMBOLS USED IN COLUMN 16
AVERAGE MONTHLY: 32.1 TOTAL FOR MONTH: 6.32 1 = FOG OR MIST
DPTR FM NORMAL: -2.5 DPTR FM NORMAL: 2.81 2 = FOG REDUCING VISIBILITY
HIGHEST: 56 ON 24 GRTST 24HR 2.52 ON 11-12 TO 1/4 MILE OR LESS
LOWEST: -1 ON 17 3 = THUNDER
SNOW, ICE PELLETS, HAIL 4 = ICE PELLETS
TOTAL MONTH: M 5 = HAIL
GRTST 24HR M ON M 6 = FREEZING RAIN OR DRIZZLE
GRTST DEPTH: M ON M 7 = DUSTSTORM OR SANDSTORM:
VSBY 1/2 MILE OR LESS
8 = SMOKE OR HAZE
[NO. OF DAYS WITH] [WEATHER - DAYS WITH] 9 = BLOWING SNOW
X = TORNADO
MAX 32 OR BELOW: 7 0.01 INCH OR MORE: 12
MAX 90 OR ABOVE: 0 0.10 INCH OR MORE: 8
MIN 32 OR BELOW: 19 0.50 INCH OR MORE: 4
MIN 0 OR BELOW: 1 1.00 INCH OR MORE: 2
[HDD (BASE 65) ]
TOTAL THIS MO. 945 CLEAR (SCALE 0-3) 7
DPTR FM NORMAL 3 PTCLDY (SCALE 4-7) 12
TOTAL FM JUL 1 2318 CLOUDY (SCALE 8-10) 12
DPTR FM NORMAL -287
[CDD (BASE 65) ]
TOTAL THIS MO. 0
DPTR FM NORMAL 0 [PRESSURE DATA]
TOTAL FM JAN 1 0 HIGHEST SLP 30.72 ON 21
DPTR FM NORMAL 0 LOWEST SLP 29.16 ON 9
[REMARKS]
#FINAL-01-24#