000
CXUS53 KPAH 030301
CLSCGI
CLIMATE REPORT
NATIONAL WEATHER SERVICE PADUCAH
1001 PM CDT WED JUN 02 2021
...................................
...THE CAPE GIRARDEAU MO CLIMATE SUMMARY FOR THE SPRING SEASON, FROM
3/1/2021 TO 5/31/2021...
CLIMATE NORMAL PERIOD 1991 TO 2020
CLIMATE RECORD PERIOD 1960 TO 2021
WEATHER OBSERVED NORMAL DEPART LAST YEAR`S
VALUE DATE(S) VALUE FROM VALUE
NORMAL
..............................................................
TEMPERATURE (F)
RECORD
HIGH 97 05/24/1996
LOW -8 03/06/2015
HIGHEST 91 05/25 MM MM
LOWEST 25 04/02 MM MM
AVG. MAXIMUM 69.3 68.4 0.9
AVG. MINIMUM 46.6 47.2 -0.6
MEAN 58.0 57.8 0.2
DAYS MAX >= 90 1 1.5 -0.5
DAYS MAX <= 32 0 0.4 -0.4
DAYS MIN <= 32 11 13.3 -2.3
DAYS MIN <= 0 0 0.0 0.0
PRECIPITATION (INCHES)
RECORD
MAXIMUM 34.79 1973
MINIMUM 5.24 2012
TOTALS 14.37 15.14 -0.77
DAILY AVG. 0.16 0.16 -0.00
DAYS >= .01 33 35.0 -2.0
DAYS >= .10 24 22.8 1.2
DAYS >= .50 11 9.8 1.2
DAYS >= 1.00 5 4.4 0.6
GREATEST
24 HR. TOTAL 2.40
STORM TOTAL MM
(MM/DD(HH))
DEGREE DAYS
HEATING TOTAL 746 842 -96
SINCE 7/1 4211 4177 34
COOLING TOTAL 134 180 -46
SINCE 1/1 134 180 -46
FREEZE DATES
RECORD
EARLIEST MM
LATEST MM
EARLIEST 10/05
LATEST 04/18
..............................................................
WIND (MPH)
AVERAGE WIND SPEED 8.4
HIGHEST WIND SPEED/DIRECTION 39/240 DATE 04/09
HIGHEST GUST SPEED/DIRECTION 53/230 DATE 04/09
SKY COVER
POSSIBLE SUNSHINE (PERCENT) MM
AVERAGE SKY COVER 0.37
NUMBER OF DAYS FAIR 51
NUMBER OF DAYS PC 25
NUMBER OF DAYS CLOUDY 16
AVERAGE RH (PERCENT) 67
WEATHER CONDITIONS. NUMBER OF DAYS WITH
THUNDERSTORM 12 MIXED PRECIP 0
HEAVY RAIN 10 RAIN 21
LIGHT RAIN 34 FREEZING RAIN 0
LT FREEZING RAIN 0 HAIL 0
HEAVY SNOW 0 SNOW 0
LIGHT SNOW 1 SLEET 0
FOG 39 FOG W/VIS <= 1/4 MILE 5
HAZE 5
- INDICATES NEGATIVE NUMBERS.
R INDICATES RECORD WAS SET OR TIED.
MM INDICATES DATA IS MISSING.
T INDICATES TRACE AMOUNT.
$$