000
CXUS52 KCHS 010942
CLMCHS
CLIMATE REPORT
NATIONAL WEATHER SERVICE CHARLESTON SC
435 AM EST FRI DEC 01 2023
...................................
...THE NORTH CHARLESTON SC CLIMATE SUMMARY FOR THE MONTH OF NOVEMBER 2023...
CLIMATE NORMAL PERIOD 1991 TO 2020
CLIMATE RECORD PERIOD 1937 TO 2023
WEATHER OBSERVED NORMAL DEPART LAST YEAR`S
VALUE DATE(S) VALUE FROM VALUE DATE(S)
NORMAL
................................................................
TEMPERATURE (F)
RECORD
HIGH 88 11/01/1961
LOW 15 11/25/1950
HIGHEST 84 11/08 85 11/07
LOWEST 33 11/30 33 11/18
AVG. MAXIMUM 69.7 69.4 0.3 72.0
AVG. MINIMUM 47.9 47.1 0.8 52.8
MEAN 58.8 58.3 0.5 62.4
DAYS MAX >= 90 0 0.0 0.0 0
DAYS MAX <= 32 0 0.0 0.0 0
DAYS MIN <= 32 0 1.3 -1.3 0
DAYS MIN <= 0 0 0.0 0.0 0
PRECIPITATION (INCHES)
RECORD
MAXIMUM 8.30 2015
MINIMUM 0.03 2007
TOTALS 1.82 2.66 -0.84 3.14
DAYS >= .01 10 6.9 3.1 8
DAYS >= .10 4 4.0 0.0 5
DAYS >= .50 1 1.8 -0.8 2
DAYS >= 1.00 0 0.9 -0.9 2
GREATEST
24 HR. TOTAL 1.02 11/21 TO 11/22
SNOWFALL (INCHES)
TOTALS 0.0 0.0 0.0
SINCE 7/1 0.0 0.0 0.0
DEGREE DAYS
HEATING TOTAL 201 234 -33 143
SINCE 7/1 230 293 -63 MM
COOLING TOTAL 23 32 -9 73
SINCE 1/1 2637 2425 212 MM
................................................................
WIND (MPH)
AVERAGE WIND SPEED 7.2
HIGHEST WIND SPEED/DIRECTION 26/360
HIGHEST GUST SPEED/DIRECTION 35/010
WEATHER CONDITIONS. NUMBER OF DAYS WITH
THUNDERSTORM 1 MIXED PRECIP 0
HEAVY RAIN 3 RAIN 3
LIGHT RAIN 10 FREEZING RAIN 0
LT FREEZING RAIN 0 HAIL 0
HEAVY SNOW 0 SNOW 0
LIGHT SNOW 0 SLEET 0
FOG 16 FOG W/VIS <= 1/4 MILE 0
HAZE 5
- INDICATES NEGATIVE NUMBERS.
R INDICATES RECORD WAS SET OR TIED.
MM INDICATES DATA IS MISSING.
T INDICATES TRACE AMOUNT.
$$