000
CXUS55 KDVN 011100
CF6CID
PRELIMINARY LOCAL CLIMATOLOGICAL DATA (WS FORM: F-6)
STATION: CEDAR RAPIDS IA
MONTH: JANUARY
YEAR: 2021
LATITUDE: 41 52 N
LONGITUDE: 91 42 W
TEMPERATURE IN F: :PCPN: SNOW: WIND :SUNSHINE: SKY :PK WND
================================================================================
1 2 3 4 5 6A 6B 7 8 9 10 11 12 13 14 15 16 17 18
12Z AVG MX 2MIN
DY MAX MIN AVG DEP HDD CDD WTR SNW DPTH SPD SPD DIR MIN PSBL S-S WX SPD DR
================================================================================
1 26 13 20 0 45 0 0.04 M M 12.8 20 340 M M 8 18 23 340
2 21 6 14 -6 51 0 0.00 M M 4.8 15 350 M M 6 12 21 360
3 25 16 21 1 44 0 0.00 M M 6.2 15 170 M M 9 128 21 170
4 32 19 26 6 39 0 0.00 M M 9.4 14 180 M M 8 12 19 170
5 28 11 20 0 45 0 0.00 M M 4.6 13 290 M M 0 12 15 290
6 28 20 24 4 41 0 0.00 M M 12.2 17 90 M M 6 12 21 100
7 33 25 29 10 36 0 0.00 M M 8.7 15 30 M M 10 128 20 30
8 29 24 27 8 38 0 0.00 M M 7.6 12 360 M M 9 18 15 360
9 26 21 24 5 41 0 0.00 M M 5.6 10 360 M M 10 18 17 350
10 26 19 23 4 42 0 0.00 M M 9.0 15 330 M M 10 1 19 320
11 35 19 27 8 38 0 0.00 M M 11.9 20 210 M M 4 25 210
12 34 18 26 7 39 0 0.00 M M 6.6 13 210 M M 0 1 15 210
13 37 21 29 10 36 0 0.00 M M 6.2 13 180 M M 1 15 200
14 35 26 31 12 34 0 0.12 M M 11.8 23 270 M M 7 1 29 260
15 33 27 30 11 35 0 0.04 M M 9.7 16 40 M M 10 1 20 60
16 33 24 29 10 36 0 T M M 17.4 28 300 M M 10 16 35 300
17 26 20 23 4 42 0 T M M 11.5 17 300 M M 9 16 22 290
18 25 12 19 0 46 0 T M M 7.4 16 300 M M 4 1 20 300
19 33 6 20 1 45 0 T M M 14.0 39 300 M M 8 18 51 290
20 37 -2 18 -1 47 0 0.00 M M 13.4 28 190 M M 0 37 190
21 35 18 27 8 38 0 0.00 M M 17.6 30 320 M M 0 36 320
22 18 1 10 -10 55 0 0.00 M M 9.4 24 330 M M 0 30 330
23 24 -3 11 -9 54 0 0.03 M M 8.0 17 110 M M 6 1 22 110
24 30 17 24 4 41 0 0.08 M M 6.5 13 340 M M 7 128 15 330
25 25 12 19 -1 46 0 0.44 M M 17.5 28 60 M M 9 128 37 50
26 23 5 14 -6 51 0 0.19 M M 15.2 24 20 M M 6 18 33 30
27 22 3 13 -7 52 0 0.00 M M 8.7 16 30 M M 1 20 30
28 20 -4 8 -12 57 0 0.00 M M 6.6 14 120 M M 0 1 16 110
29 27 14 21 1 44 0 0.00 M M 13.5 21 120 M M 4 28 140
30 31 24 28 8 37 0 0.50 M M 17.7 25 100 M M 7 168 32 100
31 30 28 29 9 36 0 0.21 M M 14.5 20 350 M M 10 18 27 360
================================================================================
SM 887 460 1331 0 1.65 M 326.0 M 179
================================================================================
AV 28.6 14.8 10.5 FASTST M M 6 MAX(MPH)
MISC ----> 39 300 51 290
================================================================================
NOTES:
# LAST OF SEVERAL OCCURRENCES
COLUMN 17 PEAK WIND IN M.P.H.
PRELIMINARY LOCAL CLIMATOLOGICAL DATA (WS FORM: F-6) , PAGE 2
STATION: CEDAR RAPIDS IA
MONTH: JANUARY
YEAR: 2021
LATITUDE: 41 52 N
LONGITUDE: 91 42 W
[TEMPERATURE DATA] [PRECIPITATION DATA] SYMBOLS USED IN COLUMN 16
AVERAGE MONTHLY: 21.7 TOTAL FOR MONTH: 1.65 1 = FOG OR MIST
DPTR FM NORMAL: 2.2 DPTR FM NORMAL: 0.73 2 = FOG REDUCING VISIBILITY
HIGHEST: 37 ON 20,13 GRTST 24HR 0.57 ON 30-31 TO 1/4 MILE OR LESS
LOWEST: -4 ON 28 3 = THUNDER
SNOW, ICE PELLETS, HAIL 4 = ICE PELLETS
TOTAL MONTH: M 5 = HAIL
GRTST 24HR M ON M 6 = FREEZING RAIN OR DRIZZLE
GRTST DEPTH: M ON M 7 = DUSTSTORM OR SANDSTORM:
VSBY 1/2 MILE OR LESS
8 = SMOKE OR HAZE
[NO. OF DAYS WITH] [WEATHER - DAYS WITH] 9 = BLOWING SNOW
X = TORNADO
MAX 32 OR BELOW: 21 0.01 INCH OR MORE: 9
MAX 90 OR ABOVE: 0 0.10 INCH OR MORE: 5
MIN 32 OR BELOW: 31 0.50 INCH OR MORE: 1
MIN 0 OR BELOW: 3 1.00 INCH OR MORE: 0
[HDD (BASE 65) ]
TOTAL THIS MO. 1331 CLEAR (SCALE 0-3) 8
DPTR FM NORMAL -78 PTCLDY (SCALE 4-7) 12
TOTAL FM JUL 1 3963 CLOUDY (SCALE 8-10) 11
DPTR FM NORMAL -188
[CDD (BASE 65) ]
TOTAL THIS MO. 0
DPTR FM NORMAL 0 [PRESSURE DATA]
TOTAL FM JAN 1 0 HIGHEST SLP 30.74 ON 28
DPTR FM NORMAL 0 LOWEST SLP 29.26 ON 15
[REMARKS]
#FINAL-01-21#