000
CXUS51 KCLE 021655
CLMCLE
CLIMATE REPORT
NATIONAL WEATHER SERVICE CLEVELAND, OH
1155 AM EST FRI FEB 02 2024
...................................
...THE CLEVELAND OH CLIMATE SUMMARY FOR THE MONTH OF JANUARY 2024...
CLIMATE NORMAL PERIOD 1991 TO 2020
CLIMATE RECORD PERIOD 1871 TO 2024
WEATHER OBSERVED NORMAL DEPART LAST YEAR`S
VALUE DATE(S) VALUE FROM VALUE
NORMAL
..............................................................
TEMPERATURE (F)
RECORD
HIGH 73 01/25/1950
LOW -20 01/19/1994
HIGHEST 53 01/24
LOWEST 3 01/15
AVG. MAXIMUM 35.8 35.8 0.0 41.7
AVG. MINIMUM 25.9 22.3 3.6 31.1
MEAN 30.8 29.1 1.7 36.4
DAYS MAX >= 90 0 0.0 0.0 0
DAYS MAX <= 32 8 13.6 -5.6 3
DAYS MIN <= 32 19 25.8 -6.8 19
DAYS MIN <= 0 0 1.5 -1.5 0
PRECIPITATION (INCHES)
RECORD
MAXIMUM 7.01 1950
MINIMUM 0.31 1871
TOTALS 3.66 2.99 0.67 5.54
DAYS >= .01 20 17.7 2.3 20
DAYS >= .10 10 7.9 2.1 11
DAYS >= .50 2 1.5 0.5 4
DAYS >= 1.00 0 0.3 -0.3 2
GREATEST
24 HR. TOTAL 0.82 01/27 TO 01/28 1.19
SNOWFALL (INCHES)
RECORDS
TOTAL 42.8 1978
TOTALS 9.7 18.4 -8.7 11.0
SINCE 7/1 16.5 35.2 -18.7 17.5
DAYS >= 1.0 1 5.8 -4.8 3
GREATEST
24 HR TOTAL 6.9 01/19 TO 01/19
DEGREE DAYS
HEATING TOTAL 1050 1114 -64 881
SINCE 7/1 2712 3092 -380 2816
COOLING TOTAL 0 0 0 0
SINCE 1/1 0 0 0 0
..............................................................
WIND (MPH)
AVERAGE WIND SPEED 10.5
HIGHEST WIND SPEED/DIRECTION 40/150 DATE 01/12
HIGHEST GUST SPEED/DIRECTION 61/200 DATE 01/09
SKY COVER
AVERAGE SKY COVER 0.91
AVERAGE RH (PERCENT) 77
WEATHER CONDITIONS. NUMBER OF DAYS WITH
THUNDERSTORM 0 MIXED PRECIP 1
HEAVY RAIN 1 RAIN 2
LIGHT RAIN 17 FREEZING RAIN 0
LT FREEZING RAIN 0 HAIL 0
HEAVY SNOW 1 SNOW 1
LIGHT SNOW 20 SLEET 1
FOG 20 FOG W/VIS <= 1/4 MILE 4
HAZE 10
- INDICATES NEGATIVE NUMBERS.
R INDICATES RECORD WAS SET OR TIED.
MM INDICATES DATA IS MISSING.
T INDICATES TRACE AMOUNT.
$$