000
CXUS54 KMAF 011457
CF6CNM
PRELIMINARY LOCAL CLIMATOLOGICAL DATA (WS FORM: F-6)
STATION: CARLSBAD
MONTH: AUGUST
YEAR: 2021
LATITUDE: 32 20 N
LONGITUDE: 104 15 W
TEMPERATURE IN F: :PCPN: SNOW: WIND :SUNSHINE: SKY :PK WND
================================================================================
1 2 3 4 5 6A 6B 7 8 9 10 11 12 13 14 15 16 17 18
12Z AVG MX 2MIN
DY MAX MIN AVG DEP HDD CDD WTR SNW DPTH SPD SPD DIR MIN PSBL S-S WX SPD DR
================================================================================
1 90 67 79 -3 0 14 0.68 M M 10.5 22 40 M M 6 13 27 30
2 81 66 74 -8 0 9 0.12 M M 6.5 13 10 M M 6 1 15 330
3 84 63 74 -8 0 9 0.00 M M 4.8 13 160 M M 0 18 16 140
4 87 63 75 -7 0 10 0.00 M M 5.6 13 80 M M 1 17 140
5 91 63 77 -5 0 12 0.00 M M 4.8 10 170 M M 0 14 80
6 94 65 80 -2 0 15 0.00 M M 8.4 18 140 M M 0 25 130
7 99 65 82 0 0 17 0.00 M M 6.6 21 300 M M 0 3 25 290
8 99 66 83 1 0 18 0.00 M M 7.8 23 320 M M 0 27 320
9 100 67 84 2 0 19 0.00 M M 5.5 25 160 M M 0 8 33 160
10 99 68 84 2 0 19 T M M 7.9 28 190 M M 2 3 34 210
11 94 72 83 1 0 18 0.00 M M 10.2 24 250 M M 2 29 240
12 89 70 80 -2 0 15 0.06 M M 6.8 26 180 M M 4 38 34 190
13 85 68 77 -5 0 12 0.31 0.0 0 4.1 24 210 M M 8 13 35 210
14 74 66 70 -12 0 5 0.72 M M 5.6 12 70 M M 8 1 15 80
15 81 66 74 -8 0 9 0.24 M M 6.4 14 160 M M 5 1 22 150
16 83 66 75 -6 0 10 0.00 M M 7.1 20 210 M M 2 1 27 200
17 84 65 75 -6 0 10 0.00 M M 6.8 21 50 M M 4 28 40
18 91 66 79 -2 0 14 T M M 6.5 17 160 M M 2 12 21 150
19 93 67 80 -1 0 15 0.04 M M 5.8 31 200 M M 2 35 200
20 95 67 81 0 0 16 0.00 M M 5.8 17 170 M M 1 22 250
21 94 66 80 -1 0 15 M M M 5.2 20 20 M M 1 3 25 130
22 92 70 81 1 0 16 0.00 M M 7.1 16 150 M M 0 22 140
23 96 67 82 2 0 17 0.00 M M 6.9 14 130 M M 0 18 130
24 98 65 82 2 0 17 0.00 M M 6.2 12 160 M M 0 14 150
25 96 65 81 1 0 16 0.00 M M 7.6 18 130 M M 0 22 120
26 92 65 79 -1 0 14 0.00 M M 7.2 17 120 M M 1 23 160
27 94 66 80 1 0 15 0.00 M M 6.5 18 130 M M 0 24 130
28 94 66 80 1 0 15 0.00 M M 6.8 16 140 M M 0 21 140
29 92 68 80 1 0 15 0.00 M M 7.1 15 140 M M 1 23 120
30 92 68 80 1 0 15 0.00 M M 6.4 14 140 M M 1 19 130
31 96 67 82 4 0 17 0.00 M M 6.0 25 190 M M 0 30 180
================================================================================
SM 2829 2059 0 438 2.17 0.0 206.5 M 57
================================================================================
AV 91.3 66.4 6.7 FASTST M M 2 MAX(MPH)
MISC ----> 31 200 # 35 210
================================================================================
NOTES:
# LAST OF SEVERAL OCCURRENCES
COLUMN 17 PEAK WIND IN M.P.H.
PRELIMINARY LOCAL CLIMATOLOGICAL DATA (WS FORM: F-6) , PAGE 2
STATION: CARLSBAD
MONTH: AUGUST
YEAR: 2021
LATITUDE: 32 20 N
LONGITUDE: 104 15 W
[TEMPERATURE DATA] [PRECIPITATION DATA] SYMBOLS USED IN COLUMN 16
AVERAGE MONTHLY: 78.8 TOTAL FOR MONTH: 2.17 1 = FOG OR MIST
DPTR FM NORMAL: -2.2 DPTR FM NORMAL: 0.52 2 = FOG REDUCING VISIBILITY
HIGHEST: 100 ON 9 GRTST 24HR 0.87 ON 13-14 TO 1/4 MILE OR LESS
LOWEST: 63 ON 5, 4 3 = THUNDER
SNOW, ICE PELLETS, HAIL 4 = ICE PELLETS
TOTAL MONTH: 0.0 INCH 5 = HAIL
GRTST 24HR 0.0 6 = FREEZING RAIN OR DRIZZLE
GRTST DEPTH: 0 7 = DUSTSTORM OR SANDSTORM:
VSBY 1/2 MILE OR LESS
8 = SMOKE OR HAZE
[NO. OF DAYS WITH] [WEATHER - DAYS WITH] 9 = BLOWING SNOW
X = TORNADO
MAX 32 OR BELOW: 0 0.01 INCH OR MORE: 7
MAX 90 OR ABOVE: 22 0.10 INCH OR MORE: 5
MIN 32 OR BELOW: 0 0.50 INCH OR MORE: 2
MIN 0 OR BELOW: 0 1.00 INCH OR MORE: 0
[HDD (BASE 65) ]
TOTAL THIS MO. 0 CLEAR (SCALE 0-3) 24
DPTR FM NORMAL 0 PTCLDY (SCALE 4-7) 7
TOTAL FM JUL 1 0 CLOUDY (SCALE 8-10) 0
DPTR FM NORMAL 0
[CDD (BASE 65) ]
TOTAL THIS MO. 438
DPTR FM NORMAL -58 [PRESSURE DATA]
TOTAL FM JAN 1 1686 HIGHEST SLP 30.18 ON 14
DPTR FM NORMAL -165 LOWEST SLP 29.58 ON 31
[REMARKS]
#FINAL-08-21#