544
CXUS56 KSGX 011245
CF6CNO
PRELIMINARY LOCAL CLIMATOLOGICAL DATA (WS FORM: F-6)
STATION: CHINO AIRPORT CA
MONTH: MAY
YEAR: 2020
LATITUDE: 33 58 N
LONGITUDE: 117 38 W
TEMPERATURE IN F: :PCPN: SNOW: WIND :SUNSHINE: SKY :PK WND
================================================================================
1 2 3 4 5 6A 6B 7 8 9 10 11 12 13 14 15 16 17 18
12Z AVG MX 2MIN
DY MAX MIN AVG DEP HDD CDD WTR SNW DPTH SPD SPD DIR MIN PSBL S-S WX SPD DR
================================================================================
1 85 60 73 10 0 8 0.00 0.0 0 5.4 17 260 M M 4 18 20 250
2 86 56 71 8 0 6 0.00 0.0 0 5.8 20 240 M M 1 18 24 240
3 84 56 70 6 0 5 0.00 0.0 0 5.5 17 230 M M 1 23 230
4 91 56 74 10 0 9 0.00 0.0 0 4.5 16 260 M M 0 20 260
5 99 59 79 15 0 14 0.00 0.0 0 4.3 15 260 M M 0 8 19 270
6 99 59 79 15 0 14 0.00 0.0 0 3.8 16 240 M M 2 8 19 240
7 99 58 79 15 0 14 0.00 0.0 0 5.4 17 260 M M 2 8 23 270
8 94 61 78 14 0 13 0.00 0.0 0 5.5 21 260 M M 0 8 25 260
9 87 59 73 8 0 8 0.00 0.0 0 6.9 16 250 M M 2 18 21 250
10 85 59 72 7 0 7 0.00 0.0 0 8.5 21 240 M M 5 8 26 240
11 83 57 70 5 0 5 0.00 0.0 0 8.6 21 230 M M 4 8 25 240
12 79 56 68 3 0 3 0.00 0.0 0 9.5 22 240 M M 7 26 240
13 78 53 66 1 0 1 0.00 0.0 0 5.6 18 250 M M 2 8 23 250
14 83 51 67 2 0 2 0.00 0.0 0 5.9 20 250 M M 1 25 250
15 85 54 70 4 0 5 0.00 0.0 0 5.6 18 250 M M 1 21 250
16 91 57 74 8 0 9 0.00 0.0 0 7.1 20 250 M M 1 8 23 260
17 87 59 73 7 0 8 0.00 0.0 0 7.1 21 240 M M 1 18 25 260
18 73 57 65 -1 0 0 0.04 0.0 0 7.4 21 260 M M 8 8 24 260
19 76 53 65 -1 0 0 0.00 0.0 0 7.9 20 230 M M 3 26 220
20 83 51 67 1 0 2 0.00 0.0 0 5.6 17 260 M M 1 21 250
21 93 53 73 7 0 8 0.00 0.0 0 5.8 17 240 M M 0 8 21 260
22 86 56 71 5 0 6 0.00 0.0 0 7.2 22 250 M M 1 8 25 260
23 81 58 70 3 0 5 0.00 0.0 0 6.7 18 240 M M 4 24 240
24 91 57 74 7 0 9 0.00 0.0 0 5.5 20 240 M M 0 8 24 250
25 93 59 76 9 0 11 0.00 0.0 0 6.2 20 250 M M 0 8 24 270
26 98 60 79 12 0 14 0.00 0.0 0 5.6 21 240 M M 0 8 24 230
27 97 62 80 13 0 15 0.00 0.0 0 6.0 18 240 M M 0 8 21 240
28 89 60 75 8 0 10 0.00 0.0 0 7.3 17 230 M M 0 8 22 270
29 82 60 71 4 0 6 0.00 0.0 0 9.3 18 250 M M 6 18 23 240
30 85 60 73 5 0 8 0.00 0.0 0 7.5 22 270 M M 5 31 260
31 89 57 73 5 0 8 0.00 0.0 0 4.5 20 250 M M 3 8 24 240
================================================================================
SM 2711 1773 0 233 0.04 0.0 197.5 M 65
================================================================================
AV 87.5 57.2 6.4 FASTST M M 2 MAX(MPH)
MISC ----> # 22 240 # 31 260
================================================================================
NOTES:
# LAST OF SEVERAL OCCURRENCES
COLUMN 17 PEAK WIND IN M.P.H.
PRELIMINARY LOCAL CLIMATOLOGICAL DATA (WS FORM: F-6) , PAGE 2
STATION: CHINO AIRPORT CA
MONTH: MAY
YEAR: 2020
LATITUDE: 33 58 N
LONGITUDE: 117 38 W
[TEMPERATURE DATA] [PRECIPITATION DATA] SYMBOLS USED IN COLUMN 16
AVERAGE MONTHLY: 72.3 TOTAL FOR MONTH: 0.04 1 = FOG OR MIST
DPTR FM NORMAL: 6.7 DPTR FM NORMAL: -0.22 2 = FOG REDUCING VISIBILITY
HIGHEST: 99 ON 7, 6 GRTST 24HR 0.04 ON 18-18 TO 1/4 MILE OR LESS
LOWEST: 51 ON 20,14 3 = THUNDER
SNOW, ICE PELLETS, HAIL 4 = ICE PELLETS
TOTAL MONTH: 0.0 INCH 5 = HAIL
GRTST 24HR 0.0 6 = FREEZING RAIN OR DRIZZLE
GRTST DEPTH: 0 7 = DUSTSTORM OR SANDSTORM:
VSBY 1/2 MILE OR LESS
8 = SMOKE OR HAZE
[NO. OF DAYS WITH] [WEATHER - DAYS WITH] 9 = BLOWING SNOW
X = TORNADO
MAX 32 OR BELOW: 0 0.01 INCH OR MORE: 1
MAX 90 OR ABOVE: 11 0.10 INCH OR MORE: 0
MIN 32 OR BELOW: 0 0.50 INCH OR MORE: 0
MIN 0 OR BELOW: 0 1.00 INCH OR MORE: 0
[HDD (BASE 65) ]
TOTAL THIS MO. 0 CLEAR (SCALE 0-3) 22
DPTR FM NORMAL -52 PTCLDY (SCALE 4-7) 9
TOTAL FM JUL 1 1338 CLOUDY (SCALE 8-10) 0
DPTR FM NORMAL -486
[CDD (BASE 65) ]
TOTAL THIS MO. 233
DPTR FM NORMAL 162 [PRESSURE DATA]
TOTAL FM JAN 1 330 HIGHEST SLP 30.08 ON 20
DPTR FM NORMAL 233 LOWEST SLP 29.79 ON 16
[REMARKS]
#FINAL-05-20#