275
CXUS53 KICT 011510
CF6CNU
PRELIMINARY LOCAL CLIMATOLOGICAL DATA (WS FORM: F-6)
STATION: CHANUTE KS
MONTH: JANUARY
YEAR: 2021
LATITUDE: 37 40 N
LONGITUDE: 95 29 W
TEMPERATURE IN F: :PCPN: SNOW: WIND :SUNSHINE: SKY :PK WND
================================================================================
1 2 3 4 5 6A 6B 7 8 9 10 11 12 13 14 15 16 17 18
12Z AVG MX 2MIN
DY MAX MIN AVG DEP HDD CDD WTR SNW DPTH SPD SPD DIR MIN PSBL S-S WX SPD DR
================================================================================
1 34 28 31 -1 34 0 0.61 M M 12.2 25 30 M M 9 16 40 10
2 34 27 31 -1 34 0 T M M 4.8 12 210 M M 9 12 15 220
3 48 28 38 6 27 0 0.00 M M 4.1 12 220 M M 6 12 13 210
4 53 26 40 8 25 0 0.00 M M 6.3 21 340 M M 3 12 28 310
5 55 24 40 8 25 0 0.00 M M 7.6 16 150 M M 0 22 160
6 46 40 43 11 22 0 0.18 M M 10.3 16 130 M M 9 1 22 130
7 41 34 38 6 27 0 0.19 M M 9.2 14 40 M M 10 1 20 110
8 42 25 34 2 31 0 0.00 M M 5.7 12 20 M M 6 17 30
9 35 21 28 -4 37 0 0.00 M M 4.6 13 330 M M 2 18 20 330
10 39 22 31 -1 34 0 0.00 M M 5.6 13 10 M M 3 18 17 30
11 46 23 35 3 30 0 0.00 M M 6.4 13 250 M M 3 1 17 240
12 53 27 40 8 25 0 0.00 M M 10.0 20 210 M M 0 25 220
13 56 32 44 12 21 0 0.00 M M 11.5 22 200 M M 0 30 220
14 52 37 45 13 20 0 0.00 M M 16.3 33 310 M M 3 49 320
15 40 33 37 5 28 0 T M M 19.9 31 310 M M 9 8 47 310
16 44 26 35 3 30 0 0.00 M M 7.9 17 290 M M 4 22 320
17 50 28 39 7 26 0 0.00 M M 9.2 23 320 M M 1 33 320
18 54 28 41 9 24 0 0.00 M M 7.4 20 240 M M 3 26 240
19 48 23 36 4 29 0 0.00 M M 6.1 18 320 M M 0 25 310
20 50 22 36 4 29 0 0.00 M M 9.9 25 210 M M 4 36 210
21 49 31 40 7 25 0 0.00 M M 3.4 9 20 M M 5 12 13 30
22 46 27 37 4 28 0 0.00 M M 8.8 14 40 M M 0 22 40
23 46 25 36 3 29 0 0.00 M M 10.8 20 160 M M 5 25 170
24 44 40 42 9 23 0 0.05 M M 7.4 14 30 M M 10 1 20 70
25 46 38 42 9 23 0 0.92 M M 9.1 18 60 M M 10 13 26 80
26 38 28 33 0 32 0 0.00 M M 9.2 17 280 M M 10 1 23 330
27 32 27 30 -3 35 0 0.01 M M 7.4 14 310 M M 10 1 20 350
28 37 28 33 0 32 0 0.00 M M 10.1 16 190 M M 7 22 190
29 51 31 41 8 24 0 0.00 M M 14.8 24 180 M M 0 35 190
30 53 38 46 12 19 0 1.09 M M 15.0 28 190 M M 8 18 42 190
31 41 33 37 3 28 0 0.00 M M 16.0 25 320 M M 10 18 41 320
================================================================================
SM 1403 900 856 0 3.05 M 287.0 M 159
================================================================================
AV 45.3 29.0 9.3 FASTST M M 5 MAX(MPH)
MISC ----> 33 310 49 320
================================================================================
NOTES:
# LAST OF SEVERAL OCCURRENCES
COLUMN 17 PEAK WIND IN M.P.H.
PRELIMINARY LOCAL CLIMATOLOGICAL DATA (WS FORM: F-6) , PAGE 2
STATION: CHANUTE KS
MONTH: JANUARY
YEAR: 2021
LATITUDE: 37 40 N
LONGITUDE: 95 29 W
[TEMPERATURE DATA] [PRECIPITATION DATA] SYMBOLS USED IN COLUMN 16
AVERAGE MONTHLY: 37.1 TOTAL FOR MONTH: 3.05 1 = FOG OR MIST
DPTR FM NORMAL: 4.5 DPTR FM NORMAL: 1.79 2 = FOG REDUCING VISIBILITY
HIGHEST: 56 ON 13 GRTST 24HR 1.24 ON 25-25 TO 1/4 MILE OR LESS
LOWEST: 21 ON 9 3 = THUNDER
SNOW, ICE PELLETS, HAIL 4 = ICE PELLETS
TOTAL MONTH: M 5 = HAIL
GRTST 24HR M ON M 6 = FREEZING RAIN OR DRIZZLE
GRTST DEPTH: M ON M 7 = DUSTSTORM OR SANDSTORM:
VSBY 1/2 MILE OR LESS
8 = SMOKE OR HAZE
[NO. OF DAYS WITH] [WEATHER - DAYS WITH] 9 = BLOWING SNOW
X = TORNADO
MAX 32 OR BELOW: 1 0.01 INCH OR MORE: 7
MAX 90 OR ABOVE: 0 0.10 INCH OR MORE: 5
MIN 32 OR BELOW: 23 0.50 INCH OR MORE: 3
MIN 0 OR BELOW: 0 1.00 INCH OR MORE: 1
[HDD (BASE 65) ]
TOTAL THIS MO. 856 CLEAR (SCALE 0-3) 13
DPTR FM NORMAL -150 PTCLDY (SCALE 4-7) 8
TOTAL FM JUL 1 2392 CLOUDY (SCALE 8-10) 10
DPTR FM NORMAL -411
[CDD (BASE 65) ]
TOTAL THIS MO. 0
DPTR FM NORMAL 0 [PRESSURE DATA]
TOTAL FM JAN 1 0 HIGHEST SLP 30.65 ON 28
DPTR FM NORMAL 0 LOWEST SLP 29.44 ON 30
[REMARKS]
#FINAL-01-21#