000
CXUS55 KGJT 011707
CF6CNY
PRELIMINARY LOCAL CLIMATOLOGICAL DATA (WS FORM: F-6)
STATION: CANYONLANDS AIRPORT UT
MONTH: FEBRUARY
YEAR: 2024
LATITUDE: 38 46 N
LONGITUDE: 109 45 W
TEMPERATURE IN F: :PCPN: SNOW: WIND :SUNSHINE: SKY :PK WND
================================================================================
1 2 3 4 5 6A 6B 7 8 9 10 11 12 13 14 15 16 17 18
12Z AVG MX 2MIN
DY MAX MIN AVG DEP HDD CDD WTR SNW DPTH SPD SPD DIR MIN PSBL S-S WX SPD DR
================================================================================
1 55 26 41 9 24 0 0.03 M M 6.6 20 240 M M 4 1 23 240
2 46 34 40 8 25 0 0.21 M M 5.8 20 220 M M 10 1 26 250
3 49 32 41 9 24 0 0.01 M M 7.9 26 270 M M 5 31 280
4 47 26 37 5 28 0 0.00 M M 2.4 9 350 M M 1 14 300
5 52 28 40 7 25 0 0.00 M M 4.8 13 120 M M 2 17 110
6 58 30 44 11 21 0 0.06 M M 6.9 36 170 M M 6 56 170
7 50 38 44 11 21 0 0.01 M M 12.2 30 210 M M 7 37 210
8 48 32 40 6 25 0 0.05 M M 7.2 20 220 M M 8 1 26 150
9 37 26 32 -2 33 0 T M M 7.2 15 170 M M 9 1 19 160
10 35 23 29 -5 36 0 T M M 5.4 23 340 M M 7 1 27 340
11 37 15 26 -9 39 0 0.00 M M 3.8 10 310 M M 0 13 300
12 41 19 30 -5 35 0 0.00 M M 2.4 9 340 M M 0 11 340
13 46 23 35 0 30 0 0.00 M M 3.2 12 140 M M 1 14 130
14 52 28 40 4 25 0 0.00 M M 2.0 12 250 M M 1 14 260
15 54 34 44 8 21 0 0.00 M M 5.6 16 270 M M 5 24 250
16 52 27 40 4 25 0 0.00 M M 3.1 14 280 M M 1 20 240
17 48 25 37 1 28 0 0.01 M M 6.7 25 60 M M 2 1 32 70
18 49 26 38 1 27 0 0.00 M M 5.1 12 130 M M 3 14 130
19 58 23 41 4 24 0 0.00 M M 4.0 14 310 M M 1 16 310
20 58 38 48 10 17 0 T M M 4.6 26 210 M M 10 36 210
21 57 34 46 8 19 0 T M M 5.7 25 310 M M 4 39 290
22 53 27 40 2 25 0 0.00 M M 3.1 12 270 M M 0 16 250
23 53 21 37 -2 28 0 0.00 M M 2.6 9 280 M M 0 12 280
24 55 21 38 -1 27 0 0.00 M M 3.1 9 80 M M 0 13 320
25 63 22 43 4 22 0 0.00 M M 2.8 12 320 M M 0 15 350
26 65 39 52 12 13 0 0.00 M M 14.9 29 230 M M 1 8 37 240
27 54 18 36 -4 29 0 T M M 18.1 38 300 M M 2 49 300
28 46 15 31 -10 34 0 0.00 M M 3.4 17 80 M M 0 21 80
29 55 16 36 -5 29 0 0.00 M M 2.4 9 320 M M 0 12 360
================================================================================
SM 1473 766 759 0 0.38 M 163.0 M 90
================================================================================
AV 50.8 26.4 5.6 FASTST M M 3 MAX(MPH)
MISC ----> 38 300 56 170
================================================================================
NOTES:
# LAST OF SEVERAL OCCURRENCES
COLUMN 17 PEAK WIND IN M.P.H.
PRELIMINARY LOCAL CLIMATOLOGICAL DATA (WS FORM: F-6) , PAGE 2
STATION: CANYONLANDS AIRPORT UT
MONTH: FEBRUARY
YEAR: 2024
LATITUDE: 38 46 N
LONGITUDE: 109 45 W
[TEMPERATURE DATA] [PRECIPITATION DATA] SYMBOLS USED IN COLUMN 16
AVERAGE MONTHLY: 38.6 TOTAL FOR MONTH: 0.38 1 = FOG OR MIST
DPTR FM NORMAL: 2.8 DPTR FM NORMAL: -0.03 2 = FOG REDUCING VISIBILITY
HIGHEST: 65 ON 26 GRTST 24HR 0.24 ON 1- 2 TO 1/4 MILE OR LESS
LOWEST: 15 ON 28,11 3 = THUNDER
SNOW, ICE PELLETS, HAIL 4 = ICE PELLETS
TOTAL MONTH: M 5 = HAIL
GRTST 24HR M ON M 6 = FREEZING RAIN OR DRIZZLE
GRTST DEPTH: M ON M 7 = DUSTSTORM OR SANDSTORM:
VSBY 1/2 MILE OR LESS
8 = SMOKE OR HAZE
[NO. OF DAYS WITH] [WEATHER - DAYS WITH] 9 = BLOWING SNOW
X = TORNADO
MAX 32 OR BELOW: 0 0.01 INCH OR MORE: 7
MAX 90 OR ABOVE: 0 0.10 INCH OR MORE: 1
MIN 32 OR BELOW: 23 0.50 INCH OR MORE: 0
MIN 0 OR BELOW: 0 1.00 INCH OR MORE: 0
[HDD (BASE 65) ]
TOTAL THIS MO. 759 CLEAR (SCALE 0-3) 18
DPTR FM NORMAL -57 PTCLDY (SCALE 4-7) 7
TOTAL FM JUL 1 3760 CLOUDY (SCALE 8-10) 4
DPTR FM NORMAL -560
[CDD (BASE 65) ]
TOTAL THIS MO. 0
DPTR FM NORMAL 0 [PRESSURE DATA]
TOTAL FM JAN 1 0 HIGHEST SLP 30.39 ON 23
DPTR FM NORMAL 0 LOWEST SLP 29.40 ON 27
[REMARKS]
#FINAL-02-24#