000
CXUS55 KGJT 011955 CCA
CLMCNY
CLIMATE REPORT...ADDED 2022 CDD AND HDD TOTALS
NATIONAL WEATHER SERVICE GRAND JUNCTION CO
533 AM MDT THU JUN 01 2023
...................................
...THE CANYONLANDS AIRPORT UT CLIMATE SUMMARY FOR THE MONTH OF MAY 2023...
CLIMATE NORMAL PERIOD 1991 TO 2020
CLIMATE RECORD PERIOD 9999 TO 9999
WEATHER OBSERVED NORMAL DEPART LAST YEAR`S
VALUE DATE(S) VALUE FROM VALUE DATE(S)
NORMAL
................................................................
TEMPERATURE (F)
HIGHEST 88 05/24 MM MM 92 05/27
05/29
05/30
LOWEST 41 05/06 MM MM 28 05/04
AVG. MAXIMUM 81.5 77.5 4.0 78.9
AVG. MINIMUM 50.1 48.3 1.8 45.3
MEAN 65.8 62.9 2.9 62.1
DAYS MAX >= 90 0 4.0 -4.0 5
DAYS MAX <= 32 0 0.0 0.0 0
DAYS MIN <= 32 0 0.5 -0.5 1
DAYS MIN <= 0 0 0.0 0.0 0
PRECIPITATION (INCHES)
TOTALS 0.01 0.60 -0.59 0.04
DAILY AVG. 0.00 0.02 -0.02 0.00
DAYS >= .01 1 4.2 -3.2 1
DAYS >= .10 0 1.9 -1.9 0
DAYS >= .50 0 0.1 -0.1 0
DAYS >= 1.00 0 0.0 0.0 0
GREATEST
24 HR. TOTAL 0.01 05/23 TO 05/23 0.04
SNOWFALL (INCHES)
TOTALS MM MM MM MM
SINCE 7/1 MM MM MM MM
SNOWDEPTH AVG. MM MM
DAYS >= 1.0 MM MM MM MM
GREATEST
SNOW DEPTH MM MM MM
24 HR TOTAL MM MM
DEGREE DAYS
HEATING TOTAL 33 135 -102 151
SINCE 7/1 5541 5360 181 5208
COOLING TOTAL 66 70 -4 69
SINCE 1/1 66 73 -7 69
................................................................
WIND (MPH)
AVERAGE WIND SPEED 7.6
HIGHEST WIND SPEED/DIRECTION 32/050 DATE 05/22
HIGHEST GUST SPEED/DIRECTION 43/220 DATE 05/25
SKY COVER
POSSIBLE SUNSHINE (PERCENT) MM
AVERAGE SKY COVER 0.16
NUMBER OF DAYS FAIR 27
NUMBER OF DAYS PC 3
NUMBER OF DAYS CLOUDY 1
AVERAGE RH (PERCENT) 32
WEATHER CONDITIONS. NUMBER OF DAYS WITH
THUNDERSTORM 2 MIXED PRECIP 0
HEAVY RAIN 0 RAIN 0
LIGHT RAIN 3 FREEZING RAIN 0
LT FREEZING RAIN 0 HAIL 0
HEAVY SNOW 0 SNOW 0
LIGHT SNOW 0 SLEET 0
FOG 0 FOG W/VIS <= 1/4 MILE 0
HAZE 4
- INDICATES NEGATIVE NUMBERS.
R INDICATES RECORD WAS SET OR TIED.
MM INDICATES DATA IS MISSING.
T INDICATES TRACE AMOUNT.
$$