778
CXUS51 KGYX 020517
CF6CON
PRELIMINARY LOCAL CLIMATOLOGICAL DATA (WS FORM: F-6)
STATION: CONCORD NH
MONTH: NOVEMBER
YEAR: 2020
LATITUDE: 43 12 N
LONGITUDE: 71 30 W
TEMPERATURE IN F: :PCPN: SNOW: WIND :SUNSHINE: SKY :PK WND
================================================================================
1 2 3 4 5 6A 6B 7 8 9 10 11 12 13 14 15 16 17 18
12Z AVG MX 2MIN
DY MAX MIN AVG DEP HDD CDD WTR SNW DPTH SPD SPD DIR MIN PSBL S-S WX SPD DR
================================================================================
1 50 27 39 -4 26 0 0.13 0.0 0 5.1 16 280 M M 7 1 23 290
2 43 31 37 -6 28 0 0.01 T 0 13.8 32 310 M M 5 8 46 280
3 42 24 33 -9 32 0 T T 0 9.9 24 290 M M 4 8 33 300
4 51 28 40 -2 25 0 0.00 0.0 0 3.2 12 170 M M 3 17 180
5 71 26 49 7 16 0 0.00 0.0 0 4.8 17 220 M M 0 23 210
6 73 43 58 16 7 0 0.00 0.0 0 4.3 17 240 M M 0 26 230
7 77 39 58 17 7 0 0.00 0.0 0 1.6 10 290 M M 0 13 280
8 75 36 56 15 9 0 0.00 0.0 0 0.3 6 170 M M 0 12 7 310
9 75 33 54 13 11 0 0.00 0.0 0 0.4 8 270 M M 2 12 11 270
10 76 32 54 14 11 0 0.00 0.0 0 1.9 12 260 M M 0 1 15 220
11 73 45 59 19 6 0 T 0.0 0 8.0 20 200 M M 5 12 26 210
12 67 35 51 11 14 0 0.02 0.0 0 6.3 16 330 M M 6 21 330
13 41 29 35 -4 30 0 0.06 0.0 0 3.3 10 320 M M 8 128 12 310
14 47 24 36 -3 29 0 0.00 0.0 0 5.7 17 310 M M 4 12 23 300
15 52 19 36 -3 29 0 0.49 0.0 0 5.9 31 270 M M 5 1 46 260
16 50 35 43 5 22 0 0.02 0.0 0 9.8 21 260 M M 8 29 280
17 45 30 38 0 27 0 0.00 0.0 0 7.9 16 320 M M 6 22 320
18 32 13 23 -15 42 0 0.00 0.0 0 11.7 21 320 M M 4 30 300
19 41 13 27 -10 38 0 0.00 0.0 0 5.3 17 190 M M 2 23 170
20 60 33 47 10 18 0 T 0.0 0 2.9 10 220 M M 1 8 14 200
21 56 32 44 8 21 0 0.00 0.0 0 6.3 16 360 M M 1 21 360
22 39 20 30 -6 35 0 0.03 T 0 2.2 12 90 M M 6 1 16 70
23 46 35 41 5 24 0 0.91 0.0 0 9.1 26 300 M M 8 1 35 280
24 40 19 30 -5 35 0 0.00 0.0 0 10.5 24 330 M M 4 34 310
25 35 18 27 -8 38 0 0.06 0.0 0 1.3 7 320 M M 7 1 8 320
26 41 32 37 2 28 0 0.98 0.0 0 3.5 10 300 M M 10 126 13 290
27 52 32 42 8 23 0 0.00 0.0 0 2.3 13 320 M M 10 12 18 310
28 51 27 39 5 26 0 T 0.0 0 3.1 22 320 M M 7 33 260
29 52 23 38 5 27 0 0.00 0.0 0 1.9 10 240 M M 0 1 12 250
30 61 24 43 10 22 0 1.44 0.0 0 6.6 23 150 M M 6 1 37 170
================================================================================
SM 1614 857 706 0 4.15 T 158.9 M 129
================================================================================
AV 53.8 28.6 5.3 FASTST M M 4 MAX(MPH)
MISC ----> # 32 310 # 46 280
================================================================================
NOTES:
# LAST OF SEVERAL OCCURRENCES
COLUMN 17 PEAK WIND IN M.P.H.
PRELIMINARY LOCAL CLIMATOLOGICAL DATA (WS FORM: F-6) , PAGE 2
STATION: CONCORD NH
MONTH: NOVEMBER
YEAR: 2020
LATITUDE: 43 12 N
LONGITUDE: 71 30 W
[TEMPERATURE DATA] [PRECIPITATION DATA] SYMBOLS USED IN COLUMN 16
AVERAGE MONTHLY: 41.2 TOTAL FOR MONTH: 4.15 1 = FOG OR MIST
DPTR FM NORMAL: 2.9 DPTR FM NORMAL: 0.43 2 = FOG REDUCING VISIBILITY
HIGHEST: 77 ON 7 GRTST 24HR 1.44 ON 30-30 TO 1/4 MILE OR LESS
LOWEST: 13 ON 19,18 3 = THUNDER
SNOW, ICE PELLETS, HAIL 4 = ICE PELLETS
TOTAL MONTH: T 5 = HAIL
GRTST 24HR T ON 22-22 6 = FREEZING RAIN OR DRIZZLE
GRTST DEPTH: 0 7 = DUSTSTORM OR SANDSTORM:
VSBY 1/2 MILE OR LESS
8 = SMOKE OR HAZE
[NO. OF DAYS WITH] [WEATHER - DAYS WITH] 9 = BLOWING SNOW
X = TORNADO
MAX 32 OR BELOW: 1 0.01 INCH OR MORE: 11
MAX 90 OR ABOVE: 0 0.10 INCH OR MORE: 5
MIN 32 OR BELOW: 21 0.50 INCH OR MORE: 3
MIN 0 OR BELOW: 0 1.00 INCH OR MORE: 1
[HDD (BASE 65) ]
TOTAL THIS MO. 706 CLEAR (SCALE 0-3) 10
DPTR FM NORMAL -95 PTCLDY (SCALE 4-7) 16
TOTAL FM JUL 1 1366 CLOUDY (SCALE 8-10) 4
DPTR FM NORMAL -194
[CDD (BASE 65) ]
TOTAL THIS MO. 0
DPTR FM NORMAL 0 [PRESSURE DATA]
TOTAL FM JAN 1 726 HIGHEST SLP M ON M
DPTR FM NORMAL 274 LOWEST SLP 29.45 ON 2
[REMARKS]
#FINAL-11-20#