000
CXUS55 KPUB 020217
CF6COS
PRELIMINARY LOCAL CLIMATOLOGICAL DATA (WS FORM: F-6)
STATION: COLORADO SPRINGS CO
MONTH: NOVEMBER
YEAR: 2023
LATITUDE: 38 49 N
LONGITUDE: 104 43 W
TEMPERATURE IN F: :PCPN: SNOW: WIND :SUNSHINE: SKY :PK WND
================================================================================
1 2 3 4 5 6A 6B 7 8 9 10 11 12 13 14 15 16 17 18
12Z AVG MX 2MIN
DY MAX MIN AVG DEP HDD CDD WTR SNW DPTH SPD SPD DIR MIN PSBL S-S WX SPD DR
================================================================================
1 59 26 43 -2 22 0 0.00 0.0 T 6.9 16 20 M M 7 17 20
2 66 35 51 7 14 0 0.00 0.0 0 6.9 14 350 M M 3 19 320
3 68 42 55 11 10 0 0.00 0.0 0 6.5 16 290 M M 6 24 320
4 65 33 49 5 16 0 0.00 0.0 0 7.2 15 140 M M 2 19 170
5 76 35 56 13 9 0 0.00 0.0 0 9.3 26 300 M M 7 40 290
6 70 42 56 13 9 0 0.00 0.0 0 7.8 20 160 M M 4 24 170
7 74 39 57 15 8 0 0.00 0.0 0 12.2 29 220 M M 1 38 230
8 50 33 42 0 23 0 0.07 0.3 0 11.7 25 20 M M 6 18 33 20
9 49 30 40 -2 25 0 T T 0 6.2 18 180 M M 5 25 180
10 54 23 39 -3 26 0 0.00 0.0 0 4.8 10 20 M M 1 13 170
11 57 27 42 1 23 0 0.00 0.0 0 6.5 13 20 M M 1 15 210
12 63 34 49 8 16 0 0.00 0.0 0 7.6 17 140 M M 0 20 150
13 58 27 43 3 22 0 0.00 0.0 0 7.6 17 140 M M 2 21 150
14 69 31 50 10 15 0 0.00 0.0 0 8.1 16 70 M M 4 24 130
15 67 35 51 11 14 0 0.00 0.0 0 8.6 18 170 M M 6 25 180
16 72 39 56 17 9 0 0.00 0.0 0 9.9 31 310 M M 5 44 300
17 62 30 46 7 19 0 0.00 0.0 0 6.3 13 140 M M 1 17 170
18 62 29 46 8 19 0 0.00 0.0 0 7.9 22 10 M M 4 26 340
19 55 39 47 9 18 0 0.00 0.0 0 7.6 23 360 M M 6 31 320
20 44 36 40 2 25 0 T T 0 18.2 35 340 M M 8 1 45 350
21 56 25 41 4 24 0 0.00 0.0 0 5.8 24 350 M M 3 30 340
22 68 30 49 12 16 0 0.00 0.0 0 7.6 15 160 M M 3 18 300
23 49 23 36 -1 29 0 T T 0 12.8 20 60 M M 8 25 60
24 23 16 20 -16 45 0 0.02 0.4 0 11.8 16 140 M M 10 12 20 150
25 28 15 22 -14 43 0 T 0.4 1 7.2 21 340 M M 7 12 29 330
26 39 15 27 -9 38 0 0.00 0.0 T 8.3 17 170 M M 0 25 170
27 41 12 27 -8 38 0 0.00 0.0 0 5.6 14 160 M M 0 17 150
28 58 18 38 3 27 0 0.00 0.0 0 6.2 10 90 M M 1 15 90
29 59 20 40 5 25 0 0.00 0.0 0 6.4 15 40 M M 5 16 40
30 43 22 33 -1 32 0 0.00 0.0 0 7.7 14 150 M M 6 20 340
================================================================================
SM 1704 861 659 0 0.09 1.1 247.2 M 122
================================================================================
AV 56.8 28.7 8.2 FASTST M M 4 MAX(MPH)
MISC ----> 35 340 45 350
================================================================================
NOTES:
COLUMN 17 PEAK WIND IN M.P.H.
PRELIMINARY LOCAL CLIMATOLOGICAL DATA (WS FORM: F-6) , PAGE 2
STATION: COLORADO SPRINGS CO
MONTH: NOVEMBER
YEAR: 2023
LATITUDE: 38 49 N
LONGITUDE: 104 43 W
[TEMPERATURE DATA] [PRECIPITATION DATA] SYMBOLS USED IN COLUMN 16
AVERAGE MONTHLY: 42.8 TOTAL FOR MONTH: 0.09 1 = FOG OR MIST
DPTR FM NORMAL: 3.3 DPTR FM NORMAL: -0.28 2 = FOG REDUCING VISIBILITY
HIGHEST: 76 ON 5 GRTST 24HR 0.07 ON 8 TO 1/4 MILE OR LESS
LOWEST: 12 ON 27 3 = THUNDER
SNOW, ICE PELLETS, HAIL 4 = ICE PELLETS
TOTAL MONTH: 1.1 INCHES 5 = HAIL
GRTST 24HR 0.6 ON 25 6 = FREEZING RAIN OR DRIZZLE
GRTST DEPTH: 1 ON 25 7 = DUSTSTORM OR SANDSTORM:
VSBY 1/2 MILE OR LESS
8 = SMOKE OR HAZE
[NO. OF DAYS WITH] [WEATHER - DAYS WITH] 9 = BLOWING SNOW
X = TORNADO
MAX 32 OR BELOW: 2 0.01 INCH OR MORE: 2
MAX 90 OR ABOVE: 0 0.10 INCH OR MORE: 0
MIN 32 OR BELOW: 18 0.50 INCH OR MORE: 0
MIN 0 OR BELOW: 0 1.00 INCH OR MORE: 0
[HDD (BASE 65) ]
TOTAL THIS MO. 659 CLEAR (SCALE 0-3) 13
DPTR FM NORMAL -108 PTCLDY (SCALE 4-7) 14
TOTAL FM JUL 1 1114 CLOUDY (SCALE 8-10) 3
DPTR FM NORMAL -242
[CDD (BASE 65) ]
TOTAL THIS MO. 0
DPTR FM NORMAL 0 [PRESSURE DATA]
TOTAL FM JAN 1 612 HIGHEST SLP 30.61 ON 21
DPTR FM NORMAL 4 LOWEST SLP 29.59 ON 7
[REMARKS]
#FINAL-11-23#