000
CXUS55 KPUB 012126
CLMCOS
CLIMATE REPORT
NATIONAL WEATHER SERVICE
321 PM MDT SAT JUL 01 2023
...................................
...THE COLORADO SPRINGS CO CLIMATE SUMMARY FOR THE MONTH OF JUNE 2023...
CLIMATE NORMAL PERIOD 1991 TO 2020
CLIMATE RECORD PERIOD 1872 TO 2023
WEATHER OBSERVED NORMAL DEPART LAST YEAR`S
VALUE DATE(S) VALUE FROM VALUE DATE(S)
NORMAL
................................................................
TEMPERATURE (F)
RECORD
HIGH 101 06/21/2016
06/26/2012
LOW 30 06/02/1919
06/02/1917
HIGHEST 91 06/27 83 8 96 06/11
LOWEST 44 06/13 46 -2 42 06/01
AVG. MAXIMUM 75.6 81.6 -6.0 82.5
AVG. MINIMUM 52.1 52.8 -0.7 54.5
MEAN 63.9 67.2 -3.3 68.5
DAYS MAX >= 90 1 5.6 -4.6
DAYS MAX <= 32 0 0.0 0.0
DAYS MIN <= 32 0 0.0 0.0
DAYS MIN <= 0 0 0.0 0.0
PRECIPITATION (INCHES)
RECORD
MAXIMUM 9.59 2023
MINIMUM 0.10 1888
TOTALS 9.59R 2.27 7.32 1.37
DAILY AVG. 0.32 0.08 0.24
DAYS >= .01 16 9.8 6.2
DAYS >= .10 12 4.4 7.6
DAYS >= .50 4 1.1 2.9
DAYS >= 1.00 3 0.5 2.5
GREATEST
24 HR. TOTAL 5.46 06/11 TO 06/12 0.83
SNOWFALL (INCHES)
RECORDS
TOTAL 2.0 1917
TOTALS T 0.0 0.0 0.0
SINCE 7/1 36.0 32.5 3.5 MM
SNOWDEPTH AVG. 0
DAYS >= 1.0 0 0.0 0.0
GREATEST
SNOW DEPTH 0 0
24 HR TOTAL MM MM
DEGREE DAYS
HEATING TOTAL 88 53 35 48
SINCE 7/1 5892 5892 0 MM
COOLING TOTAL 61 119 -58 161
SINCE 1/1 62 137 -75 MM
................................................................
WIND (MPH)
AVERAGE WIND SPEED 9.3
HIGHEST WIND SPEED/DIRECTION 39/190 DATE 06/08
39/290 06/09
39/010 06/12
HIGHEST GUST SPEED/DIRECTION 69/190 DATE 06/08
SKY COVER
POSSIBLE SUNSHINE (PERCENT) MM
AVERAGE SKY COVER 0.53
NUMBER OF DAYS FAIR 6
NUMBER OF DAYS PC 19
NUMBER OF DAYS CLOUDY 5
AVERAGE RH (PERCENT) 58
WEATHER CONDITIONS. NUMBER OF DAYS WITH
THUNDERSTORM 16 MIXED PRECIP 0
HEAVY RAIN 11 RAIN 13
LIGHT RAIN 19 FREEZING RAIN 0
LT FREEZING RAIN 0 HAIL 5
HEAVY SNOW 0 SNOW 0
LIGHT SNOW 0 SLEET 0
FOG 13 FOG W/VIS <= 1/4 MILE 1
HAZE 3
- INDICATES NEGATIVE NUMBERS.
R INDICATES RECORD WAS SET OR TIED.
MM INDICATES DATA IS MISSING.
T INDICATES TRACE AMOUNT.
$$