000
CXUS53 KLSX 011400
CF6CPS
PRELIMINARY LOCAL CLIMATOLOGICAL DATA (WS FORM: F-6)
STATION: CAHOKIA/ST. LOUIS
MONTH: JULY
YEAR: 2023
LATITUDE: 38 34 N
LONGITUDE: 90 9 W
TEMPERATURE IN F: :PCPN: SNOW: WIND :SUNSHINE: SKY :PK WND
================================================================================
1 2 3 4 5 6A 6B 7 8 9 10 11 12 13 14 15 16 17 18
12Z AVG MX 2MIN
DY MAX MIN AVG DEP HDD CDD WTR SNW DPTH SPD SPD DIR MIN PSBL S-S WX SPD DR
================================================================================
1 96 69 83 5 0 18 0.89 0.0 0 7.2 33 300 M M 2 138 56 260
2 87 65 76 -2 0 11 0.07 0.0 0 6.1 18 280 M M 3 13 27 260
3 92 66 79 1 0 14 0.00 0.0 0 2.8 9 70 M M 1 12 12 260
4 94 70 82 4 0 17 0.05 0.0 0 4.8 15 140 M M 2 138 20 140
5 94 72 83 5 0 18 T 0.0 0 5.2 23 280 M M 2 3 32 290
6 87 70 79 0 0 14 0.00 0.0 0 9.4 17 320 M M 0 23 310
7 85 63 74 -5 0 9 T 0.0 0 4.9 10 70 M M 1 15 90
8 79 63 71 -8 0 6 T 0.0 0 8.4 16 360 M M 7 3 20 350
9 86 59 73 -6 0 8 0.00 0.0 0 1.9 12 40 M M 1 16 50
10 91 59 75 -4 0 10 0.00 0.0 0 3.0 13 120 M M 1 1 16 130
11 95 66 81 2 0 16 0.00 0.0 0 6.6 12 170 M M 1 8 20 220
12 94 68 81 2 0 16 0.11 0.0 0 5.7 15 260 M M 1 13 28 210
13 91 72 82 3 0 17 0.35 0.0 0 4.6 17 240 M M 5 13 25 260
14 96 71 84 5 0 19 0.73 0.0 0 4.9 28 50 M M 2 13 40 40
15 89 67 78 -1 0 13 0.02 0.0 0 6.0 32 20 M M 6 13 43 20
16 93 65 79 0 0 14 0.01 0.0 0 4.1 32 300 M M 2 138 43 300
17 87 67 77 -2 0 12 0.86 0.0 0 4.0 36 360 M M 2 13 52 360
18 83 67 75 -4 0 10 0.01 0.0 0 2.0 15 160 M M 2 3 21 150
19 85 72 79 0 0 14 T 0.0 0 4.6 14 200 M M 7 3 20 190
20 92 73 83 4 0 18 0.08 0.0 0 5.0 21 230 M M 4 13 33 240
21 81 65 73 -6 0 8 T 0.0 0 3.1 10 330 M M 1 1 14 60
22 85 60 73 -6 0 8 0.00 0.0 0 3.5 12 10 M M 1 12 14 10
23 92 65 79 0 0 14 T 0.0 0 3.5 10 180 M M 2 18 160
24 93 71 82 3 0 17 T 0.0 0 4.7 13 300 M M 3 13 18 240
25 97 70 84 5 0 19 T 0.0 0 4.2 14 160 M M 1 19 150
26 93 78 86 7 0 21 0.09 0.0 0 7.0 20 210 M M 2 3 34 210
27 100 80 90 11 0 25 0.00 0.0 0 6.0 14 250 M M 1 22 240
28 99 79 89 10 0 24 T 0.0 0 5.5 13 200 M M 0 20 200
29 97 73 85 6 0 20 0.31 0.0 0 5.6 33 310 M M 2 13 50 320
30 91 70 81 2 0 16 0.00 0.0 0 4.4 12 330 M M 2 1 14 340
31 86 68 77 -2 0 12 0.01 0.0 0 3.3 10 130 M M 3 14 140
================================================================================
SM 2810 2123 0 458 3.59 0.0 152.0 M 70
================================================================================
AV 90.6 68.5 4.9 FASTST M M 2 MAX(MPH)
MISC ----> 36 360 56 260
================================================================================
NOTES:
# LAST OF SEVERAL OCCURRENCES
COLUMN 17 PEAK WIND IN M.P.H.
PRELIMINARY LOCAL CLIMATOLOGICAL DATA (WS FORM: F-6) , PAGE 2
STATION: CAHOKIA/ST. LOUIS
MONTH: JULY
YEAR: 2023
LATITUDE: 38 34 N
LONGITUDE: 90 9 W
[TEMPERATURE DATA] [PRECIPITATION DATA] SYMBOLS USED IN COLUMN 16
AVERAGE MONTHLY: 79.6 TOTAL FOR MONTH: 3.59 1 = FOG OR MIST
DPTR FM NORMAL: 0.7 DPTR FM NORMAL: -0.11 2 = FOG REDUCING VISIBILITY
HIGHEST: 100 ON 27 GRTST 24HR 0.89 ON 1- 1 TO 1/4 MILE OR LESS
LOWEST: 59 ON 10, 9 3 = THUNDER
SNOW, ICE PELLETS, HAIL 4 = ICE PELLETS
TOTAL MONTH: 0.0 INCH 5 = HAIL
GRTST 24HR 0.0 6 = FREEZING RAIN OR DRIZZLE
GRTST DEPTH: 0 7 = DUSTSTORM OR SANDSTORM:
VSBY 1/2 MILE OR LESS
8 = SMOKE OR HAZE
[NO. OF DAYS WITH] [WEATHER - DAYS WITH] 9 = BLOWING SNOW
X = TORNADO
MAX 32 OR BELOW: 0 0.01 INCH OR MORE: 14
MAX 90 OR ABOVE: 19 0.10 INCH OR MORE: 6
MIN 32 OR BELOW: 0 0.50 INCH OR MORE: 3
MIN 0 OR BELOW: 0 1.00 INCH OR MORE: 0
[HDD (BASE 65) ]
TOTAL THIS MO. 0 CLEAR (SCALE 0-3) 25
DPTR FM NORMAL 0 PTCLDY (SCALE 4-7) 6
TOTAL FM JUL 1 0 CLOUDY (SCALE 8-10) 0
DPTR FM NORMAL 0
[CDD (BASE 65) ]
TOTAL THIS MO. 458
DPTR FM NORMAL 27 [PRESSURE DATA]
TOTAL FM JAN 1 917 HIGHEST SLP 30.14 ON 31
DPTR FM NORMAL 14 LOWEST SLP 29.71 ON 12
[REMARKS]
#FINAL-07-23#