000
CXUS54 KFWD 010731
CF6CPT
PRELIMINARY LOCAL CLIMATOLOGICAL DATA (WS FORM: F-6)
STATION: CLEBURNE
MONTH: AUGUST
YEAR: 2020
LATITUDE: 32 20 N
LONGITUDE: 97 24 W
TEMPERATURE IN F: :PCPN: SNOW: WIND :SUNSHINE: SKY :PK WND
================================================================================
1 2 3 4 5 6A 6B 7 8 9 10 11 12 13 14 15 16 17 18
12Z AVG MX 2MIN
DY MAX MIN AVG DEP HDD CDD WTR SNW DPTH SPD SPD DIR MIN PSBL S-S WX SPD DR
================================================================================
1 93 66 80 -5 0 15 0.00 0.0 0 4.9 9 30 M M 1 16 290
2 97 68 83 -2 0 18 0.00 0.0 0 5.2 15 20 M M 0 21 340
3 95 70 83 -2 0 18 0.04 0.0 0 6.4 14 70 M M 1 3 16 50
4 95 72 84 -1 0 19 0.00 0.0 0 7.7 13 90 M M 0 8 16 0
5 97 75 86 1 0 21 0.00 0.0 0 10.0 16 80 M M 0 17 130
6 100 75 88 3 0 23 0.00 0.0 0 10.6 16 160 M M 0 23 160
7 100 75 88 3 0 23 0.00 0.0 0 12.7 16 150 M M 0 25 160
8 99 75 87 2 0 22 0.00 0.0 0 10.9 15 150 M M 0 22 140
9 99 77 88 3 0 23 0.00 0.0 0 11.8 16 170 M M 0 23 160
10 100 77 89 4 0 24 0.00 0.0 0 13.3 20 170 M M 0 25 160
11 100 79 90 5 0 25 0.00 0.0 0 12.2 17 180 M M 0 22 160
12 104 79 92 7 0 27 0.00 0.0 0 10.6 14 140 M M 0 20 230
13 104 79 92 7 0 27 0.00 0.0 0 11.0 16 160 M M 0 22 150
14 106 79 93 8 0 28 0.00 0.0 0 11.0 15 200 M M 0 21 170
15 106 81 94 10 0 29 0.00 0.0 0 10.7 15 170 M M 0 20 180
16 104 70 87 3 0 22 0.08 0.0 0 9.3 32 40 M M 1 3 44 40
17 91 72 82 -2 0 17 0.01 0.0 0 3.4 9 140 M M 1 3 12 0
18 97 72 85 1 0 20 0.00 0.0 0 9.0 17 20 M M 0 22 20
19 95 64 80 -4 0 15 0.00 0.0 0 7.0 16 30 M M 1 18 30
20 93 70 82 -2 0 17 0.00 0.0 0 7.8 13 110 M M 0 17 80
21 95 70 83 -1 0 18 0.00 0.0 0 7.6 12 70 M M 1 17 50
22 97 75 86 2 0 21 0.00 0.0 0 5.4 15 120 M M 2 17 0
23 97 70 84 0 0 19 0.00 0.0 0 6.1 12 90 M M 1 16 140
24 97 72 85 1 0 20 0.00 0.0 0 5.5 12 90 M M 0 8 18 80
25 97 72 85 2 0 20 0.00 0.0 0 6.7 14 50 M M 1 17 70
26 95 73 84 1 0 19 0.00 0.0 0 8.2 17 90 M M 2 23 70
27 95 72 84 1 0 19 0.00 0.0 0 5.0 12 40 M M 2 M M
28 106 77 92 9 0 27 0.00 0.0 0 9.0 18 160 M M 1 8 21 160
29 106 77 92 10 0 27 0.00 0.0 0 10.0 14 220 M M 1 3 20 220
30 100 75 88 6 0 23 0.05 0.0 0 10.0 14 170 M M 3 23 200
31 100 81 91 9 0 26 0.00 0.0 0 12.6 18 160 M M 1 28 160
================================================================================
SM 3060 2289 0 672 0.18 0.0 271.6 M 20
================================================================================
AV 98.7 73.8 8.8 FASTST M M 1 MAX(MPH)
MISC ----> # 32 40 # 44 40
================================================================================
NOTES:
# LAST OF SEVERAL OCCURRENCES
COLUMN 17 PEAK WIND IN M.P.H.
PRELIMINARY LOCAL CLIMATOLOGICAL DATA (WS FORM: F-6) , PAGE 2
STATION: CLEBURNE
MONTH: AUGUST
YEAR: 2020
LATITUDE: 32 20 N
LONGITUDE: 97 24 W
[TEMPERATURE DATA] [PRECIPITATION DATA] SYMBOLS USED IN COLUMN 16
AVERAGE MONTHLY: 86.3 TOTAL FOR MONTH: 0.18 1 = FOG OR MIST
DPTR FM NORMAL: 2.3 DPTR FM NORMAL: -2.41 2 = FOG REDUCING VISIBILITY
HIGHEST: 106 ON 29,28 GRTST 24HR 0.08 ON 16-16 TO 1/4 MILE OR LESS
LOWEST: 64 ON 19 3 = THUNDER
SNOW, ICE PELLETS, HAIL 4 = ICE PELLETS
TOTAL MONTH: 0.0 INCH 5 = HAIL
GRTST 24HR 0.0 6 = FREEZING RAIN OR DRIZZLE
GRTST DEPTH: 0 7 = DUSTSTORM OR SANDSTORM:
VSBY 1/2 MILE OR LESS
8 = SMOKE OR HAZE
[NO. OF DAYS WITH] [WEATHER - DAYS WITH] 9 = BLOWING SNOW
X = TORNADO
MAX 32 OR BELOW: 0 0.01 INCH OR MORE: 4
MAX 90 OR ABOVE: 31 0.10 INCH OR MORE: 0
MIN 32 OR BELOW: 0 0.50 INCH OR MORE: 0
MIN 0 OR BELOW: 0 1.00 INCH OR MORE: 0
[HDD (BASE 65) ]
TOTAL THIS MO. 0 CLEAR (SCALE 0-3) 31
DPTR FM NORMAL 0 PTCLDY (SCALE 4-7) 0
TOTAL FM JUL 1 0 CLOUDY (SCALE 8-10) 0
DPTR FM NORMAL 0
[CDD (BASE 65) ]
TOTAL THIS MO. 672
DPTR FM NORMAL 82 [PRESSURE DATA]
TOTAL FM JAN 1 2215 HIGHEST SLP M ON M
DPTR FM NORMAL 233 LOWEST SLP M ON M
[REMARKS]
#FINAL-08-20#