000
CXUS54 KCRP 012201 CCA
CLMCRP
CLIMATE REPORT
NATIONAL WEATHER SERVICE CORPUS CHRISTI TX
1034 AM CDT SAT JUL 01 2023
...................................
...THE CORPUS CHRISTI CLIMATE SUMMARY FOR THE MONTH OF JUNE 2023...
CLIMATE NORMAL PERIOD 1991 TO 2020
CLIMATE RECORD PERIOD 1887 TO 2023
WEATHER OBSERVED NORMAL DEPART LAST YEAR`S
VALUE DATE(S) VALUE FROM VALUE DATE(S)
NORMAL
................................................................
TEMPERATURE (F)
RECORD
HIGH 107 06/29/2013
LOW 56 06/03/1919
HIGHEST 103 06/21 91 12 99 06/12
LOWEST 70 06/05 73 -3 70 06/23
06/06
AVG. MAXIMUM 96.2 91.6 4.6 93.2
AVG. MINIMUM 77.1 74.9 2.2 74.3
MEAN 86.7 83.2 3.5 83.7
DAYS MAX >= 90 29 23.2 5.8 30
DAYS MAX <= 32 0 0.0 0.0 0
DAYS MIN <= 32 0 0.0 0.0 0
DAYS MIN <= 0 0 0.0 0.0 0
PRECIPITATION (INCHES)
RECORD
MAXIMUM 13.35 1973
MINIMUM T 1915
1907
TOTALS 0.80 3.56 -2.76 0.27
DAILY AVG. 0.03 0.12 -0.09 0.01
DAYS >= .01 2 6.5 -4.5 4
DAYS >= .10 1 4.1 -3.1 1
DAYS >= .50 1 2.1 -1.1 0
DAYS >= 1.00 0 1.1 -1.1 0
GREATEST
24 HR. TOTAL 0.80 06/04 TO 06/05 0.23
SNOWFALL (INCHES)
RECORDS
TOTAL 0.0 MM
24 HR TOTAL 0.0 MM
TOTALS 0.0 0.0 0.0 0.0
SINCE 7/1 0.0 0.2 -0.2 MM
SNOWDEPTH AVG. 0 0
DAYS >= 1.0 0 0.0 0.0 0
GREATEST
SNOW DEPTH 0 0
24 HR TOTAL 0.0 MM
DEGREE DAYS
HEATING TOTAL 0 0 0 0
SINCE 7/1 728 801 -73 MM
COOLING TOTAL 656 547 109 570
SINCE 1/1 1876 1481 395 MM
................................................................
WIND (MPH)
AVERAGE WIND SPEED 10.8
HIGHEST WIND SPEED/DIRECTION 25/150 DATE 06/14
25/340 06/22
HIGHEST GUST SPEED/DIRECTION 38/340 DATE 06/22
SKY COVER
AVERAGE SKY COVER 0.47
AVERAGE RH (PERCENT) 76
WEATHER CONDITIONS. NUMBER OF DAYS WITH
THUNDERSTORM 3 MIXED PRECIP 0
HEAVY RAIN 1 RAIN 2
LIGHT RAIN 5 FREEZING RAIN 0
LT FREEZING RAIN 0 HAIL 0
HEAVY SNOW 0 SNOW 0
LIGHT SNOW 0 SLEET 0
FOG 13 FOG W/VIS <= 1/4 MILE 0
HAZE 4
- INDICATES NEGATIVE NUMBERS.
R INDICATES RECORD WAS SET OR TIED.
MM INDICATES DATA IS MISSING.
T INDICATES TRACE AMOUNT.
$$
EMF...CORRECTED NUMBER OF LIGHT RAIN DAYS AND MIN PRECIP RECORD YEAR.