000
CXUS54 KFWD 010730
CF6CRS
PRELIMINARY LOCAL CLIMATOLOGICAL DATA (WS FORM: F-6)
STATION: CORSICANA
MONTH: MARCH
YEAR: 2020
LATITUDE: 32 1 N
LONGITUDE: 96 24 W
TEMPERATURE IN F: :PCPN: SNOW: WIND :SUNSHINE: SKY :PK WND
================================================================================
1 2 3 4 5 6A 6B 7 8 9 10 11 12 13 14 15 16 17 18
12Z AVG MX 2MIN
DY MAX MIN AVG DEP HDD CDD WTR SNW DPTH SPD SPD DIR MIN PSBL S-S WX SPD DR
================================================================================
1 73 58 66 11 0 1 0.00 0.0 0 16.6 32 200 M M 6 38 200
2 72 64 68 13 0 3 0.00 0.0 0 14.5 21 210 M M 9 1 26 210
3 71 63 67 12 0 2 T 0.0 0 5.1 12 20 M M 4 18 18 20
4 63 51 57 1 8 0 1.11 0.0 0 13.7 30 70 M M 10 13 43 80
5 72 46 59 3 6 0 M 0.0 0 7.7 15 350 M M 2 1 22 330
6 68 42 55 -1 10 0 0.00 0.0 0 6.9 15 50 M M 0 8 23 50
7 63 45 54 -2 11 0 0.00 0.0 0 9.0 17 110 M M 0 22 130
8 73 47 60 4 5 0 T 0.0 0 14.1 24 160 M M 3 32 170
9 69 61 65 8 0 0 0.02 0.0 0 14.6 23 160 M M 9 1 32 180
10 79 63 71 14 0 6 0.00 0.0 0 5.8 15 190 M M 6 1 22 220
11 80 64 72 15 0 7 0.00 0.0 0 12.3 20 210 M M 4 1 27 180
12 84 66 75 17 0 10 0.00 0.0 0 14.0 24 220 M M 3 34 220
13 81 67 74 16 0 9 0.01 0.0 0 8.6 17 150 M M 7 1 23 130
14 78 58 68 10 0 3 T 0.0 0 9.3 22 170 M M 9 1 29 160
15 66 54 60 2 5 0 T 0.0 0 9.2 15 50 M M 10 1 22 50
16 68 53 61 3 4 0 0.14 0.0 0 6.8 16 130 M M 8 138 22 120
17 77 61 69 10 0 4 0.61 0.0 0 6.8 16 130 M M 8 138 23 130
18 79 67 73 14 0 8 T 0.0 0 12.0 22 160 M M 7 1 31 170
19 80 67 74 15 0 9 0.14 0.0 0 12.5 30 180 M M 7 138 39 170
20 70 45 58 -1 7 0 0.95 0.0 0 12.6 31 290 M M 9 13 41 290
21 57 45 51 -9 14 0 0.67 0.0 0 8.4 28 120 M M 10 13 37 120
22 60 54 57 -3 8 0 0.39 0.0 0 2.9 16 140 M M 10 123 21 140
23 72 60 66 6 0 1 T 0.0 0 5.3 17 170 M M 10 12 23 180
24 86 64 75 15 0 10 0.00 0.0 0 10.8 25 210 M M 4 33 210
25 87 53 70 10 0 5 0.00 0.0 0 7.4 18 190 M M 0 18 26 170
26 83 65 74 13 0 9 T 0.0 0 12.5 21 170 M M 1 1 28 180
27 85 66 76 15 0 11 T 0.0 0 11.8 24 190 M M 4 1 32 180
28 77 54 66 5 0 1 0.02 0.0 0 8.1 23 150 M M 4 13 34 330
29 71 50 61 0 4 0 T 0.0 0 4.8 10 110 M M 2 3 15 100
30 65 57 61 -1 4 0 1.33 0.0 0 8.7 18 90 M M 10 13 28 80
31 67 53 60 -2 5 0 T 0.0 0 9.1 21 340 M M 6 1 30 350
================================================================================
SM 2276 1763 91 99 5.39 0.0 301.9 M 182
================================================================================
AV 73.4 56.9 9.7 FASTST M M 6 MAX(MPH)
MISC ----> # 32 200 # 43 80
================================================================================
NOTES:
# LAST OF SEVERAL OCCURRENCES
COLUMN 17 PEAK WIND IN M.P.H.
PRELIMINARY LOCAL CLIMATOLOGICAL DATA (WS FORM: F-6) , PAGE 2
STATION: CORSICANA
MONTH: MARCH
YEAR: 2020
LATITUDE: 32 1 N
LONGITUDE: 96 24 W
[TEMPERATURE DATA] [PRECIPITATION DATA] SYMBOLS USED IN COLUMN 16
AVERAGE MONTHLY: 65.2 TOTAL FOR MONTH: 5.39 1 = FOG OR MIST
DPTR FM NORMAL: 6.7 DPTR FM NORMAL: 1.69 2 = FOG REDUCING VISIBILITY
HIGHEST: 87 ON 25 GRTST 24HR 1.33 ON 30-30 TO 1/4 MILE OR LESS
LOWEST: 42 ON 6 3 = THUNDER
SNOW, ICE PELLETS, HAIL 4 = ICE PELLETS
TOTAL MONTH: 0.0 INCH 5 = HAIL
GRTST 24HR 0.0 6 = FREEZING RAIN OR DRIZZLE
GRTST DEPTH: 0 7 = DUSTSTORM OR SANDSTORM:
VSBY 1/2 MILE OR LESS
8 = SMOKE OR HAZE
[NO. OF DAYS WITH] [WEATHER - DAYS WITH] 9 = BLOWING SNOW
X = TORNADO
MAX 32 OR BELOW: 0 0.01 INCH OR MORE: 11
MAX 90 OR ABOVE: 0 0.10 INCH OR MORE: 8
MIN 32 OR BELOW: 0 0.50 INCH OR MORE: 5
MIN 0 OR BELOW: 0 1.00 INCH OR MORE: 2
[HDD (BASE 65) ]
TOTAL THIS MO. 91 CLEAR (SCALE 0-3) 7
DPTR FM NORMAL -146 PTCLDY (SCALE 4-7) 13
TOTAL FM JUL 1 1730 CLOUDY (SCALE 8-10) 11
DPTR FM NORMAL -279
[CDD (BASE 65) ]
TOTAL THIS MO. 99
DPTR FM NORMAL 68 [PRESSURE DATA]
TOTAL FM JAN 1 107 HIGHEST SLP M ON M
DPTR FM NORMAL 63 LOWEST SLP 29.61 ON 27
[REMARKS]
#FINAL-03-20#