000
CXUS54 KOUN 010810
CF6CSM
PRELIMINARY LOCAL CLIMATOLOGICAL DATA (WS FORM: F-6)
STATION: CLINTON
MONTH: AUGUST
YEAR: 2023
LATITUDE: 35 20 N
LONGITUDE: 99 12 W
TEMPERATURE IN F: :PCPN: SNOW: WIND :SUNSHINE: SKY :PK WND
================================================================================
1 2 3 4 5 6A 6B 7 8 9 10 11 12 13 14 15 16 17 18
12Z AVG MX 2MIN
DY MAX MIN AVG DEP HDD CDD WTR SNW DPTH SPD SPD DIR MIN PSBL S-S WX SPD DR
================================================================================
1 105 77 91 8 0 26 0.00 M M 14.6 24 210 M M 0 32 210
2 105 73 89 6 0 24 0.00 M M 15.3 23 220 M M 0 31 210
3 104 78 91 8 0 26 0.00 M M 14.3 24 220 M M 0 33 210
4 103 78 91 8 0 26 0.00 M M 9.8 18 210 M M 1 23 180
5 96 74 85 2 0 20 T M M 15.9 35 110 M M 0 8 40 130
6 92 68 80 -3 0 15 0.15 M M 12.2 28 60 M M 1 13 33 60
7 89 69 79 -4 0 14 M M M 10.5 25 30 M M 1 30 40
8 95 66 81 -2 0 16 0.25 M M 17.3 44 230 M M 0 13 52 230
9 94 71 83 0 0 18 0.03 M M 10.4 22 140 M M 1 13 28 150
10 95 64 80 -2 0 15 0.00 M M 7.2 15 110 M M 0 25 90
11 108 72 90 8 0 25 0.08 M M 11.5 43 250 M M 1 38 54 250
12 98 72 85 3 0 20 0.92 M M 10.8 36 210 M M 2 138 59 220
13 95 69 82 0 0 17 0.31 M M 11.0 49 300 M M 2 13 60 300
14 83 65 74 -8 0 9 0.04 0.0 M 11.4 26 30 M M 3 1 34 20
15 88 61 75 -7 0 10 0.00 0.0 M 4.5 14 100 M M 0 17 100
16 96 65 81 -1 0 16 0.00 0.0 M 14.4 24 180 M M 0 40 160
17 99 73 86 5 0 21 0.00 M M 13.0 21 50 M M 0 27 70
18 101 67 84 3 0 19 0.00 M M 8.1 14 140 M M 0 17 140
19 105 74 90 9 0 25 0.00 M M 10.5 17 160 M M 0 8 23 210
20 104 73 89 8 0 24 0.00 M M 10.0 15 110 M M 0 23 200
21 103 73 88 8 0 23 0.00 M M 7.8 20 110 M M 0 8 26 80
22 101 74 88 8 0 23 0.00 M M 7.0 17 90 M M 0 28 80
23 100 75 88 8 0 23 0.00 M M 8.4 16 150 M M 0 21 160
24 101 73 87 7 0 22 0.00 M M 9.5 21 190 M M 0 29 180
25 104 74 89 9 0 24 0.00 M M 8.1 17 220 M M 0 24 200
26 96 73 85 6 0 20 0.00 M M 14.5 24 330 M M 0 28 330
27 90 70 80 1 0 15 0.00 M M 10.3 16 360 M M 1 20 360
28 92 61 77 -2 0 12 0.00 M M 7.0 16 60 M M 0 26 20
29 93 62 78 0 0 13 0.00 M M 6.7 18 10 M M 1 24 30
30 93 64 79 1 0 14 0.00 M M 8.3 13 20 M M 0 16 110
31 95 64 80 2 0 15 0.00 M M 8.4 15 110 M M 0 21 100
================================================================================
SM 3023 2172 0 590 1.78 0.0 328.7 M 14
================================================================================
AV 97.5 70.1 10.6 FASTST M M 0 MAX(MPH)
MISC ----> 49 300 60 300
================================================================================
NOTES:
# LAST OF SEVERAL OCCURRENCES
COLUMN 17 PEAK WIND IN M.P.H.
PRELIMINARY LOCAL CLIMATOLOGICAL DATA (WS FORM: F-6) , PAGE 2
STATION: CLINTON
MONTH: AUGUST
YEAR: 2023
LATITUDE: 35 20 N
LONGITUDE: 99 12 W
[TEMPERATURE DATA] [PRECIPITATION DATA] SYMBOLS USED IN COLUMN 16
AVERAGE MONTHLY: 83.8 TOTAL FOR MONTH: 1.78 1 = FOG OR MIST
DPTR FM NORMAL: 2.6 DPTR FM NORMAL: -1.34 2 = FOG REDUCING VISIBILITY
HIGHEST: 108 ON 11 GRTST 24HR 0.93 ON 12-13 TO 1/4 MILE OR LESS
LOWEST: 61 ON 28,15 3 = THUNDER
SNOW, ICE PELLETS, HAIL 4 = ICE PELLETS
TOTAL MONTH: 0.0 INCH 5 = HAIL
GRTST 24HR 0.0 6 = FREEZING RAIN OR DRIZZLE
GRTST DEPTH: M ON M 7 = DUSTSTORM OR SANDSTORM:
VSBY 1/2 MILE OR LESS
8 = SMOKE OR HAZE
[NO. OF DAYS WITH] [WEATHER - DAYS WITH] 9 = BLOWING SNOW
X = TORNADO
MAX 32 OR BELOW: 0 0.01 INCH OR MORE: 7
MAX 90 OR ABOVE: 28 0.10 INCH OR MORE: 4
MIN 32 OR BELOW: 0 0.50 INCH OR MORE: 1
MIN 0 OR BELOW: 0 1.00 INCH OR MORE: 0
[HDD (BASE 65) ]
TOTAL THIS MO. 0 CLEAR (SCALE 0-3) 31
DPTR FM NORMAL 0 PTCLDY (SCALE 4-7) 0
TOTAL FM JUL 1 0 CLOUDY (SCALE 8-10) 0
DPTR FM NORMAL 0
[CDD (BASE 65) ]
TOTAL THIS MO. 590
DPTR FM NORMAL 88 [PRESSURE DATA]
TOTAL FM JAN 1 1668 HIGHEST SLP M ON M
DPTR FM NORMAL 15 LOWEST SLP 29.63 ON 11
[REMARKS]
#FINAL-08-23#