000
CXUS55 KOHX 011110
CF6CSV
PRELIMINARY LOCAL CLIMATOLOGICAL DATA (WS FORM: F-6)
STATION: CROSSVILLE
MONTH: MARCH
YEAR: 2022
LATITUDE: 35 57 N
LONGITUDE: 85 5 W
TEMPERATURE IN F: :PCPN: SNOW: WIND :SUNSHINE: SKY :PK WND
================================================================================
1 2 3 4 5 6A 6B 7 8 9 10 11 12 13 14 15 16 17 18
12Z AVG MX 2MIN
DY MAX MIN AVG DEP HDD CDD WTR SNW DPTH SPD SPD DIR MIN PSBL S-S WX SPD DR
================================================================================
1 61 27 44 2 21 0 0.00 M M 4.4 17 260 M M 0 22 260
2 69 40 55 13 10 0 0.00 M M 6.4 16 330 M M 0 24 280
3 73 45 59 17 6 0 0.00 M M 7.9 15 270 M M 0 8 20 250
4 74 38 56 13 9 0 0.00 M M 4.5 12 180 M M 0 21 200
5 69 55 62 19 3 0 0.00 M M 9.2 18 190 M M 2 36 180
6 73 57 65 22 0 0 0.00 M M 9.1 17 190 M M 6 32 240
7 65 36 51 7 14 0 0.79 M M 11.0 23 290 M M 8 1 35 210
8 52 33 43 -1 22 0 0.88 M M 6.7 12 100 M M 8 1 17 110
9 47 37 42 -2 23 0 0.06 M M 7.2 16 340 M M 7 18 24 140
10 58 36 47 3 18 0 0.00 M M 4.4 14 270 M M 3 18 270
11 64 27 46 2 19 0 0.07 M M 8.5 22 330 M M 5 1 32 350
12 27 13 20 -25 45 0 0.05 M M 11.8 23 330 M M 5 128 37 330
13 50 11 31 -14 34 0 0.00 M M 5.5 15 240 M M 1 24 200
14 60 30 45 0 20 0 0.00 M M 4.6 15 190 M M 1 27 190
15 60 48 54 8 11 0 0.00 M M 6.0 13 170 M M 4 20 180
16 63 47 55 9 10 0 0.54 M M 3.3 13 120 M M 8 1 20 160
17 69 43 56 10 9 0 T M M 2.6 10 220 M M 3 12 17 210
18 58 49 54 8 11 0 0.23 M M 8.0 23 160 M M 6 13 44 150
19 58 36 47 0 18 0 0.00 M M 9.3 21 260 M M 9 32 250
20 60 29 45 -2 20 0 0.00 M M 4.2 16 280 M M 0 27 280
21 66 32 49 2 16 0 0.00 M M 5.5 13 150 M M 0 22 160
22 70 54 62 14 3 0 0.16 M M 11.6 20 150 M M 2 1 39 160
23 68 42 55 7 10 0 0.73 M M 11.0 24 200 M M 6 1 45 190
24 57 38 48 0 17 0 0.00 M M 7.1 25 270 M M 3 34 280
25 46 33 40 -8 25 0 0.00 M M 8.7 22 270 M M 8 31 250
26 52 34 43 -6 22 0 0.00 M M 14.6 31 270 M M 1 44 270
27 48 29 39 -10 26 0 0.00 M M 7.7 17 270 M M 1 27 270
28 52 31 42 -8 23 0 0.00 M M 5.2 13 310 M M 5 19 330
29 67 36 52 2 13 0 0.00 M M 7.5 15 170 M M 4 24 190
30 73 57 65 15 0 0 0.16 M M 13.7 26 170 M M 1 51 190
31 73 40 57 7 8 0 0.26 M M 10.2 26 170 M M 9 1 51 190
================================================================================
SM 1882 1163 486 0 3.93 M 237.4 M 116
================================================================================
AV 60.7 37.5 7.7 FASTST M M 4 MAX(MPH)
MISC ----> 31 270 # 51 190
================================================================================
NOTES:
# LAST OF SEVERAL OCCURRENCES
COLUMN 17 PEAK WIND IN M.P.H.
PRELIMINARY LOCAL CLIMATOLOGICAL DATA (WS FORM: F-6) , PAGE 2
STATION: CROSSVILLE
MONTH: MARCH
YEAR: 2022
LATITUDE: 35 57 N
LONGITUDE: 85 5 W
[TEMPERATURE DATA] [PRECIPITATION DATA] SYMBOLS USED IN COLUMN 16
AVERAGE MONTHLY: 49.1 TOTAL FOR MONTH: 3.93 1 = FOG OR MIST
DPTR FM NORMAL: 3.1 DPTR FM NORMAL: -1.51 2 = FOG REDUCING VISIBILITY
HIGHEST: 74 ON 4 GRTST 24HR 0.94 ON 8- 9 TO 1/4 MILE OR LESS
LOWEST: 11 ON 13 3 = THUNDER
SNOW, ICE PELLETS, HAIL 4 = ICE PELLETS
TOTAL MONTH: M 5 = HAIL
GRTST 24HR M ON M 6 = FREEZING RAIN OR DRIZZLE
GRTST DEPTH: M ON M 7 = DUSTSTORM OR SANDSTORM:
VSBY 1/2 MILE OR LESS
8 = SMOKE OR HAZE
[NO. OF DAYS WITH] [WEATHER - DAYS WITH] 9 = BLOWING SNOW
X = TORNADO
MAX 32 OR BELOW: 1 0.01 INCH OR MORE: 11
MAX 90 OR ABOVE: 0 0.10 INCH OR MORE: 8
MIN 32 OR BELOW: 9 0.50 INCH OR MORE: 4
MIN 0 OR BELOW: 0 1.00 INCH OR MORE: 0
[HDD (BASE 65) ]
TOTAL THIS MO. 486 CLEAR (SCALE 0-3) 16
DPTR FM NORMAL -104 PTCLDY (SCALE 4-7) 11
TOTAL FM JUL 1 3529 CLOUDY (SCALE 8-10) 4
DPTR FM NORMAL -435
[CDD (BASE 65) ]
TOTAL THIS MO. 0
DPTR FM NORMAL -1 [PRESSURE DATA]
TOTAL FM JAN 1 0 HIGHEST SLP 30.42 ON 14
DPTR FM NORMAL -1 LOWEST SLP 29.53 ON 31
[REMARKS]
#FINAL-03-22#