000
CXUS56 KTFX 182141
CF6CTB
PRELIMINARY LOCAL CLIMATOLOGICAL DATA (WS FORM: F-6)
STATION: CUT BANK MT
MONTH: DECEMBER
YEAR: 2021
LATITUDE: 48 37 N
LONGITUDE: 112 23 W
TEMPERATURE IN F: :PCPN: SNOW: WIND :SUNSHINE: SKY :PK WND
================================================================================
1 2 3 4 5 6A 6B 7 8 9 10 11 12 13 14 15 16 17 18
12Z AVG MX 2MIN
DY MAX MIN AVG DEP HDD CDD WTR SNW DPTH SPD SPD DIR MIN PSBL S-S WX SPD DR
================================================================================
1 62 51 57 31 8 0 0.00 M 0 34.0 61 250 M M 0 77 250
2 54 20 37 11 28 0 0.00 M 0 22.0 45 260 M M 0 1 55 260
3 28 15 22 -3 43 0 0.00 M 0 4.5 13 140 M M 4 1 17 130
4 26 19 23 -2 42 0 0.14 M 1 8.9 21 300 M M 9 1 25 310
5 25 -9 8 -17 57 0 T M 2 10.4 24 350 M M 6 18 31 350
6 18 -11 4 -20 61 0 0.03 M 2 4.8 13 360 M M 6 1 15 10
7 40 -6 17 -7 48 0 T M 3 21.2 43 240 M M 3 12 54 240
8 44 18 31 7 34 0 0.02 M T 22.3 56 240 M M 3 18 70 240
9 30 15 23 -1 42 0 0.00 M 1 14.0 25 260 M M 0 33 250
10 29 8 19 -5 46 0 0.00 M T 23.5 40 250 M M 0 55 250
11 39 29 34 11 31 0 0.00 M 0 32.5 61 250 M M 1 83 260
12 39 20 30 7 35 0 T M 0 13.4 30 240 M M 5 1 40 240
13 32 17 25 2 40 0 0.01 M 0 7.1 16 160 M M 7 12 21 160
14 27 9 18 -5 47 0 0.00 M T 12.7 25 340 M M 10 12 33 340
15 16 -2 7 -15 58 0 0.00 M 0 7.5 20 350 M M 4 12 23 350
16 30 -4 13 -9 52 0 T M 0 13.6 38 340 M M 5 48 340
17 6 -12 -3 -25 68 0 T M T 9.0 36 330 M M 2 8 46 330
18 41 -4 19 -3 46 0 0.00 M T 20.0 44 240 M M 2 57 240
19 37 10 24 2 41 0 0.01 M T 14.4 31 230 M M 8 18 42 230
20 23 1 12 -10 53 0 0.00 M 1 8.5 25 270 M M 1 31 270
21 39 17 28 6 37 0 0.00 M 1 26.3 39 260 M M 1 49 250
22 41 30 36 14 29 0 0.00 M 0 24.8 47 240 M M 1 59 240
23 43 6 25 4 40 0 0.04 M 0 19.6 39 230 M M 3 1 52 240
24 6 -3 2 -19 63 0 0.01 M T 8.7 15 20 M M 9 18 18 10
25 -3 -11 -7 -28 72 0 0.04 M M 8.3 16 360 M M 9 18 19 10
26 -7 -26 -16 -37 81 0 0.09 M M 13.7 25 340 M M 8 18 30 340
27 -12 -26 -19 -40 84 0 0.00 M 3 5.1 10 10 M M 2 13 170
28 4 -19 -7 -28 72 0 0.03 M 3 7.1 23 20 M M 7 18 27 20
29 12 -25 -6 -27 71 0 0.07 M 4 14.5 46 250 M M 2 8 59 250
30 14 -5 5 -16 60 0 T M 1 18.6 45 250 M M 10 18 56 250
31 -3 -24 -13 -34 78 0 0.06 M 2 6.2 16 360 M M 6 18 20 360
================================================================================
SM 780 98 1567 0 0.55 M 457.2 M 134
================================================================================
AV 25.2 3.2 14.7 FASTST M M 4 MAX(MPH)
MISC ----> # 61 250 83 260
================================================================================
NOTES:
# LAST OF SEVERAL OCCURRENCES
COLUMN 17 PEAK WIND IN M.P.H.
PRELIMINARY LOCAL CLIMATOLOGICAL DATA (WS FORM: F-6) , PAGE 2
STATION: CUT BANK MT
MONTH: DECEMBER
YEAR: 2021
LATITUDE: 48 37 N
LONGITUDE: 112 23 W
[TEMPERATURE DATA] [PRECIPITATION DATA] SYMBOLS USED IN COLUMN 16
AVERAGE MONTHLY: 14.2 TOTAL FOR MONTH: 0.55 1 = FOG OR MIST
DPTR FM NORMAL: -8.6 DPTR FM NORMAL: 0.24 2 = FOG REDUCING VISIBILITY
HIGHEST: 62 ON 1 GRTST 24HR 0.14 ON 4- 4 TO 1/4 MILE OR LESS
LOWEST: -26 ON 27,26 3 = THUNDER
SNOW, ICE PELLETS, HAIL 4 = ICE PELLETS
TOTAL MONTH: M 5 = HAIL
GRTST 24HR M ON M 6 = FREEZING RAIN OR DRIZZLE
GRTST DEPTH: 4 ON 29 7 = DUSTSTORM OR SANDSTORM:
VSBY 1/2 MILE OR LESS
8 = SMOKE OR HAZE
[NO. OF DAYS WITH] [WEATHER - DAYS WITH] 9 = BLOWING SNOW
X = TORNADO
MAX 32 OR BELOW: 20 0.01 INCH OR MORE: 12
MAX 90 OR ABOVE: 0 0.10 INCH OR MORE: 1
MIN 32 OR BELOW: 30 0.50 INCH OR MORE: 0
MIN 0 OR BELOW: 15 1.00 INCH OR MORE: 0
[HDD (BASE 65) ]
TOTAL THIS MO. 1567 CLEAR (SCALE 0-3) 15
DPTR FM NORMAL 257 PTCLDY (SCALE 4-7) 10
TOTAL FM JUL 1 3439 CLOUDY (SCALE 8-10) 6
DPTR FM NORMAL -123
[CDD (BASE 65) ]
TOTAL THIS MO. 0
DPTR FM NORMAL 0 [PRESSURE DATA]
TOTAL FM JAN 1 365 HIGHEST SLP 30.56 ON 5
DPTR FM NORMAL 202 LOWEST SLP 28.94 ON 23
[REMARKS]
#FINAL-12-21#