000
CXUS56 KTFX 011110
CF6CTB
PRELIMINARY LOCAL CLIMATOLOGICAL DATA (WS FORM: F-6)
STATION: CUT BANK MT
MONTH: MAY
YEAR: 2020
LATITUDE: 48 37 N
LONGITUDE: 112 23 W
TEMPERATURE IN F: :PCPN: SNOW: WIND :SUNSHINE: SKY :PK WND
================================================================================
1 2 3 4 5 6A 6B 7 8 9 10 11 12 13 14 15 16 17 18
12Z AVG MX 2MIN
DY MAX MIN AVG DEP HDD CDD WTR SNW DPTH SPD SPD DIR MIN PSBL S-S WX SPD DR
================================================================================
1 60 37 49 3 16 0 0.03 M 0 10.8 21 280 M M 6 1 27 250
2 66 29 48 2 17 0 0.00 M 0 6.9 20 130 M M 1 25 140
3 57 34 46 0 19 0 0.00 M 0 20.8 39 240 M M 3 47 230
4 57 31 44 -2 21 0 0.00 M 0 21.1 39 260 M M 2 47 260
5 62 27 45 -2 20 0 0.00 M 0 7.5 15 350 M M 0 16 360
6 60 33 47 0 18 0 T M 0 14.6 35 260 M M 5 40 260
7 62 37 50 3 15 0 0.05 M 0 11.8 23 270 M M 8 28 270
8 53 34 44 -4 21 0 0.08 M 0 15.6 32 360 M M 9 1 38 330
9 57 28 43 -5 22 0 T M 0 8.0 30 30 M M 6 35 30
10 48 34 41 -7 24 0 0.00 M 0 12.0 20 90 M M 10 25 90
11 48 34 41 -7 24 0 0.00 M 0 11.0 18 110 M M 10 23 90
12 44 30 37 -12 28 0 0.08 M 0 7.2 17 120 M M 8 18 20 110
13 58 31 45 -4 20 0 0.02 M 0 11.1 25 280 M M 7 1 33 270
14 65 37 51 2 14 0 0.00 M 0 12.9 26 360 M M 4 31 360
15 67 35 51 1 14 0 T M 0 10.6 25 360 M M 4 33 360
16 71 36 54 4 11 0 0.00 M 0 9.4 24 180 M M 1 32 170
17 69 38 54 4 11 0 0.00 M 0 6.0 21 270 M M 4 26 280
18 67 45 56 5 9 0 0.02 M 0 8.7 20 250 M M 6 24 260
19 66 43 55 4 10 0 0.04 M 0 15.0 25 350 M M 6 1 31 340
20 52 47 50 -1 15 0 0.78 M 0 14.8 25 350 M M 10 123 30 350
21 52 43 48 -4 17 0 0.79 M 0 26.5 51 250 M M 6 1 61 240
22 55 40 48 -4 17 0 0.00 M 0 26.6 37 250 M M 0 44 230
23 59 37 48 -4 17 0 0.00 M 0 7.9 18 260 M M 5 23 260
24 64 36 50 -2 15 0 0.00 M 0 9.2 20 260 M M 5 23 260
25 68 43 56 3 9 0 0.02 M 0 14.4 26 240 M M 3 34 180
26 69 45 57 4 8 0 0.00 M 0 17.6 35 250 M M 3 43 240
27 67 44 56 3 9 0 T M 0 7.4 21 50 M M 7 26 60
28 71 38 55 2 10 0 0.00 M 0 10.5 25 130 M M 1 30 130
29 77 47 62 8 3 0 0.00 M 0 5.7 14 130 M M 0 17 130
30 82 48 65 11 0 0 0.00 M 0 13.1 26 140 M M 0 35 120
31 71 52 62 8 3 0 0.01 M 0 22.0 52 250 M M 1 65 250
================================================================================
SM 1924 1173 457 0 1.92 M 396.7 M 141
================================================================================
AV 62.1 37.8 12.8 FASTST M M 5 MAX(MPH)
MISC ----> 52 250 65 250
================================================================================
NOTES:
# LAST OF SEVERAL OCCURRENCES
COLUMN 17 PEAK WIND IN M.P.H.
PRELIMINARY LOCAL CLIMATOLOGICAL DATA (WS FORM: F-6) , PAGE 2
STATION: CUT BANK MT
MONTH: MAY
YEAR: 2020
LATITUDE: 48 37 N
LONGITUDE: 112 23 W
[TEMPERATURE DATA] [PRECIPITATION DATA] SYMBOLS USED IN COLUMN 16
AVERAGE MONTHLY: 50.0 TOTAL FOR MONTH: 1.92 1 = FOG OR MIST
DPTR FM NORMAL: 0.1 DPTR FM NORMAL: -0.03 2 = FOG REDUCING VISIBILITY
HIGHEST: 82 ON 30 GRTST 24HR 1.25 ON 20-21 TO 1/4 MILE OR LESS
LOWEST: 27 ON 5 3 = THUNDER
SNOW, ICE PELLETS, HAIL 4 = ICE PELLETS
TOTAL MONTH: M 5 = HAIL
GRTST 24HR M ON M 6 = FREEZING RAIN OR DRIZZLE
GRTST DEPTH: 0 7 = DUSTSTORM OR SANDSTORM:
VSBY 1/2 MILE OR LESS
8 = SMOKE OR HAZE
[NO. OF DAYS WITH] [WEATHER - DAYS WITH] 9 = BLOWING SNOW
X = TORNADO
MAX 32 OR BELOW: 0 0.01 INCH OR MORE: 11
MAX 90 OR ABOVE: 0 0.10 INCH OR MORE: 2
MIN 32 OR BELOW: 6 0.50 INCH OR MORE: 2
MIN 0 OR BELOW: 0 1.00 INCH OR MORE: 0
[HDD (BASE 65) ]
TOTAL THIS MO. 457 CLEAR (SCALE 0-3) 12
DPTR FM NORMAL -11 PTCLDY (SCALE 4-7) 14
TOTAL FM JUL 1 8679 CLOUDY (SCALE 8-10) 5
DPTR FM NORMAL 390
[CDD (BASE 65) ]
TOTAL THIS MO. 0
DPTR FM NORMAL -2 [PRESSURE DATA]
TOTAL FM JAN 1 0 HIGHEST SLP 30.48 ON 8
DPTR FM NORMAL -2 LOWEST SLP 29.44 ON 21
[REMARKS]
#FINAL-05-20#