056
CXUS55 KCAE 011400
CF6CUB
PRELIMINARY LOCAL CLIMATOLOGICAL DATA (WS FORM: F-6)
STATION: HAMILTON - OWENS AIRPORT SC
MONTH: APRIL
YEAR: 2020
LATITUDE: 33 58 N
LONGITUDE: 80 59 W
TEMPERATURE IN F: :PCPN: SNOW: WIND :SUNSHINE: SKY :PK WND
================================================================================
1 2 3 4 5 6A 6B 7 8 9 10 11 12 13 14 15 16 17 18
12Z AVG MX 2MIN
DY MAX MIN AVG DEP HDD CDD WTR SNW DPTH SPD SPD DIR MIN PSBL S-S WX SPD DR
================================================================================
1 63 48 56 -5 9 0 0.00 M M 4.3 12 310 M M 7 20 310
2 68 41 55 -6 10 0 0.00 M M 2.6 13 270 M M 1 27 310
3 77 42 60 -2 5 0 0.00 M M 2.9 13 270 M M 0 19 290
4 80 50 65 3 0 0 0.00 M M 1.5 10 20 M M 0 13 70
5 80 53 67 5 0 2 0.00 M M 2.3 10 180 M M 0 14 220
6 85 55 70 8 0 5 0.00 M M 3.7 14 210 M M 1 20 200
7 86 63 75 13 0 10 0.00 M M 6.9 18 270 M M 1 25 260
8 87 63 75 12 0 10 0.00 M M 6.9 16 270 M M 1 20 260
9 88 70 79 16 0 14 0.00 M M 11.1 25 260 M M 3 33 250
10 70 44 57 -6 8 0 0.00 M M 6.8 18 300 M M 0 8 27 300
11 73 40 57 -6 8 0 0.00 M M 2.8 12 170 M M 0 16 150
12 75 49 62 -2 3 0 0.79 M M 5.3 18 160 M M 6 1 29 150
13 81 62 72 8 0 7 0.58 M M 10.6 30 210 M M 3 13 43 220
14 84 55 70 6 0 5 0.00 M M 3.2 14 190 M M 1 19 180
15 69 49 59 -5 6 0 0.00 M M 4.5 14 70 M M 4 25 50
16 70 44 57 -7 8 0 0.00 M M 2.6 13 300 M M 0 19 280
17 75 43 59 -6 6 0 0.00 M M 5.6 17 200 M M 1 25 160
18 79 55 67 2 0 2 T M M 5.8 21 270 M M 2 30 280
19 62 48 55 -10 10 0 0.24 M M 1.6 9 290 M M 4 1 M M
20 70 53 62 -3 3 0 0.41 M M 3.5 12 310 M M 7 1 20 330
21 79 48 64 -2 1 0 0.00 M M 6.9 18 260 M M 1 31 270
22 75 48 62 -4 3 0 0.00 M M 1.8 10 160 M M 0 15 310
23 69 57 63 -3 2 0 0.22 M M 5.4 28 170 M M 7 1 38 170
24 80 61 71 5 0 6 0.00 M M 6.4 16 260 M M 6 23 270
25 82 55 69 2 0 4 0.00 M M 4.6 15 170 M M 1 20 150
26 77 56 67 0 0 2 0.00 M M 13.1 25 270 M M 0 34 280
27 76 51 64 -3 1 0 0.00 M M 5.0 14 290 M M 0 20 270
28 81 47 64 -3 1 0 0.00 M M 4.8 14 280 M M 0 19 260
29 83 58 71 3 0 6 0.01 M M 11.6 24 170 M M 2 35 160
30 74 56 65 -3 0 0 0.76 M M 9.0 25 270 M M 8 1 36 260
================================================================================
SM 2298 1564 84 73 3.01 M 163.1 M 67
================================================================================
AV 76.6 52.1 5.4 FASTST M M 2 MAX(MPH)
MISC ----> # 30 210 # 43 220
================================================================================
NOTES:
# LAST OF SEVERAL OCCURRENCES
COLUMN 17 PEAK WIND IN M.P.H.
PRELIMINARY LOCAL CLIMATOLOGICAL DATA (WS FORM: F-6) , PAGE 2
STATION: HAMILTON - OWENS AIRPORT SC
MONTH: APRIL
YEAR: 2020
LATITUDE: 33 58 N
LONGITUDE: 80 59 W
[TEMPERATURE DATA] [PRECIPITATION DATA] SYMBOLS USED IN COLUMN 16
AVERAGE MONTHLY: 64.4 TOTAL FOR MONTH: 3.01 1 = FOG OR MIST
DPTR FM NORMAL: -0.1 DPTR FM NORMAL: 0.32 2 = FOG REDUCING VISIBILITY
HIGHEST: 88 ON 9 GRTST 24HR 0.79 ON 12-12 TO 1/4 MILE OR LESS
LOWEST: 40 ON 11 3 = THUNDER
SNOW, ICE PELLETS, HAIL 4 = ICE PELLETS
TOTAL MONTH: M 5 = HAIL
GRTST 24HR M ON M 6 = FREEZING RAIN OR DRIZZLE
GRTST DEPTH: M ON M 7 = DUSTSTORM OR SANDSTORM:
VSBY 1/2 MILE OR LESS
8 = SMOKE OR HAZE
[NO. OF DAYS WITH] [WEATHER - DAYS WITH] 9 = BLOWING SNOW
X = TORNADO
MAX 32 OR BELOW: 0 0.01 INCH OR MORE: 7
MAX 90 OR ABOVE: 0 0.10 INCH OR MORE: 6
MIN 32 OR BELOW: 0 0.50 INCH OR MORE: 3
MIN 0 OR BELOW: 0 1.00 INCH OR MORE: 0
[HDD (BASE 65) ]
TOTAL THIS MO. 84 CLEAR (SCALE 0-3) 22
DPTR FM NORMAL -14 PTCLDY (SCALE 4-7) 8
TOTAL FM JUL 1 1760 CLOUDY (SCALE 8-10) 0
DPTR FM NORMAL -541
[CDD (BASE 65) ]
TOTAL THIS MO. 73
DPTR FM NORMAL -8 [PRESSURE DATA]
TOTAL FM JAN 1 185 HIGHEST SLP 30.31 ON 17
DPTR FM NORMAL 86 LOWEST SLP 29.50 ON 20
[REMARKS]
#FINAL-04-20#