000
CXUS53 KUNR 011534
CLMCUT
CLIMATE REPORT
NATIONAL WEATHER SERVICE RAPID CITY SD
934 AM MDT SAT JUL 01 2023
...................................
...THE CUSTER COUNTY AIRPORT SD CLIMATE SUMMARY FOR THE MONTH OF JUNE 2023...
CLIMATE NORMAL PERIOD 1991 TO 2020
CLIMATE RECORD PERIOD 9999 TO 9999
WEATHER OBSERVED NORMAL DEPART LAST YEAR`S
VALUE DATE(S) VALUE FROM VALUE DATE(S)
NORMAL
................................................................
TEMPERATURE (F)
HIGHEST 82 06/19 88 06/29
LOWEST 38 06/16 31 06/01
06/17
AVG. MAXIMUM 69.8 71.1 -1.3 73.1
AVG. MINIMUM 47.5 46.7 0.8 46.1
MEAN 58.7 58.9 -0.3 59.6
DAYS MAX >= 90 0 0
DAYS MAX <= 32 0 0
DAYS MIN <= 32 0 1
DAYS MIN <= 0 0 0
PRECIPITATION (INCHES)
TOTALS 4.87 3.16 1.71 1.61
DAILY AVG. 0.16 0.11 0.05 0.05
DAYS >= .01 17 11
DAYS >= .10 10 6
DAYS >= .50 4 0
DAYS >= 1.00 1 0
GREATEST
24 HR. TOTAL 1.32 06/30 TO 06/30 0.42
DEGREE DAYS
HEATING TOTAL 187 209 -22 184
SINCE 7/1 8220 8152 68 MM
COOLING TOTAL 5 26 -21 31
SINCE 1/1 5 27 -22 MM
................................................................
WIND (MPH)
AVERAGE WIND SPEED 5.4
HIGHEST WIND SPEED/DIRECTION 26/280 DATE 06/23
HIGHEST GUST SPEED/DIRECTION 40/280 DATE 06/23
AVERAGE RH (PERCENT) 69
WEATHER CONDITIONS. NUMBER OF DAYS WITH
THUNDERSTORM 14 MIXED PRECIP 0
HEAVY RAIN 9 RAIN 12
LIGHT RAIN 15 FREEZING RAIN 0
LT FREEZING RAIN 0 HAIL 0
HEAVY SNOW 0 SNOW 0
LIGHT SNOW 0 SLEET 0
FOG 19 FOG W/VIS <= 1/4 MILE 3
HAZE 5
- INDICATES NEGATIVE NUMBERS.
R INDICATES RECORD WAS SET OR TIED.
MM INDICATES DATA IS MISSING.
T INDICATES TRACE AMOUNT.
$$