000
CXUS53 KUNR 010945
CF6D07
PRELIMINARY LOCAL CLIMATOLOGICAL DATA (WS FORM: F-6)
STATION: FAITH SD
MONTH: APRIL
YEAR: 2020
LATITUDE: 45 1 N
LONGITUDE: 102 1 W
TEMPERATURE IN F: :PCPN: SNOW: WIND :SUNSHINE: SKY :PK WND
================================================================================
1 2 3 4 5 6A 6B 7 8 9 10 11 12 13 14 15 16 17 18
12Z AVG MX 2MIN
DY MAX MIN AVG DEP HDD CDD WTR SNW DPTH SPD SPD DIR MIN PSBL S-S WX SPD DR
================================================================================
1 39 15 27 -12 38 0 0.13 M M 19.7 32 340 M M M 42 340
2 15 9 12 -27 53 0 0.21 M M 22.8 33 330 M M M 40 350
3 22 2 12 -28 53 0 0.00 M M 11.0 21 150 M M M 26 150
4 47 11 29 -11 36 0 0.00 M M 15.4 25 150 M M M 33 150
5 58 23 41 1 24 0 0.00 M M 8.7 18 70 M M M 22 80
6 72 30 51 10 14 0 0.00 M M 10.3 22 320 M M M 32 340
7 69 36 53 12 12 0 0.00 M M 11.6 28 290 M M M 38 280
8 51 27 39 -3 26 0 0.00 M M 20.3 37 310 M M M 50 310
9 39 21 30 -12 35 0 0.00 M M 16.7 36 320 M M M 46 310
10 61 21 41 -1 24 0 0.00 M M 10.2 21 170 M M M 25 160
11 44 26 35 -8 30 0 0.27 M M 17.5 28 30 M M M 43 20
12 27 17 22 -21 43 0 0.00 M M 17.9 30 310 M M M 36 310
13 24 13 19 -25 46 0 0.00 M M 19.1 32 310 M M M 39 300
14 34 11 23 -21 42 0 0.01 M M 10.0 23 360 M M 0 28 360
15 40 19 30 -15 35 0 0.07 M M 9.1 20 30 M M M 24 20
16 43 20 32 -13 33 0 0.00 M M 8.5 22 290 M M M 28 280
17 54 22 38 -8 27 0 0.00 M M 12.7 24 240 M M M 31 250
18 58 35 47 1 18 0 0.00 M M 15.0 26 310 M M M 34 310
19 48 28 38 -8 27 0 0.00 M M 11.1 21 220 M M M 29 210
20 64 36 50 3 15 0 0.00 M M 18.9 41 310 M M M 64 320
21 74 33 54 7 11 0 0.00 M M 12.7 25 260 M M M 36 290
22 74 44 59 11 6 0 0.00 M M 13.2 21 310 M M M 33 340
23 63 40 52 4 13 0 0.00 M M 10.4 29 330 M M M 36 330
24 65 38 52 4 13 0 0.00 M M 11.5 35 300 M M M 42 290
25 63 36 50 1 15 0 0.00 M M 14.2 28 320 M M M 35 320
26 74 36 55 6 10 0 0.00 M M 13.0 26 170 M M M 34 170
27 76 43 60 11 5 0 0.03 M M 10.5 30 330 M M M 41 340
28 64 40 52 2 13 0 0.00 M M 24.4 48 310 M M M 62 320
29 65 35 50 0 15 0 0.00 M M 9.3 30 350 M M M 40 340
30 80 37 59 9 6 0 0.00 M M 15.5 25 130 M M M 34 140
================================================================================
SM 1607 804 738 0 0.72 M 421.2 M 0
================================================================================
AV 53.6 26.8 14.0 FASTST M M 0 MAX(MPH)
MISC ----> # 48 310 # 64 320
================================================================================
NOTES:
# LAST OF SEVERAL OCCURRENCES
COLUMN 17 PEAK WIND IN M.P.H.
PRELIMINARY LOCAL CLIMATOLOGICAL DATA (WS FORM: F-6) , PAGE 2
STATION: FAITH SD
MONTH: APRIL
YEAR: 2020
LATITUDE: 45 1 N
LONGITUDE: 102 1 W
[TEMPERATURE DATA] [PRECIPITATION DATA] SYMBOLS USED IN COLUMN 16
AVERAGE MONTHLY: 40.2 TOTAL FOR MONTH: 0.72 1 = FOG OR MIST
DPTR FM NORMAL: -4.6 DPTR FM NORMAL: -0.91 2 = FOG REDUCING VISIBILITY
HIGHEST: 80 ON 30 GRTST 24HR 0.27 ON 11-11 TO 1/4 MILE OR LESS
LOWEST: 2 ON 3 3 = THUNDER
SNOW, ICE PELLETS, HAIL 4 = ICE PELLETS
TOTAL MONTH: M 5 = HAIL
GRTST 24HR M ON M 6 = FREEZING RAIN OR DRIZZLE
GRTST DEPTH: M ON M 7 = DUSTSTORM OR SANDSTORM:
VSBY 1/2 MILE OR LESS
8 = SMOKE OR HAZE
[NO. OF DAYS WITH] [WEATHER - DAYS WITH] 9 = BLOWING SNOW
X = TORNADO
MAX 32 OR BELOW: 4 0.01 INCH OR MORE: 6
MAX 90 OR ABOVE: 0 0.10 INCH OR MORE: 3
MIN 32 OR BELOW: 17 0.50 INCH OR MORE: 0
MIN 0 OR BELOW: 0 1.00 INCH OR MORE: 0
[HDD (BASE 65) ]
TOTAL THIS MO. 738 CLEAR (SCALE 0-3) 1
DPTR FM NORMAL 130 PTCLDY (SCALE 4-7) 0
TOTAL FM JUL 1 7445 CLOUDY (SCALE 8-10) 0
DPTR FM NORMAL 146
[CDD (BASE 65) ]
TOTAL THIS MO. 0
DPTR FM NORMAL -1 [PRESSURE DATA]
TOTAL FM JAN 1 0 HIGHEST SLP M ON M
DPTR FM NORMAL -1 LOWEST SLP 29.34 ON 6
[REMARKS]
#FINAL-04-20#