000
CXUS55 KVEF 112214
CF6DAG
PRELIMINARY LOCAL CLIMATOLOGICAL DATA (WS FORM: F-6)
STATION: BARSTOW-DAGGETT CA
MONTH: FEBRUARY
YEAR: 2021
LATITUDE: 34 51 N
LONGITUDE: 116 47 W
TEMPERATURE IN F: :PCPN: SNOW: WIND :SUNSHINE: SKY :PK WND
================================================================================
1 2 3 4 5 6A 6B 7 8 9 10 11 12 13 14 15 16 17 18
12Z AVG MX 2MIN
DY MAX MIN AVG DEP HDD CDD WTR SNW DPTH SPD SPD DIR MIN PSBL S-S WX SPD DR
================================================================================
1 60 42 51 1 14 0 0.00 0.0 0 3.1 9 80 M M 4 10 90
2 72 41 57 7 8 0 0.00 0.0 0 4.7 20 270 M M 2 23 270
3 71 44 58 8 7 0 0.00 0.0 0 21.0 43 260 M M 0 50 270
4 63 37 50 0 15 0 0.00 0.0 0 7.8 16 30 M M 0 22 20
5 69 37 53 3 12 0 0.00 0.0 0 10.2 17 290 M M 0 21 290
6 70 38 54 3 11 0 0.00 0.0 0 5.8 15 280 M M 0 16 290
7 74 39 57 6 8 0 0.00 0.0 0 6.9 17 270 M M 0 19 270
8 73 41 57 6 8 0 0.00 0.0 0 5.8 14 260 M M 0 16 260
9 70 44 57 6 8 0 0.00 0.0 0 7.5 17 260 M M 0 22 260
10 70 44 57 6 8 0 0.00 0.0 0 8.8 17 300 M M 1 21 290
11 73 43 58 7 7 0 0.00 0.0 0 11.6 26 250 M M 0 32 240
12 66 45 56 4 9 0 0.02 0.0 0 19.8 38 280 M M 1 45 280
13 64 44 54 2 11 0 0.00 0.0 0 29.9 59 260 M M 1 78 69 270
14 64 38 51 -1 14 0 0.00 0.0 0 11.8 25 230 M M 0 29 230
15 70 41 56 4 9 0 0.00 0.0 0 22.5 43 260 M M 0 52 270
16 66 46 56 4 9 0 0.00 0.0 0 20.9 44 260 M M 0 51 270
17 61 34 48 -5 17 0 0.00 0.0 0 9.7 22 10 M M 0 8 27 20
18 58 34 46 -7 19 0 0.00 0.0 0 3.2 14 30 M M 0 17 40
19 68 31 50 -3 15 0 0.00 0.0 0 2.3 7 80 M M 0 M M
20 61 42 52 -1 13 0 0.00 0.0 0 22.2 46 270 M M 0 8 55 260
21 63 34 49 -5 16 0 0.00 0.0 0 5.7 14 20 M M 0 17 30
22 68 35 52 -2 13 0 0.00 0.0 0 5.8 12 260 M M 0 8 15 120
23 76 40 58 4 7 0 0.00 0.0 0 8.1 17 290 M M 0 20 280
24 74 44 59 5 6 0 0.00 0.0 0 13.4 31 30 M M 1 8 37 30
25 59 38 49 -5 16 0 0.00 0.0 0 8.1 30 20 M M 2 38 20
26 75 33 54 -1 11 0 0.00 0.0 0 17.5 40 240 M M 0 49 240
27 65 42 54 -1 11 0 0.00 0.0 0 10.0 30 280 M M 0 35 280
28 58 35 47 -8 18 0 0.00 0.0 0 5.6 15 10 M M 0 22 30
================================================================================
SM 1881 1106 320 0 0.02 0.0 309.7 M 12
================================================================================
AV 67.2 39.5 11.1 FASTST M M 0 MAX(MPH)
MISC ----> 59 260 69 270
================================================================================
NOTES:
# LAST OF SEVERAL OCCURRENCES
COLUMN 17 PEAK WIND IN M.P.H.
PRELIMINARY LOCAL CLIMATOLOGICAL DATA (WS FORM: F-6) , PAGE 2
STATION: BARSTOW-DAGGETT CA
MONTH: FEBRUARY
YEAR: 2021
LATITUDE: 34 51 N
LONGITUDE: 116 47 W
[TEMPERATURE DATA] [PRECIPITATION DATA] SYMBOLS USED IN COLUMN 16
AVERAGE MONTHLY: 53.3 TOTAL FOR MONTH: 0.02 1 = FOG OR MIST
DPTR FM NORMAL: 1.0 DPTR FM NORMAL: -0.64 2 = FOG REDUCING VISIBILITY
HIGHEST: 76 ON 23 GRTST 24HR 0.02 ON 12-12 TO 1/4 MILE OR LESS
LOWEST: 31 ON 19 3 = THUNDER
SNOW, ICE PELLETS, HAIL 4 = ICE PELLETS
TOTAL MONTH: 0.0 INCH 5 = HAIL
GRTST 24HR 0.0 6 = FREEZING RAIN OR DRIZZLE
GRTST DEPTH: 0 7 = DUSTSTORM OR SANDSTORM:
VSBY 1/2 MILE OR LESS
8 = SMOKE OR HAZE
[NO. OF DAYS WITH] [WEATHER - DAYS WITH] 9 = BLOWING SNOW
X = TORNADO
MAX 32 OR BELOW: 0 0.01 INCH OR MORE: 1
MAX 90 OR ABOVE: 0 0.10 INCH OR MORE: 0
MIN 32 OR BELOW: 1 0.50 INCH OR MORE: 0
MIN 0 OR BELOW: 0 1.00 INCH OR MORE: 0
[HDD (BASE 65) ]
TOTAL THIS MO. 320 CLEAR (SCALE 0-3) 27
DPTR FM NORMAL -38 PTCLDY (SCALE 4-7) 1
TOTAL FM JUL 1 1607 CLOUDY (SCALE 8-10) 0
DPTR FM NORMAL -157
[CDD (BASE 65) ]
TOTAL THIS MO. 0
DPTR FM NORMAL -1 [PRESSURE DATA]
TOTAL FM JAN 1 0 HIGHEST SLP 30.45 ON 21
DPTR FM NORMAL 0 LOWEST SLP 29.64 ON 13
[REMARKS]
#FINAL-02-21#