000
CXUS54 KFWD 081100
CF6DAL
PRELIMINARY LOCAL CLIMATOLOGICAL DATA (WS FORM: F-6)
STATION: DALLAS LOVE FIELD
MONTH: SEPTEMBER
YEAR: 2020
LATITUDE: 32 50 N
LONGITUDE: 96 51 W
TEMPERATURE IN F: :PCPN: SNOW: WIND :SUNSHINE: SKY :PK WND
================================================================================
1 2 3 4 5 6A 6B 7 8 9 10 11 12 13 14 15 16 17 18
12Z AVG MX 2MIN
DY MAX MIN AVG DEP HDD CDD WTR SNW DPTH SPD SPD DIR MIN PSBL S-S WX SPD DR
================================================================================
1 91 72 82 -2 0 17 1.58 0.0 0 11.2 24 290 M M 9 13 36 340
2 80 73 77 -7 0 12 0.61 0.0 0 5.7 13 210 M M 8 13 21 150
3 82 73 78 -5 0 13 0.01 0.0 0 5.8 13 130 M M 8 3 16 150
4 88 74 81 -2 0 16 0.00 0.0 0 4.8 12 150 M M 8 16 140
5 93 76 85 2 0 20 0.04 0.0 0 2.7 17 110 M M 7 3 21 130
6 91 74 83 1 0 18 0.00 0.0 0 6.0 12 160 M M 2 18 160
7 94 77 86 4 0 21 0.00 0.0 0 9.3 17 160 M M 5 24 160
8 92 76 84 2 0 19 T 0.0 0 10.6 20 140 M M 6 28 140
9 84 59 72 -9 0 7 2.84 0.0 0 7.2 18 280 M M 9 13 24 300
10 70 57 64 -17 1 0 0.67 0.0 0 10.4 20 310 M M 10 1 27 30
11 81 65 73 -8 0 8 0.00 0.0 0 5.7 15 330 M M 8 23 20
12 89 67 78 -2 0 13 0.00 0.0 0 3.6 9 20 M M 7 15 350
13 89 71 80 0 0 15 0.00 0.0 0 6.6 13 20 M M 5 34 30
14 90 69 80 0 0 15 0.00 0.0 0 6.8 14 10 M M 6 21 10
15 89 75 82 3 0 17 0.00 0.0 0 5.5 13 340 M M 7 20 20
16 89 73 81 2 0 16 T 0.0 0 2.1 12 340 M M 6 3 14 10
17 90 73 82 4 0 17 T 0.0 0 5.0 14 350 M M 6 21 330
18 87 67 77 -1 0 12 0.00 0.0 0 5.5 13 10 M M 2 21 40
19 82 65 74 -4 0 9 0.00 0.0 0 6.6 13 70 M M 0 20 110
20 84 62 73 -4 0 8 0.00 0.0 0 6.4 14 30 M M 2 21 60
21 75 66 71 -6 0 6 0.31 0.0 0 7.7 14 70 M M 9 1 23 40
22 72 66 69 -7 0 4 0.13 0.0 0 5.5 12 70 M M 9 1 17 60
23 73 64 69 -7 0 4 0.01 0.0 0 6.6 13 350 M M 10 1 17 340
24 79 65 72 -4 0 7 0.00 0.0 0 6.0 12 360 M M 6 16 10
25 84 63 74 -1 0 9 0.00 0.0 0 6.7 14 150 M M 1 20 140
26 89 66 78 3 0 13 0.00 0.0 0 10.9 17 170 M M 2 25 140
27 90 70 80 5 0 15 T 0.0 0 12.2 24 360 M M 6 45 350
28 79 58 69 -5 0 4 T 0.0 0 12.2 26 340 M M 4 38 20
29 83 53 68 -6 0 3 0.00 0.0 0 5.5 20 330 M M 1 8 27 340
30 92 57 75 1 0 10 0.00 0.0 0 4.0 12 180 M M 1 17 180
================================================================================
SM 2551 2026 1 348 6.20 0.0 204.8 M 170
================================================================================
AV 85.0 67.5 6.8 FASTST M M 6 MAX(MPH)
MISC ----> # 26 340 # 45 350
================================================================================
NOTES:
# LAST OF SEVERAL OCCURRENCES
COLUMN 17 PEAK WIND IN M.P.H.
PRELIMINARY LOCAL CLIMATOLOGICAL DATA (WS FORM: F-6) , PAGE 2
STATION: DALLAS LOVE FIELD
MONTH: SEPTEMBER
YEAR: 2020
LATITUDE: 32 50 N
LONGITUDE: 96 51 W
[TEMPERATURE DATA] [PRECIPITATION DATA] SYMBOLS USED IN COLUMN 16
AVERAGE MONTHLY: 76.3 TOTAL FOR MONTH: 6.20 1 = FOG OR MIST
DPTR FM NORMAL: -2.6 DPTR FM NORMAL: 3.36 2 = FOG REDUCING VISIBILITY
HIGHEST: 94 ON 7 GRTST 24HR 2.84 ON 9- 9 TO 1/4 MILE OR LESS
LOWEST: 53 ON 29 3 = THUNDER
SNOW, ICE PELLETS, HAIL 4 = ICE PELLETS
TOTAL MONTH: 0.0 INCH 5 = HAIL
GRTST 24HR 0.0 6 = FREEZING RAIN OR DRIZZLE
GRTST DEPTH: 0 7 = DUSTSTORM OR SANDSTORM:
VSBY 1/2 MILE OR LESS
8 = SMOKE OR HAZE
[NO. OF DAYS WITH] [WEATHER - DAYS WITH] 9 = BLOWING SNOW
X = TORNADO
MAX 32 OR BELOW: 0 0.01 INCH OR MORE: 9
MAX 90 OR ABOVE: 9 0.10 INCH OR MORE: 6
MIN 32 OR BELOW: 0 0.50 INCH OR MORE: 4
MIN 0 OR BELOW: 0 1.00 INCH OR MORE: 2
[HDD (BASE 65) ]
TOTAL THIS MO. 1 CLEAR (SCALE 0-3) 8
DPTR FM NORMAL -4 PTCLDY (SCALE 4-7) 16
TOTAL FM JUL 1 1 CLOUDY (SCALE 8-10) 6
DPTR FM NORMAL -4
[CDD (BASE 65) ]
TOTAL THIS MO. 348
DPTR FM NORMAL -73 [PRESSURE DATA]
TOTAL FM JAN 1 2865 HIGHEST SLP M ON M
DPTR FM NORMAL 120 LOWEST SLP 29.71 ON 1
[REMARKS]
EDITED PRECIP ON 1ST, 2ND, AND 9TH; EDITED WX ON 2ND, 6TH, AND 16TH
#FINAL-09-20#