000
CXUS51 KRNK 011900 RRA
CF6DAN
PRELIMINARY LOCAL CLIMATOLOGICAL DATA (WS FORM: F-6)
STATION: DANVILLE VA
MONTH: JULY
YEAR: 2023
LATITUDE: 36 34 N
LONGITUDE: 79 20 W
TEMPERATURE IN F: :PCPN: SNOW: WIND :SUNSHINE: SKY :PK WND
================================================================================
1 2 3 4 5 6A 6B 7 8 9 10 11 12 13 14 15 16 17 18
12Z AVG MX 2MIN
DY MAX MIN AVG DEP HDD CDD WTR SNW DPTH SPD SPD DIR MIN PSBL S-S WX SPD DR
================================================================================
1 87 68 78 1 0 13 0.00 0.0 0 2.8 16 230 M M 4 13 23 230
2 90 69 80 3 0 15 0.27 0.0 0 4.8 36 250 M M 1 13 57 240
3 91 71 81 4 0 16 0.00 0.0 0 3.2 15 220 M M 1 3 24 240
4 89 69 79 2 0 14 0.00 0.0 0 4.3 13 340 M M 1 1 18 320
5 90 68 79 1 0 14 0.00 0.0 0 2.1 8 50 M M 2 11 50
6 91 70 81 3 0 16 0.30 0.0 0 1.3 9 320 M M 2 1 12 40
7 91 69 80 2 0 15 0.00 0.0 0 2.1 8 60 M M 3 13 11 350
8 88 70 79 1 0 14 0.00 0.0 0 2.4 18 320 M M 2 3 26 200
9 83 68 76 -2 0 11 0.90 0.0 0 3.0 17 340 M M 5 123 27 340
10 85 66 76 -2 0 11 0.00 0.0 0 2.8 9 20 M M 2 13 10
11 86 63 75 -3 0 10 0.00 0.0 0 2.9 10 230 M M 1 14 230
12 89 63 76 -2 0 11 0.00 0.0 0 1.8 8 210 M M 0 12 240
13 90 65 78 0 0 13 0.26 0.0 0 4.9 18 350 M M 4 13 25 10
14 87 69 78 0 0 13 0.05 0.0 0 2.7 9 60 M M 6 1 12 340
15 90 71 81 3 0 16 T 0.0 0 3.7 9 200 M M 5 1 15 200
16 89 70 80 2 0 15 0.13 0.0 0 5.4 15 290 M M 5 1 23 290
17 87 65 76 -2 0 11 0.00 0.0 0 1.8 9 350 M M 0 18 14 340
18 90 66 78 0 0 13 0.00 0.0 0 3.6 12 230 M M 1 12 14 240
19 87 72 80 2 0 15 T 0.0 0 3.7 12 350 M M 5 15 290
20 88 68 78 0 0 13 T 0.0 0 3.4 9 210 M M 2 15 220
21 91 69 80 2 0 15 0.04 0.0 0 7.9 16 320 M M 2 1 24 330
22 82 65 74 -4 0 9 0.00 0.0 0 3.3 10 30 M M 5 14 20
23 88 61 75 -3 0 10 0.18 0.0 0 3.0 20 290 M M 4 13 28 290
24 88 68 78 0 0 13 0.01 0.0 0 2.5 8 340 M M 5 13 11 360
25 91 66 79 1 0 14 T 0.0 0 2.8 14 230 M M 1 13 20 230
26 93 68 81 3 0 16 0.00 0.0 0 2.4 9 220 M M 0 1 13 220
27 96 69 83 5 0 18 0.00 0.0 0 5.3 15 230 M M 0 19 230
28 97 72 85 7 0 20 0.01 0.0 0 4.9 20 350 M M 1 3 25 340
29 93 69 81 3 0 16 0.30 0.0 0 M M M M M M 13 M M
30 86 69 78 0 0 13 0.00 0.0 0 3.9 10 50 M M 3 15 30
31 88 66 77 -1 0 12 0.16 0.0 0 2.2 20 360 M M 6 13 27 10
================================================================================
SM 2761 2102 0 425 2.61 0.0 100.9 M 79
================================================================================
AV 89.1 67.8 3.4 FASTST M M 3 MAX(MPH)
MISC ----> 36 250 57 240
================================================================================
NOTES:
# LAST OF SEVERAL OCCURRENCES
COLUMN 17 PEAK WIND IN M.P.H.
PRELIMINARY LOCAL CLIMATOLOGICAL DATA (WS FORM: F-6) , PAGE 2
STATION: DANVILLE VA
MONTH: JULY
YEAR: 2023
LATITUDE: 36 34 N
LONGITUDE: 79 20 W
[TEMPERATURE DATA] [PRECIPITATION DATA] SYMBOLS USED IN COLUMN 16
AVERAGE MONTHLY: 78.4 TOTAL FOR MONTH: 2.61 1 = FOG OR MIST
DPTR FM NORMAL: 0.5 DPTR FM NORMAL: -2.27 2 = FOG REDUCING VISIBILITY
HIGHEST: 97 ON 28 GRTST 24HR 0.90 ON 9- 9 TO 1/4 MILE OR LESS
LOWEST: 61 ON 23 3 = THUNDER
SNOW, ICE PELLETS, HAIL 4 = ICE PELLETS
TOTAL MONTH: 0.0 INCH 5 = HAIL
GRTST 24HR 0.0 6 = FREEZING RAIN OR DRIZZLE
GRTST DEPTH: 0 7 = DUSTSTORM OR SANDSTORM:
VSBY 1/2 MILE OR LESS
8 = SMOKE OR HAZE
[NO. OF DAYS WITH] [WEATHER - DAYS WITH] 9 = BLOWING SNOW
X = TORNADO
MAX 32 OR BELOW: 0 0.01 INCH OR MORE: 12
MAX 90 OR ABOVE: 14 0.10 INCH OR MORE: 8
MIN 32 OR BELOW: 0 0.50 INCH OR MORE: 1
MIN 0 OR BELOW: 0 1.00 INCH OR MORE: 0
[HDD (BASE 65) ]
TOTAL THIS MO. 0 CLEAR (SCALE 0-3) 19
DPTR FM NORMAL 0 PTCLDY (SCALE 4-7) 11
TOTAL FM JUL 1 0 CLOUDY (SCALE 8-10) 0
DPTR FM NORMAL 0 MISSING SKY COVER 1
[CDD (BASE 65) ]
TOTAL THIS MO. 425
DPTR FM NORMAL 25 [PRESSURE DATA]
TOTAL FM JAN 1 673 HIGHEST SLP 30.14 ON 26
DPTR FM NORMAL -143 LOWEST SLP 29.73 ON 9
[REMARKS] DUE TO EQUIPMENT FAILURE ON JULY 28-29, BACKUP SITE AND
FISHER-PORTER TIPPING BUCKET WERE USED TO OBTAIN MISSING TEMPERATURE
AND PRECIPITATION DATA.
#FINAL-07-23#