000
CXUS51 KRNK 010620
CF6DAN
PRELIMINARY LOCAL CLIMATOLOGICAL DATA (WS FORM: F-6)
STATION: DANVILLE VA
MONTH: MARCH
YEAR: 2021
LATITUDE: 36 34 N
LONGITUDE: 79 20 W
TEMPERATURE IN F: :PCPN: SNOW: WIND :SUNSHINE: SKY :PK WND
================================================================================
1 2 3 4 5 6A 6B 7 8 9 10 11 12 13 14 15 16 17 18
12Z AVG MX 2MIN
DY MAX MIN AVG DEP HDD CDD WTR SNW DPTH SPD SPD DIR MIN PSBL S-S WX SPD DR
================================================================================
1 60 44 52 8 13 0 0.25 0.0 0 8.7 25 300 M M 5 1 37 290
2 49 28 39 -5 26 0 0.00 0.0 0 3.9 14 330 M M 0 19 340
3 63 24 44 -1 21 0 0.00 0.0 0 2.7 12 350 M M 0 14 320
4 65 32 49 4 16 0 0.00 0.0 0 8.3 21 310 M M 0 28 280
5 52 33 43 -2 22 0 0.00 0.0 0 9.1 20 340 M M 0 25 360
6 55 29 42 -4 23 0 0.00 0.0 0 5.8 17 330 M M 0 21 340
7 52 25 39 -7 26 0 0.00 0.0 0 3.9 15 30 M M 0 21 30
8 62 24 43 -3 22 0 0.00 0.0 0 3.1 10 360 M M 0 14 300
9 70 28 49 3 16 0 0.00 0.0 0 3.8 13 240 M M 0 17 280
10 75 32 54 7 11 0 0.00 0.0 0 3.2 12 230 M M 0 17 230
11 76 44 60 13 5 0 0.00 0.0 0 6.8 24 240 M M 0 32 240
12 78 49 64 17 1 0 0.00 0.0 0 6.1 16 250 M M 2 20 310
13 66 40 53 5 12 0 0.00 0.0 0 3.0 9 40 M M 1 13 360
14 65 32 49 1 16 0 0.00 0.0 0 5.2 20 320 M M 1 26 320
15 53 39 46 -2 19 0 0.05 0.0 0 5.2 12 70 M M 5 16 99
16 44 37 41 -8 24 0 0.30 0.0 0 1.6 8 60 M M 10 1 10 40
17 53 42 48 -1 17 0 T 0.0 0 3.9 10 60 M M 9 1 13 60
18 57 47 52 3 13 0 1.20 0.0 0 2.9 17 20 M M 10 13 22 30
19 52 33 43 -7 22 0 0.59 0.0 0 14.4 26 50 M M 6 1 33 60
20 56 30 43 -7 22 0 0.00 0.0 0 9.2 18 50 M M 0 24 50
21 64 34 49 -1 16 0 0.00 0.0 0 8.5 18 50 M M 1 22 50
22 68 40 54 4 11 0 0.00 0.0 0 9.2 18 50 M M 1 25 40
23 62 45 54 3 11 0 0.01 0.0 0 7.3 13 50 M M 8 1 19 40
24 66 53 60 9 5 0 0.01 0.0 0 5.3 13 230 M M 7 1 18 230
25 70 47 59 7 6 0 0.35 0.0 0 3.2 10 240 M M 7 12 21 160
26 84 53 69 17 0 4 0.02 0.0 0 7.8 20 250 M M 4 1 27 250
27 75 46 61 9 4 0 0.56 0.0 0 3.8 14 300 M M 4 13 17 300
28 75 51 63 11 2 0 0.13 0.0 0 11.5 28 230 M M 7 1 42 230
29 63 39 51 -2 14 0 0.00 0.0 0 5.4 21 310 M M 0 34 290
30 72 34 53 0 12 0 0.00 0.0 0 3.4 12 230 M M 0 23 190
31 66 53 60 6 5 0 0.69 0.0 0 4.7 17 320 M M 8 1 28 320
================================================================================
SM 1968 1187 433 4 4.16 0.0 180.9 M 96
================================================================================
AV 63.5 38.3 5.8 FASTST M M 3 MAX(MPH)
MISC ----> 28 230 42 230
================================================================================
NOTES:
# LAST OF SEVERAL OCCURRENCES
COLUMN 17 PEAK WIND IN M.P.H.
PRELIMINARY LOCAL CLIMATOLOGICAL DATA (WS FORM: F-6) , PAGE 2
STATION: DANVILLE VA
MONTH: MARCH
YEAR: 2021
LATITUDE: 36 34 N
LONGITUDE: 79 20 W
[TEMPERATURE DATA] [PRECIPITATION DATA] SYMBOLS USED IN COLUMN 16
AVERAGE MONTHLY: 50.9 TOTAL FOR MONTH: 4.16 1 = FOG OR MIST
DPTR FM NORMAL: 2.2 DPTR FM NORMAL: 0.05 2 = FOG REDUCING VISIBILITY
HIGHEST: 84 ON 26 GRTST 24HR 1.20 ON 18-18 TO 1/4 MILE OR LESS
LOWEST: 24 ON 8, 3 3 = THUNDER
SNOW, ICE PELLETS, HAIL 4 = ICE PELLETS
TOTAL MONTH: 0.0 INCH 5 = HAIL
GRTST 24HR 0.0 6 = FREEZING RAIN OR DRIZZLE
GRTST DEPTH: 0 7 = DUSTSTORM OR SANDSTORM:
VSBY 1/2 MILE OR LESS
8 = SMOKE OR HAZE
[NO. OF DAYS WITH] [WEATHER - DAYS WITH] 9 = BLOWING SNOW
X = TORNADO
MAX 32 OR BELOW: 0 0.01 INCH OR MORE: 12
MAX 90 OR ABOVE: 0 0.10 INCH OR MORE: 8
MIN 32 OR BELOW: 10 0.50 INCH OR MORE: 4
MIN 0 OR BELOW: 0 1.00 INCH OR MORE: 1
[HDD (BASE 65) ]
TOTAL THIS MO. 433 CLEAR (SCALE 0-3) 18
DPTR FM NORMAL -77 PTCLDY (SCALE 4-7) 9
TOTAL FM JUL 1 3222 CLOUDY (SCALE 8-10) 4
DPTR FM NORMAL -289
[CDD (BASE 65) ]
TOTAL THIS MO. 4
DPTR FM NORMAL 1 [PRESSURE DATA]
TOTAL FM JAN 1 4 HIGHEST SLP M ON M
DPTR FM NORMAL 1 LOWEST SLP 29.56 ON 18
[REMARKS]
#FINAL-03-21#