000
CXUS54 KHUN 052242
CF6DCU
PRELIMINARY LOCAL CLIMATOLOGICAL DATA (WS FORM: F-6)
STATION: DECATUR
MONTH: JANUARY
YEAR: 2024
LATITUDE: 34 39 N
LONGITUDE: 86 56 W
TEMPERATURE IN F: :PCPN: SNOW: WIND :SUNSHINE: SKY :PK WND
================================================================================
1 2 3 4 5 6A 6B 7 8 9 10 11 12 13 14 15 16 17 18
12Z AVG MX 2MIN
DY MAX MIN AVG DEP HDD CDD WTR SNW DPTH SPD SPD DIR MIN PSBL S-S WX SPD DR
================================================================================
1 42 32 37 -5 28 0 0.00 0.0 0 10.6 17 360 M M 8 24 360
2 48 26 37 -5 28 0 0.00 0.0 0 2.4 12 40 M M 3 16 30
3 41 24 33 -9 32 0 0.00 0.0 0 1.8 7 170 M M 4 1 9 160
4 43 21 32 -9 33 0 0.00 0.0 0 5.7 16 10 M M 4 1 20 10
5 50 20 35 -6 30 0 0.14 0.0 0 6.2 20 150 M M 3 1 26 110
6 49 41 45 4 20 0 0.13 0.0 0 9.3 17 250 M M 10 1 23 260
7 50 29 40 -1 25 0 T 0.0 0 7.7 17 290 M M 5 22 290
8 56 27 42 1 23 0 0.97 0.0 0 15.0 35 150 M M 4 1 45 150
9 52 38 45 4 20 0 1.39 0.0 0 15.9 32 260 M M 10 13 44 240
10 50 36 43 2 22 0 0.00 0.0 0 10.8 23 270 M M 5 32 260
11 62 34 48 7 17 0 0.00 0.0 0 7.0 15 190 M M 1 20 190
12 59 34 47 6 18 0 0.65 0.0 0 18.3 36 150 M M 8 13 50 160
13 45 30 38 -3 27 0 0.00 0.0 0 9.6 25 260 M M 3 33 260
14 40 24 32 -9 33 0 0.02 0.0 0 7.7 15 340 M M 5 16 20 20
15 27 17 22 -19 43 0 0.36 0.6 0 10.1 16 340 M M 10 148 21 340
16 22 12 17 -24 48 0 0.00 0.0 1 11.1 22 330 M M 3 29 330
17 30 6 18 -23 47 0 0.00 0.0 1 2.0 8 330 M M 0 12 340
18 40 17 29 -12 36 0 0.19 T T 5.9 16 170 M M 7 18 21 170
19 38 20 29 -12 36 0 T T T 12.1 20 360 M M 7 1 27 340
20 22 13 18 -23 47 0 0.00 0.0 0 9.8 17 360 M M 0 22 350
21 36 9 23 -18 42 0 0.00 0.0 0 3.5 10 110 M M 0 14 40
22 52 23 38 -3 27 0 0.00 0.0 0 6.6 16 150 M M 2 21 150
23 57 43 50 9 15 0 T 0.0 0 8.3 17 130 M M 8 24 130
24 62 54 58 17 7 0 1.70 0.0 0 8.1 22 150 M M 9 1 28 150
25 68 57 63 21 2 0 1.16 0.0 0 7.9 17 190 M M 8 13 24 190
26 68 48 58 16 7 0 0.00 0.0 0 2.3 9 160 M M 5 12 12 160
27 68 45 57 15 8 0 0.78 0.0 M 11.2 25 280 M M 0 18 37 250
28 47 42 45 3 20 0 0.00 0.0 0 13.3 21 330 M M 10 1 31 310
29 49 31 40 -2 25 0 0.00 0.0 0 6.4 16 360 M M 6 21 340
30 66 27 47 5 18 0 T 0.0 0 6.9 18 360 M M 3 12 29 330
31 51 30 41 -1 24 0 0.00 0.0 0 6.4 16 10 M M 3 21 360
================================================================================
SM 1490 910 808 0 7.49 0.6 259.9 M 154
================================================================================
AV 48.1 29.4 8.4 FASTST M M 5 MAX(MPH)
MISC ----> 36 150 50 160
================================================================================
NOTES:
# LAST OF SEVERAL OCCURRENCES
COLUMN 17 PEAK WIND IN M.P.H.
PRELIMINARY LOCAL CLIMATOLOGICAL DATA (WS FORM: F-6) , PAGE 2
STATION: DECATUR
MONTH: JANUARY
YEAR: 2024
LATITUDE: 34 39 N
LONGITUDE: 86 56 W
[TEMPERATURE DATA] [PRECIPITATION DATA] SYMBOLS USED IN COLUMN 16
AVERAGE MONTHLY: 38.7 TOTAL FOR MONTH: 7.49 1 = FOG OR MIST
DPTR FM NORMAL: -2.7 DPTR FM NORMAL: 2.85 2 = FOG REDUCING VISIBILITY
HIGHEST: 68 ON 27,26 GRTST 24HR 1.92 ON 8- 9 TO 1/4 MILE OR LESS
LOWEST: 6 ON 17 3 = THUNDER
SNOW, ICE PELLETS, HAIL 4 = ICE PELLETS
TOTAL MONTH: 0.6 INCH 5 = HAIL
GRTST 24HR 0.6 ON 15-15 6 = FREEZING RAIN OR DRIZZLE
GRTST DEPTH: 1 ON 17,16 7 = DUSTSTORM OR SANDSTORM:
VSBY 1/2 MILE OR LESS
8 = SMOKE OR HAZE
[NO. OF DAYS WITH] [WEATHER - DAYS WITH] 9 = BLOWING SNOW
X = TORNADO
MAX 32 OR BELOW: 4 0.01 INCH OR MORE: 11
MAX 90 OR ABOVE: 0 0.10 INCH OR MORE: 10
MIN 32 OR BELOW: 20 0.50 INCH OR MORE: 6
MIN 0 OR BELOW: 0 1.00 INCH OR MORE: 3
[HDD (BASE 65) ]
TOTAL THIS MO. 808 CLEAR (SCALE 0-3) 11
DPTR FM NORMAL 75 PTCLDY (SCALE 4-7) 13
TOTAL FM JUL 1 1850 CLOUDY (SCALE 8-10) 7
DPTR FM NORMAL -137
[CDD (BASE 65) ]
TOTAL THIS MO. 0
DPTR FM NORMAL 0 [PRESSURE DATA]
TOTAL FM JAN 1 0 HIGHEST SLP 30.69 ON 21
DPTR FM NORMAL 0 LOWEST SLP 29.28 ON 9
[REMARKS]
#FINAL-01-24#