372
CXUS54 KHUN 012137
CF6DCU
PRELIMINARY LOCAL CLIMATOLOGICAL DATA (WS FORM: F-6)
STATION: DECATUR
MONTH: JUNE
YEAR: 2020
LATITUDE: 34 39 N
LONGITUDE: 86 56 W
TEMPERATURE IN F: :PCPN: SNOW: WIND :SUNSHINE: SKY :PK WND
================================================================================
1 2 3 4 5 6A 6B 7 8 9 10 11 12 13 14 15 16 17 18
12Z AVG MX 2MIN
DY MAX MIN AVG DEP HDD CDD WTR SNW DPTH SPD SPD DIR MIN PSBL S-S WX SPD DR
================================================================================
1 85 54 70 -4 0 5 0.00 0.0 0 5.7 15 140 M M 2 19 140
2 90 66 78 4 0 13 0.00 0.0 0 5.2 12 170 M M 0 21 230
3 88 70 79 5 0 14 0.00 0.0 0 7.1 14 280 M M 1 13 23 310
4 86 69 78 4 0 13 0.15 0.0 0 7.9 21 260 M M 3 1 24 260
5 88 68 78 4 0 13 0.38 0.0 0 4.0 16 240 M M 3 1 28 240
6 92 67 80 5 0 15 0.00 0.0 0 3.3 10 40 M M 1 1 13 40
7 92 69 81 6 0 16 0.00 0.0 0 5.7 14 90 M M 0 1 19 100
8 83 75 79 4 0 14 0.71 0.0 0 9.6 18 140 M M 6 13 26 90
9 87 76 82 7 0 17 0.05 0.0 0 11.2 21 170 M M 7 1 27 160
10 91 64 78 2 0 13 0.00 0.0 0 13.3 24 220 M M 3 32 290
11 83 61 72 -4 0 7 0.00 0.0 0 7.5 18 330 M M 1 24 50
12 86 56 71 -5 0 6 0.00 0.0 0 8.3 22 60 M M 0 30 50
13 88 61 75 -1 0 10 0.00 0.0 0 4.2 14 30 M M 1 25 70
14 89 59 74 -2 0 9 0.00 0.0 0 3.7 22 360 M M 1 31 20
15 82 58 70 -7 0 5 0.00 0.0 0 7.2 16 20 M M 2 29 20
16 81 57 69 -8 0 4 T 0.0 0 3.0 10 360 M M 4 22 20
17 80 60 70 -7 0 5 0.00 0.0 0 2.6 14 40 M M 6 23 40
18 85 59 72 -5 0 7 T 0.0 0 1.8 9 240 M M 4 16 80
19 87 61 74 -3 0 9 0.00 0.0 0 2.3 12 260 M M 1 1 21 250
20 92 64 78 0 0 13 0.00 0.0 0 3.1 12 240 M M 0 1 14 250
21 89 68 79 1 0 14 0.30 0.0 0 7.4 21 210 M M 3 138 28 230
22 87 68 78 0 0 13 0.27 0.0 0 5.7 25 240 M M 3 138 30 230
23 86 70 78 0 0 13 0.26 0.0 0 8.5 16 220 M M 5 18 32 310
24 75 69 72 -6 0 7 1.17 0.0 0 4.2 14 230 M M 6 13 42 90
25 83 68 76 -2 0 11 T 0.0 0 4.9 20 220 M M 6 1 27 210
26 74 68 71 -7 0 6 0.09 0.0 0 5.8 17 240 M M 7 1 24 250
27 82 68 75 -3 0 10 0.13 0.0 0 4.0 15 250 M M 4 1 19 240
28 90 73 82 3 0 17 T 0.0 0 8.2 15 270 M M 3 3 22 360
29 89 70 80 1 0 15 0.02 0.0 0 3.5 16 330 M M 0 13 22 340
30 89 69 79 0 0 14 0.18 0.0 0 4.5 28 20 M M 0 13 36 20
================================================================================
SM 2579 1965 0 328 3.71 0.0 173.4 M 83
================================================================================
AV 86.0 65.5 5.8 FASTST M M 3 MAX(MPH)
MISC ----> 28 20 42 90
================================================================================
NOTES:
# LAST OF SEVERAL OCCURRENCES
COLUMN 17 PEAK WIND IN M.P.H.
PRELIMINARY LOCAL CLIMATOLOGICAL DATA (WS FORM: F-6) , PAGE 2
STATION: DECATUR
MONTH: JUNE
YEAR: 2020
LATITUDE: 34 39 N
LONGITUDE: 86 56 W
[TEMPERATURE DATA] [PRECIPITATION DATA] SYMBOLS USED IN COLUMN 16
AVERAGE MONTHLY: 75.7 TOTAL FOR MONTH: 3.71 1 = FOG OR MIST
DPTR FM NORMAL: -0.9 DPTR FM NORMAL: -0.79 2 = FOG REDUCING VISIBILITY
HIGHEST: 92 ON 20, 7 GRTST 24HR 1.17 ON 23-24 TO 1/4 MILE OR LESS
LOWEST: 54 ON 1 3 = THUNDER
SNOW, ICE PELLETS, HAIL 4 = ICE PELLETS
TOTAL MONTH: 0.0 INCH 5 = HAIL
GRTST 24HR 0.0 6 = FREEZING RAIN OR DRIZZLE
GRTST DEPTH: 0 7 = DUSTSTORM OR SANDSTORM:
VSBY 1/2 MILE OR LESS
8 = SMOKE OR HAZE
[NO. OF DAYS WITH] [WEATHER - DAYS WITH] 9 = BLOWING SNOW
X = TORNADO
MAX 32 OR BELOW: 0 0.01 INCH OR MORE: 12
MAX 90 OR ABOVE: 6 0.10 INCH OR MORE: 9
MIN 32 OR BELOW: 0 0.50 INCH OR MORE: 2
MIN 0 OR BELOW: 0 1.00 INCH OR MORE: 1
[HDD (BASE 65) ]
TOTAL THIS MO. 0 CLEAR (SCALE 0-3) 20
DPTR FM NORMAL 0 PTCLDY (SCALE 4-7) 10
TOTAL FM JUL 1 2775 CLOUDY (SCALE 8-10) 0
DPTR FM NORMAL -449
[CDD (BASE 65) ]
TOTAL THIS MO. 328
DPTR FM NORMAL -19 [PRESSURE DATA]
TOTAL FM JAN 1 513 HIGHEST SLP 30.25 ON 12
DPTR FM NORMAL -57 LOWEST SLP 29.76 ON 8
[REMARKS]
#FINAL-06-20#