000
CXUS53 KDDC 011514
CF6DDC
PRELIMINARY LOCAL CLIMATOLOGICAL DATA (WS FORM: F-6)
STATION: DODGE CITY KS
MONTH: APRIL
YEAR: 2022
LATITUDE: 37 46 N
LONGITUDE: 99 58 W
TEMPERATURE IN F: :PCPN: SNOW: WIND :SUNSHINE: SKY :PK WND
================================================================================
1 2 3 4 5 6A 6B 7 8 9 10 11 12 13 14 15 16 17 18
12Z AVG MX 2MIN
DY MAX MIN AVG DEP HDD CDD WTR SNW DPTH SPD SPD DIR MIN PSBL S-S WX SPD DR
================================================================================
1 64 34 49 -2 16 0 T 0.0 0 14.8 35 190 M M 4 48 220
2 67 25 46 -5 19 0 0.00 0.0 0 10.4 21 150 M M 0 27 150
3 67 46 57 6 8 0 0.00 0.0 0 18.5 32 20 M M 1 45 20
4 65 41 53 2 12 0 0.00 0.0 0 9.5 18 160 M M 2 8 24 150
5 82 39 61 9 4 0 0.00 0.0 0 20.6 40 10 M M 2 18 53 360
6 60 37 49 -3 16 0 0.00 0.0 0 23.1 43 320 M M 4 8 59 320
7 58 32 45 -7 20 0 0.00 0.0 0 22.6 41 320 M M 1 60 320
8 60 32 46 -6 19 0 0.00 0.0 0 15.6 31 320 M M 0 46 320
9 84 30 57 4 8 0 0.00 0.0 0 12.4 24 190 M M 0 31 200
10 70 47 59 6 6 0 0.00 0.0 0 18.2 33 360 M M 1 44 350
11 70 35 53 0 12 0 0.00 0.0 0 14.2 26 140 M M 2 40 160
12 90 48 69 16 0 4 0.00 0.0 0 28.4 43 360 M M 1 8 62 190
13 53 31 42 -12 23 0 0.00 0.0 0 15.2 35 360 M M 4 47 360
14 68 22 45 -9 20 0 0.00 0.0 0 14.5 28 210 M M 0 8 39 200
15 67 37 52 -2 13 0 0.00 0.0 0 14.4 24 40 M M 0 32 20
16 57 29 43 -11 22 0 0.00 0.0 0 16.6 24 70 M M 3 36 50
17 71 39 55 1 10 0 0.00 0.0 0 7.3 16 320 M M 3 8 26 350
18 60 32 46 -9 19 0 0.00 0.0 0 8.6 17 60 M M 2 18 25 170
19 66 39 53 -2 12 0 0.00 0.0 0 25.4 40 170 M M 5 55 180
20 79 51 65 10 0 0 0.00 0.0 0 16.7 36 350 M M 1 8 50 350
21 88 47 68 12 0 3 T 0.0 0 19.1 35 160 M M 3 18 46 140
22 85 67 76 20 0 11 0.00 0.0 0 30.6 45 170 M M 1 18 60 170
23 78 45 62 6 3 0 0.26 0.0 0 18.7 45 180 M M 1 138 61 180
24 70 36 53 -3 12 0 0.00 0.0 0 12.9 29 350 M M 0 8 40 350
25 64 32 48 -9 17 0 0.00 0.0 0 10.4 23 10 M M 1 31 20
26 73 34 54 -3 11 0 0.00 0.0 0 17.2 32 180 M M 1 46 190
27 84 51 68 11 0 3 0.29 0.0 0 22.4 32 190 M M 1 3 42 190
28 79 55 67 9 0 2 0.00 0.0 0 15.8 28 150 M M 2 38 150
29 89 51 70 12 0 5 0.00 0.0 0 17.5 37 320 M M 0 48 310
30 72 44 58 0 7 0 0.00 0.0 0 18.4 39 320 M M 0 51 320
================================================================================
SM 2140 1188 309 28 0.55 0.0 510.0 M 46
================================================================================
AV 71.3 39.6 17.0 FASTST M M 2 MAX(MPH)
MISC ----> # 45 180 62 190
================================================================================
NOTES:
# LAST OF SEVERAL OCCURRENCES
COLUMN 17 PEAK WIND IN M.P.H.
PRELIMINARY LOCAL CLIMATOLOGICAL DATA (WS FORM: F-6) , PAGE 2
STATION: DODGE CITY KS
MONTH: APRIL
YEAR: 2022
LATITUDE: 37 46 N
LONGITUDE: 99 58 W
[TEMPERATURE DATA] [PRECIPITATION DATA] SYMBOLS USED IN COLUMN 16
AVERAGE MONTHLY: 55.5 TOTAL FOR MONTH: 0.55 1 = FOG OR MIST
DPTR FM NORMAL: 1.2 DPTR FM NORMAL: -1.44 2 = FOG REDUCING VISIBILITY
HIGHEST: 90 ON 12 GRTST 24HR 0.29 ON 27-27 TO 1/4 MILE OR LESS
LOWEST: 22 ON 14 3 = THUNDER
SNOW, ICE PELLETS, HAIL 4 = ICE PELLETS
TOTAL MONTH: 0 5 = HAIL
GRTST 24HR 0.0 6 = FREEZING RAIN OR DRIZZLE
GRTST DEPTH: 0 7 = DUSTSTORM OR SANDSTORM:
VSBY 1/2 MILE OR LESS
8 = SMOKE OR HAZE
[NO. OF DAYS WITH] [WEATHER - DAYS WITH] 9 = BLOWING SNOW
X = TORNADO
MAX 32 OR BELOW: 0 0.01 INCH OR MORE: 2
MAX 90 OR ABOVE: 1 0.10 INCH OR MORE: 2
MIN 32 OR BELOW: 9 0.50 INCH OR MORE: 0
MIN 0 OR BELOW: 0 1.00 INCH OR MORE: 0
[HDD (BASE 65) ]
TOTAL THIS MO. 309 CLEAR (SCALE 0-3) 25
DPTR FM NORMAL -29 PTCLDY (SCALE 4-7) 5
TOTAL FM JUL 1 4379 CLOUDY (SCALE 8-10) 0
DPTR FM NORMAL -312
[CDD (BASE 65) ]
TOTAL THIS MO. 28
DPTR FM NORMAL 10 [PRESSURE DATA]
TOTAL FM JAN 1 28 HIGHEST SLP 30.44 ON 18
DPTR FM NORMAL 8 LOWEST SLP 29.19 ON 12
[REMARKS]
#FINAL-04-22#