151
CXUS55 KALY 010710
CF6DDH
PRELIMINARY LOCAL CLIMATOLOGICAL DATA (WS FORM: F-6)
STATION: BENNINGTON VT
MONTH: APRIL
YEAR: 2020
LATITUDE: 42 53 N
LONGITUDE: 73 15 W
TEMPERATURE IN F: :PCPN: SNOW: WIND :SUNSHINE: SKY :PK WND
================================================================================
1 2 3 4 5 6A 6B 7 8 9 10 11 12 13 14 15 16 17 18
12Z AVG MX 2MIN
DY MAX MIN AVG DEP HDD CDD WTR SNW DPTH SPD SPD DIR MIN PSBL S-S WX SPD DR
================================================================================
1 52 29 41 1 24 0 0.00 M M 6.4 17 340 M M 3 24 330
2 46 36 41 1 24 0 0.07 M M 11.7 21 350 M M 10 32 330
3 48 38 43 3 22 0 0.18 M M 3.8 13 340 M M 10 18 18 320
4 60 44 52 11 13 0 0.00 M M 3.2 9 330 M M 10 15 330
5 58 45 52 11 13 0 0.00 M M 3.4 13 290 M M 8 19 240
6 58 35 47 5 18 0 0.00 M M 6.1 18 270 M M 3 27 270
7 60 38 49 7 16 0 0.00 M M 6.6 20 280 M M 4 27 280
8 58 42 50 7 15 0 T M M 4.6 14 260 M M 10 17 270
9 50 36 43 0 22 0 0.67 M M 8.6 32 160 M M 7 1 41 160
10 44 34 39 -5 26 0 0.05 M M 12.2 21 290 M M 9 36 280
11 46 31 39 -5 26 0 0.00 M M 10.0 26 280 M M 6 37 290
12 59 24 42 -2 23 0 0.00 M M 5.3 17 160 M M 4 25 160
13 63 46 55 10 10 0 0.86 M M 16.6 32 150 M M 10 1 48 140
14 49 37 43 -2 22 0 0.00 M M 8.5 21 250 M M 6 29 300
15 44 29 37 -9 28 0 0.00 M M 8.9 18 270 M M 6 28 300
16 40 30 35 -11 30 0 0.11 M M 8.1 25 280 M M 7 18 34 280
17 46 29 38 -8 27 0 0.03 M M 7.1 18 280 M M 6 1 26 280
18 45 33 39 -8 26 0 0.08 M M 4.1 10 340 M M 8 1 14 340
19 61 26 44 -3 21 0 0.02 M M 5.8 20 200 M M 4 28 200
20 52 28 40 -7 25 0 0.00 M M 6.7 15 350 M M 2 20 350
21 52 26 39 -9 26 0 0.33 M M 9.1 29 160 M M 5 1 37 180
22 39 27 33 -15 32 0 T M M 12.7 25 290 M M 8 36 270
23 52 26 39 -9 26 0 0.00 M M 4.7 14 260 M M 2 21 270
24 49 34 42 -7 23 0 0.01 M M 1.8 9 270 M M 8 13 140
25 63 35 49 0 16 0 0.00 M M 2.1 10 330 M M 4 16 280
26 54 36 45 -5 20 0 0.17 M M 6.5 20 120 M M 10 1 27 120
27 44 36 40 -10 25 0 0.20 M M 6.1 17 360 M M 10 1 23 10
28 57 36 47 -3 18 0 T M M 4.9 15 310 M M 4 22 350
29 64 34 49 -1 16 0 0.00 M M 9.9 24 140 M M 5 33 160
30 54 44 49 -2 16 0 0.15 M M 20.2 32 150 M M 10 42 140
================================================================================
SM 1567 1024 649 0 2.93 M 225.7 M 199
================================================================================
AV 52.2 34.1 7.5 FASTST M M 7 MAX(MPH)
MISC ----> # 32 160 # 48 140
================================================================================
NOTES:
# LAST OF SEVERAL OCCURRENCES
COLUMN 17 PEAK WIND IN M.P.H.
PRELIMINARY LOCAL CLIMATOLOGICAL DATA (WS FORM: F-6) , PAGE 2
STATION: BENNINGTON VT
MONTH: APRIL
YEAR: 2020
LATITUDE: 42 53 N
LONGITUDE: 73 15 W
[TEMPERATURE DATA] [PRECIPITATION DATA] SYMBOLS USED IN COLUMN 16
AVERAGE MONTHLY: 43.2 TOTAL FOR MONTH: 2.93 1 = FOG OR MIST
DPTR FM NORMAL: -2.3 DPTR FM NORMAL: -0.34 2 = FOG REDUCING VISIBILITY
HIGHEST: 64 ON 29 GRTST 24HR 0.86 ON 13-13 TO 1/4 MILE OR LESS
LOWEST: 24 ON 12 3 = THUNDER
SNOW, ICE PELLETS, HAIL 4 = ICE PELLETS
TOTAL MONTH: M 5 = HAIL
GRTST 24HR M ON M 6 = FREEZING RAIN OR DRIZZLE
GRTST DEPTH: M ON M 7 = DUSTSTORM OR SANDSTORM:
VSBY 1/2 MILE OR LESS
8 = SMOKE OR HAZE
[NO. OF DAYS WITH] [WEATHER - DAYS WITH] 9 = BLOWING SNOW
X = TORNADO
MAX 32 OR BELOW: 0 0.01 INCH OR MORE: 14
MAX 90 OR ABOVE: 0 0.10 INCH OR MORE: 8
MIN 32 OR BELOW: 11 0.50 INCH OR MORE: 2
MIN 0 OR BELOW: 0 1.00 INCH OR MORE: 0
[HDD (BASE 65) ]
TOTAL THIS MO. 649 CLEAR (SCALE 0-3) 3
DPTR FM NORMAL 61 PTCLDY (SCALE 4-7) 17
TOTAL FM JUL 1 6347 CLOUDY (SCALE 8-10) 10
DPTR FM NORMAL -476
[CDD (BASE 65) ]
TOTAL THIS MO. 0
DPTR FM NORMAL -3 [PRESSURE DATA]
TOTAL FM JAN 1 0 HIGHEST SLP M ON M
DPTR FM NORMAL -3 LOWEST SLP 29.12 ON 9
[REMARKS]
#FINAL-04-20#