000
CXUS55 KBOU 012353
CF6DEN
PRELIMINARY LOCAL CLIMATOLOGICAL DATA (WS FORM: F-6)
STATION: DENVER CO
MONTH: NOVEMBER
YEAR: 2021
LATITUDE: 39 52 N
LONGITUDE: 104 40 W
TEMPERATURE IN F: :PCPN: SNOW: WIND :SUNSHINE: SKY :PK WND
================================================================================
1 2 3 4 5 6A 6B 7 8 9 10 11 12 13 14 15 16 17 18
12Z AVG MX 2MIN
DY MAX MIN AVG DEP HDD CDD WTR SNW DPTH SPD SPD DIR MIN PSBL S-S WX SPD DR
================================================================================
1 41 33 37 -8 28 0 T T 0 8.5 17 310 M M 9 21 330
2 43 33 38 -6 27 0 0.06 T 0 4.7 12 230 M M 10 18 14 240
3 60 34 47 3 18 0 0.00 0.0 0 6.2 13 160 M M 3 1 15 170
4 69 35 52 8 13 0 0.00 0.0 0 8.9 18 210 M M 3 22 200
5 74 44 59 16 6 0 0.00 0.0 0 8.6 18 220 M M 3 26 260
6 80 40 60 17 5 0 0.00 0.0 0 10.3 18 180 M M 4 23 190
7 77 46 62 19 3 0 0.00 0.0 0 9.7 16 210 M M 3 20 200
8 51 29 40 -2 25 0 0.00 0.0 0 6.1 14 320 M M 4 18 250
9 57 30 44 2 21 0 0.00 0.0 0 6.9 15 80 M M 5 18 18 70
10 58 33 46 4 19 0 0.00 0.0 0 11.4 31 270 M M 5 43 290
11 56 24 40 -1 25 0 0.00 0.0 0 11.1 29 300 M M 4 38 320
12 54 20 37 -4 28 0 0.00 0.0 0 8.6 17 210 M M 5 20 210
13 67 34 51 11 14 0 0.00 0.0 0 12.9 30 290 M M 5 39 290
14 68 24 46 6 19 0 0.00 0.0 0 14.3 30 270 M M 5 39 270
15 74 46 60 20 5 0 0.00 0.0 0 12.0 23 270 M M 7 31 270
16 71 35 53 14 12 0 0.00 0.0 0 17.8 32 220 M M 6 42 280
17 37 19 28 -11 37 0 0.00 0.0 0 7.9 22 30 M M 5 29 10
18 58 12 35 -3 30 0 0.00 0.0 0 11.3 13 270 M M 4 14 20
19 66 36 51 13 14 0 0.00 0.0 0 7.7 25 290 M M 7 33 290
20 51 35 43 5 22 0 0.01 0.0 0 7.4 21 70 M M 7 1 25 50
21 55 25 40 3 25 0 0.00 0.0 0 7.5 15 200 M M 2 24 180
22 68 31 50 13 15 0 0.00 0.0 0 8.4 17 210 M M 2 21 210
23 71 34 53 16 12 0 0.00 0.0 0 11.7 26 290 M M 4 35 300
24 55 17 36 0 29 0 T T 0 13.0 26 20 M M 7 34 350
25 59 16 38 2 27 0 0.00 0.0 0 12.4 18 200 M M 2 23 200
26 68 41 55 20 10 0 0.00 0.0 0 8.7 18 210 M M 6 24 200
27 54 28 41 6 24 0 0.00 0.0 0 8.1 16 40 M M 5 20 80
28 67 28 48 13 17 0 0.00 0.0 0 7.6 15 220 M M 4 19 220
29 72 39 56 22 9 0 0.00 0.0 0 9.8 18 70 M M 2 25 50
30 61 35 48 14 17 0 0.00 0.0 0 8.4 23 20 M M 5 29 20
================================================================================
SM 1842 936 556 0 0.07 T 287.9 M 143
================================================================================
AV 61.4 31.2 9.6 FASTST M M 5 MAX(MPH)
MISC ----> 32 220 43 290
================================================================================
NOTES:
# LAST OF SEVERAL OCCURRENCES
COLUMN 17 PEAK WIND IN M.P.H.
PRELIMINARY LOCAL CLIMATOLOGICAL DATA (WS FORM: F-6) , PAGE 2
STATION: DENVER CO
MONTH: NOVEMBER
YEAR: 2021
LATITUDE: 39 52 N
LONGITUDE: 104 40 W
[TEMPERATURE DATA] [PRECIPITATION DATA] SYMBOLS USED IN COLUMN 16
AVERAGE MONTHLY: 46.3 TOTAL FOR MONTH: 0.07 1 = FOG OR MIST
DPTR FM NORMAL: 6.9 DPTR FM NORMAL: -0.57 2 = FOG REDUCING VISIBILITY
HIGHEST: 80 ON 6 GRTST 24HR 0.06 ON 2- 2 TO 1/4 MILE OR LESS
LOWEST: 12 ON 18 3 = THUNDER
SNOW, ICE PELLETS, HAIL 4 = ICE PELLETS
TOTAL MONTH: T 5 = HAIL
GRTST 24HR T ON 2- 2 6 = FREEZING RAIN OR DRIZZLE
GRTST DEPTH: 0 7 = DUSTSTORM OR SANDSTORM:
VSBY 1/2 MILE OR LESS
8 = SMOKE OR HAZE
[NO. OF DAYS WITH] [WEATHER - DAYS WITH] 9 = BLOWING SNOW
X = TORNADO
MAX 32 OR BELOW: 0 0.01 INCH OR MORE: 2
MAX 90 OR ABOVE: 0 0.10 INCH OR MORE: 0
MIN 32 OR BELOW: 13 0.50 INCH OR MORE: 0
MIN 0 OR BELOW: 0 1.00 INCH OR MORE: 0
[HDD (BASE 65) ]
TOTAL THIS MO. 556 CLEAR (SCALE 0-3) 8
DPTR FM NORMAL -211 PTCLDY (SCALE 4-7) 20
TOTAL FM JUL 1 956 CLOUDY (SCALE 8-10) 2
DPTR FM NORMAL -363
[CDD (BASE 65) ]
TOTAL THIS MO. 0
DPTR FM NORMAL 0 [PRESSURE DATA]
TOTAL FM JAN 1 1110 HIGHEST SLP 30.50 ON 24
DPTR FM NORMAL 261 LOWEST SLP 29.50 ON 23
[REMARKS]
#FINAL-11-21#