000
CXUS54 KSHV 150244
CF6DEQ
PRELIMINARY LOCAL CLIMATOLOGICAL DATA (WS FORM: F-6)
STATION: DE QUEEN
MONTH: APRIL
YEAR: 2020
LATITUDE: 34 2 N
LONGITUDE: 94 24 W
TEMPERATURE IN F: :PCPN: SNOW: WIND :SUNSHINE: SKY :PK WND
================================================================================
1 2 3 4 5 6A 6B 7 8 9 10 11 12 13 14 15 16 17 18
12Z AVG MX 2MIN
DY MAX MIN AVG DEP HDD CDD WTR SNW DPTH SPD SPD DIR MIN PSBL S-S WX SPD DR
================================================================================
1 73 41 57 0 8 0 0.00 0.0 0 3.1 14 190 M M 2 12 18 190
2 72 52 62 5 3 0 T 0.0 0 6.1 18 180 M M 1 138 30 180
3 69 55 62 4 3 0 0.80 0.0 0 4.0 22 100 M M 9 13 27 100
4 59 53 56 -2 9 0 0.67 0.0 0 3.5 13 260 M M 10 13 16 80
5 66 54 60 2 5 0 0.03 0.0 0 1.3 7 110 M M 10 12 13 90
6 76 53 65 7 0 0 T 0.0 0 2.5 12 180 M M 5 12 21 30
7 84 63 74 15 0 9 0.05 0.0 0 3.3 14 230 M M 6 12 18 230
8 90 61 76 17 0 11 0.00 0.0 0 3.0 13 250 M M 9 128 17 240
9 75 56 66 7 0 1 0.00 0.0 0 5.6 17 90 M M 1 12 23 90
10 69 47 58 -1 7 0 0.00 0.0 0 4.2 13 70 M M 0 18 100
11 70 47 59 -1 6 0 0.87 0.0 0 6.3 14 130 M M 5 13 19 130
12 75 46 61 1 4 0 0.66 0.0 0 7.7 32 290 M M 9 13 42 290
13 59 41 50 -10 15 0 0.00 0.0 0 8.5 18 330 M M 4 26 330
14 57 43 50 -11 15 0 0.00 0.0 0 4.5 14 40 M M 7 1 20 40
15 65 34 50 -11 15 0 0.00 0.0 0 1.2 9 240 M M 2 12 14 240
16 72 37 55 -6 10 0 0.00 0.0 0 4.6 15 160 M M 0 18 21 160
17 66 43 55 -7 10 0 T 0.0 0 3.5 12 330 M M 6 18 16 330
18 68 39 54 -8 11 0 T 0.0 0 5.4 13 170 M M 1 13 17 70
19 63 56 60 -2 5 0 0.18 0.0 0 4.3 16 140 M M 10 123 22 130
20 73 49 61 -1 4 0 0.00 0.0 0 1.6 10 240 M M 3 12 13 250
21 83 49 66 3 0 1 0.01 0.0 0 2.0 10 160 M M 3 123 14 150
22 66 60 63 0 2 0 2.51 0.0 0 7.2 20 120 M M 8 13 25 120
23 78 54 66 3 0 1 0.00 0.0 0 5.9 16 330 M M 4 1 22 340
24 78 53 66 2 0 1 0.23 0.0 0 4.1 18 330 M M 4 13 27 330
25 76 50 63 -1 2 0 0.03 0.0 0 6.0 20 320 M M 2 1 27 320
26 80 45 63 -1 2 0 0.01 0.0 0 1.6 13 290 M M 1 12 17 280
27 79 51 65 1 0 0 0.00 0.0 0 6.5 17 180 M M 1 13 26 150
28 81 65 73 8 0 8 1.08 0.0 0 4.4 10 160 M M 9 13 M M
29 81 50 66 1 0 1 0.00 0.0 0 7.3 24 300 M M 1 13 36 330
30 79 46 63 -2 2 0 0.00 0.0 0 3.0 15 260 M M 0 1 19 240
================================================================================
SM 2182 1493 138 33 7.13 0.0 132.2 M 133
================================================================================
AV 72.7 49.8 4.4 FASTST M M 4 MAX(MPH)
MISC ----> # 32 290 # 42 290
================================================================================
NOTES:
# LAST OF SEVERAL OCCURRENCES
COLUMN 17 PEAK WIND IN M.P.H.
PRELIMINARY LOCAL CLIMATOLOGICAL DATA (WS FORM: F-6) , PAGE 2
STATION: DE QUEEN
MONTH: APRIL
YEAR: 2020
LATITUDE: 34 2 N
LONGITUDE: 94 24 W
[TEMPERATURE DATA] [PRECIPITATION DATA] SYMBOLS USED IN COLUMN 16
AVERAGE MONTHLY: 61.3 TOTAL FOR MONTH: 7.13 1 = FOG OR MIST
DPTR FM NORMAL: 0.2 DPTR FM NORMAL: 3.20 2 = FOG REDUCING VISIBILITY
HIGHEST: 90 ON 8 GRTST 24HR 2.51 ON 22-22 TO 1/4 MILE OR LESS
LOWEST: 34 ON 15 3 = THUNDER
SNOW, ICE PELLETS, HAIL 4 = ICE PELLETS
TOTAL MONTH: 0.0 INCH 5 = HAIL
GRTST 24HR 0.0 6 = FREEZING RAIN OR DRIZZLE
GRTST DEPTH: 0 7 = DUSTSTORM OR SANDSTORM:
VSBY 1/2 MILE OR LESS
8 = SMOKE OR HAZE
[NO. OF DAYS WITH] [WEATHER - DAYS WITH] 9 = BLOWING SNOW
X = TORNADO
MAX 32 OR BELOW: 0 0.01 INCH OR MORE: 13
MAX 90 OR ABOVE: 1 0.10 INCH OR MORE: 8
MIN 32 OR BELOW: 0 0.50 INCH OR MORE: 6
MIN 0 OR BELOW: 0 1.00 INCH OR MORE: 2
[HDD (BASE 65) ]
TOTAL THIS MO. 138 CLEAR (SCALE 0-3) 13
DPTR FM NORMAL -15 PTCLDY (SCALE 4-7) 10
TOTAL FM JUL 1 2633 CLOUDY (SCALE 8-10) 7
DPTR FM NORMAL -388
[CDD (BASE 65) ]
TOTAL THIS MO. 33
DPTR FM NORMAL -3 [PRESSURE DATA]
TOTAL FM JAN 1 67 HIGHEST SLP 30.31 ON 14
DPTR FM NORMAL 20 LOWEST SLP 29.41 ON 12
[REMARKS]
#FINAL-04-20#