000
CXUS56 KOTX 010910
CF6DEW
PRELIMINARY LOCAL CLIMATOLOGICAL DATA (WS FORM: F-6)
STATION: DEER_PARK WA AIRPORT
MONTH: JUNE
YEAR: 2022
LATITUDE: 47 58 N
LONGITUDE: 117 25 W
TEMPERATURE IN F: :PCPN: SNOW: WIND :SUNSHINE: SKY :PK WND
================================================================================
1 2 3 4 5 6A 6B 7 8 9 10 11 12 13 14 15 16 17 18
12Z AVG MX 2MIN
DY MAX MIN AVG DEP HDD CDD WTR SNW DPTH SPD SPD DIR MIN PSBL S-S WX SPD DR
================================================================================
1 76 44 60 4 5 0 0.00 M M 5.5 17 170 M M 0 23 180
2 78 53 66 10 0 1 0.06 M M 7.1 18 190 M M 0 23 30
3 75 55 65 8 0 0 0.66 M M 4.1 22 250 M M 0 13 33 250
4 59 46 53 -4 12 0 0.30 M M 4.7 14 200 M M 0 12 16 200
5 68 46 57 0 8 0 0.52 M M 4.8 13 210 M M 0 123 19 270
6 68 43 56 -1 9 0 0.03 M M 8.0 20 220 M M 0 13 24 230
7 73 39 56 -1 9 0 0.00 M M 3.4 12 280 M M 0 14 180
8 75 47 61 4 4 0 0.03 M M 5.6 18 210 M M 0 22 190
9 67 44 56 -1 9 0 0.17 M M 5.5 14 40 M M 4 18 18 40
10 69 53 61 4 4 0 0.15 M M 6.2 21 190 M M 8 1 25 200
11 73 55 64 6 1 0 0.06 M M 9.0 21 210 M M 6 13 26 180
12 68 51 60 2 5 0 0.25 M M 6.7 15 210 M M 6 1 23 210
13 51 45 48 -10 17 0 1.20 M M 11.2 20 160 M M 10 1 23 200
14 56 43 50 -8 15 0 0.06 M M 10.5 20 220 M M 9 24 310
15 69 44 57 -1 8 0 0.00 M M 7.0 14 180 M M 1 17 200
16 74 55 65 7 0 0 0.00 M M 7.9 15 190 M M 1 19 190
17 72 47 60 2 5 0 0.00 M M 5.5 15 230 M M 2 18 240
18 66 52 59 0 6 0 T M M 8.7 20 190 M M 9 22 200
19 64 45 55 -4 10 0 T M M 5.2 16 230 M M 8 21 240
20 71 51 61 2 4 0 0.27 M M 6.3 15 210 M M 8 1 19 140
21 77 45 61 2 4 0 0.00 M M 5.9 17 210 M M 2 1 21 200
22 81 49 65 5 0 0 0.00 M M 10.8 23 230 M M 2 30 230
23 73 42 58 -2 7 0 0.00 M M 6.1 14 320 M M 1 8 21 320
24 74 43 59 -1 6 0 0.00 M M 5.0 15 40 M M 2 18 21 50
25 80 43 62 2 3 0 0.00 M M 5.6 16 50 M M 0 20 60
26 86 48 67 6 0 2 0.00 M M 6.3 15 50 M M 0 19 200
27 93 44 69 8 0 4 0.00 M M 2.9 10 40 M M 0 8 14 20
28 86 52 69 8 0 4 0.00 M M 13.6 29 210 M M 0 18 41 210
29 75 52 64 2 1 0 0.01 M M 10.0 18 210 M M 3 8 29 220
30 82 53 68 6 0 3 0.00 M M 4.9 14 30 M M 2 18 30
================================================================================
SM 2179 1429 152 14 3.77 M 204.0 M 84
================================================================================
AV 72.6 47.6 6.8 FASTST M M 3 MAX(MPH)
MISC ----> 29 210 41 210
================================================================================
NOTES:
# LAST OF SEVERAL OCCURRENCES
COLUMN 17 PEAK WIND IN M.P.H.
PRELIMINARY LOCAL CLIMATOLOGICAL DATA (WS FORM: F-6) , PAGE 2
STATION: DEER_PARK WA AIRPORT
MONTH: JUNE
YEAR: 2022
LATITUDE: 47 58 N
LONGITUDE: 117 25 W
[TEMPERATURE DATA] [PRECIPITATION DATA] SYMBOLS USED IN COLUMN 16
AVERAGE MONTHLY: 60.1 TOTAL FOR MONTH: 3.77 1 = FOG OR MIST
DPTR FM NORMAL: 1.5 DPTR FM NORMAL: 1.86 2 = FOG REDUCING VISIBILITY
HIGHEST: 93 ON 27 GRTST 24HR 1.45 ON 12-13 TO 1/4 MILE OR LESS
LOWEST: 39 ON 7 3 = THUNDER
SNOW, ICE PELLETS, HAIL 4 = ICE PELLETS
TOTAL MONTH: M 5 = HAIL
GRTST 24HR M ON M 6 = FREEZING RAIN OR DRIZZLE
GRTST DEPTH: M ON M 7 = DUSTSTORM OR SANDSTORM:
VSBY 1/2 MILE OR LESS
8 = SMOKE OR HAZE
[NO. OF DAYS WITH] [WEATHER - DAYS WITH] 9 = BLOWING SNOW
X = TORNADO
MAX 32 OR BELOW: 0 0.01 INCH OR MORE: 14
MAX 90 OR ABOVE: 1 0.10 INCH OR MORE: 8
MIN 32 OR BELOW: 0 0.50 INCH OR MORE: 3
MIN 0 OR BELOW: 0 1.00 INCH OR MORE: 1
[HDD (BASE 65) ]
TOTAL THIS MO. 152 CLEAR (SCALE 0-3) 21
DPTR FM NORMAL -60 PTCLDY (SCALE 4-7) 5
TOTAL FM JUL 1 7310 CLOUDY (SCALE 8-10) 4
DPTR FM NORMAL 25
[CDD (BASE 65) ]
TOTAL THIS MO. 14
DPTR FM NORMAL -4 [PRESSURE DATA]
TOTAL FM JAN 1 14 HIGHEST SLP M ON M
DPTR FM NORMAL -8 LOWEST SLP 29.55 ON 17
[REMARKS]
#FINAL-06-22#