116
CXUS53 KIWX 010910
CF6DFI
PRELIMINARY LOCAL CLIMATOLOGICAL DATA (WS FORM: F-6)
STATION: DEFIANCE MEMORIAL
MONTH: FEBRUARY
YEAR: 2021
LATITUDE: 41 20 N
LONGITUDE: 84 26 W
TEMPERATURE IN F: :PCPN: SNOW: WIND :SUNSHINE: SKY :PK WND
================================================================================
1 2 3 4 5 6A 6B 7 8 9 10 11 12 13 14 15 16 17 18
12Z AVG MX 2MIN
DY MAX MIN AVG DEP HDD CDD WTR SNW DPTH SPD SPD DIR MIN PSBL S-S WX SPD DR
================================================================================
1 31 24 28 3 37 0 T M M 11.7 17 340 M M 10 8 26 350
2 33 13 23 -2 42 0 0.00 M M 9.9 20 330 M M 1 26 310
3 35 13 24 -2 41 0 0.00 0.0 M 4.7 9 290 M M 0 18 15 280
4 36 11 24 -2 41 0 0.21 M M 9.1 28 230 M M 4 128 42 240
5 32 15 24 -2 41 0 T M M 15.0 26 230 M M 6 8 44 230
6 18 7 13 -13 52 0 T M M 7.8 14 200 M M 4 21 220
7 15 2 9 -17 56 0 T M M 5.7 13 300 M M 3 8 18 260
8 16 6 11 -15 54 0 T M M 3.6 7 10 M M 10 8 10 60
9 23 3 13 -13 52 0 T M M 4.0 10 350 M M 5 8 15 350
10 19 3 11 -16 54 0 T M M 4.9 12 90 M M 8 8 15 80
11 20 10 15 -12 50 0 0.00 M M 8.5 15 30 M M 4 20 30
12 27 17 22 -5 43 0 0.00 M M 7.1 16 30 M M 5 22 30
13 24 19 22 -5 43 0 0.00 M M 7.7 15 20 M M 9 20 30
14 25 12 19 -9 46 0 0.00 M M 6.7 13 340 M M 6 18 17 320
15 17 13 15 -13 50 0 0.15 M M 13.5 21 10 M M 10 8 32 20
16 19 6 13 -15 52 0 T M M 8.9 21 10 M M 8 8 30 10
17 18 -5 7 -21 58 0 0.00 M M 3.0 9 70 M M 4 18 11 70
18 25 15 20 -9 45 0 T M M 7.7 14 30 M M 9 8 18 50
19 25 7 16 -13 49 0 T M M 5.8 15 230 M M 5 18 21 240
20 25 6 16 -13 49 0 0.00 M M 5.1 10 240 M M 1 18 17 260
21 38 -2 18 -12 47 0 0.03 M M 7.7 20 160 M M 2 18 33 180
22 40 31 36 6 29 0 0.03 M M 13.9 20 210 M M 9 18 33 270
23 46 32 39 9 26 0 0.00 M M 9.4 18 220 M M 3 30 230
24 49 31 40 10 25 0 0.00 M M 10.2 18 290 M M 2 28 290
25 42 22 32 1 33 0 0.00 M M 3.4 12 230 M M 1 19 250
26 42 17 30 -1 35 0 T M M 6.2 16 100 M M 2 18 20 100
27 47 35 41 10 24 0 0.07 M M 5.4 13 200 M M 6 18 16 190
28 63 36 50 18 15 0 0.10 M M 7.9 25 300 M M 6 18 38 310
================================================================================
SM 850 399 1189 0 0.59 0.0 214.5 M 143
================================================================================
AV 30.4 14.3 7.7 FASTST M M 5 MAX(MPH)
MISC ----> 28 230 44 230
================================================================================
NOTES:
# LAST OF SEVERAL OCCURRENCES
COLUMN 17 PEAK WIND IN M.P.H.
PRELIMINARY LOCAL CLIMATOLOGICAL DATA (WS FORM: F-6) , PAGE 2
STATION: DEFIANCE MEMORIAL
MONTH: FEBRUARY
YEAR: 2021
LATITUDE: 41 20 N
LONGITUDE: 84 26 W
[TEMPERATURE DATA] [PRECIPITATION DATA] SYMBOLS USED IN COLUMN 16
AVERAGE MONTHLY: 22.3 TOTAL FOR MONTH: 0.59 1 = FOG OR MIST
DPTR FM NORMAL: -5.6 DPTR FM NORMAL: -1.04 2 = FOG REDUCING VISIBILITY
HIGHEST: 63 ON 28 GRTST 24HR 0.21 ON 4- 4 TO 1/4 MILE OR LESS
LOWEST: -5 ON 17 3 = THUNDER
SNOW, ICE PELLETS, HAIL 4 = ICE PELLETS
TOTAL MONTH: 0.0 INCH 5 = HAIL
GRTST 24HR 0.0 6 = FREEZING RAIN OR DRIZZLE
GRTST DEPTH: M ON M 7 = DUSTSTORM OR SANDSTORM:
VSBY 1/2 MILE OR LESS
8 = SMOKE OR HAZE
[NO. OF DAYS WITH] [WEATHER - DAYS WITH] 9 = BLOWING SNOW
X = TORNADO
MAX 32 OR BELOW: 17 0.01 INCH OR MORE: 6
MAX 90 OR ABOVE: 0 0.10 INCH OR MORE: 3
MIN 32 OR BELOW: 26 0.50 INCH OR MORE: 0
MIN 0 OR BELOW: 2 1.00 INCH OR MORE: 0
[HDD (BASE 65) ]
TOTAL THIS MO. 1189 CLEAR (SCALE 0-3) 7
DPTR FM NORMAL 152 PTCLDY (SCALE 4-7) 14
TOTAL FM JUL 1 4223 CLOUDY (SCALE 8-10) 7
DPTR FM NORMAL -429
[CDD (BASE 65) ]
TOTAL THIS MO. 0
DPTR FM NORMAL 0 [PRESSURE DATA]
TOTAL FM JAN 1 0 HIGHEST SLP 30.50 ON 21
DPTR FM NORMAL 0 LOWEST SLP 29.36 ON 4
[REMARKS]
#FINAL-02-21#