000
CXUS56 KTFX 101551
CF6DLN
PRELIMINARY LOCAL CLIMATOLOGICAL DATA (WS FORM: F-6)
STATION: DILLON AIRPORT MT
MONTH: JULY
YEAR: 2023
LATITUDE: 45 15 N
LONGITUDE: 112 33 W
TEMPERATURE IN F: :PCPN: SNOW: WIND :SUNSHINE: SKY :PK WND
================================================================================
1 2 3 4 5 6A 6B 7 8 9 10 11 12 13 14 15 16 17 18
12Z AVG MX 2MIN
DY MAX MIN AVG DEP HDD CDD WTR SNW DPTH SPD SPD DIR MIN PSBL S-S WX SPD DR
================================================================================
1 82 49 66 5 0 1 T M M 8.6 28 310 M M M 38 41 320
2 84 51 68 6 0 3 0.00 M M 9.7 18 260 M M 0 8 27 250
3 79 44 62 0 3 0 T M M 10.3 21 40 M M 2 3 28 30
4 69 45 57 -5 8 0 T M M 10.6 21 40 M M 3 27 40
5 76 38 57 -5 8 0 0.00 M M 5.0 13 40 M M 1 18 17 60
6 75 45 60 -3 5 0 T M M 8.1 30 30 M M 2 38 39 30
7 78 41 60 -3 5 0 T M M 6.7 20 40 M M 1 8 26 40
8 82 43 63 -1 2 0 0.00 M M 6.9 35 240 M M 0 138 45 240
9 86 46 66 2 0 1 0.01 M M 6.9 18 170 M M 1 3 29 160
10 86 53 70 6 0 5 0.02 M M 8.2 26 30 M M 1 138 40 280
11 82 47 65 1 0 0 0.00 M M 7.4 21 280 M M 0 30 250
12 82 44 63 -2 2 0 0.00 M M 5.7 18 240 M M 0 8 26 240
13 79 48 64 -1 1 0 0.00 M M 7.4 21 300 M M 1 8 32 270
14 82 47 65 0 0 0 0.00 M M 5.4 13 50 M M 1 8 18 40
15 86 44 65 0 0 0 0.00 M M 6.5 17 260 M M 0 8 25 260
16 91 47 69 3 0 4 0.00 M M 6.8 14 190 M M 0 8 18 210
17 83 53 68 2 0 3 0.00 M M 11.2 29 240 M M 1 8 38 230
18 84 46 65 -1 0 0 0.00 M M 9.0 18 290 M M 0 8 23 290
19 85 45 65 -1 0 0 0.00 M M 6.7 17 20 M M 0 8 22 40
20 90 50 70 4 0 5 T M M 7.8 31 340 M M 2 38 42 290
21 90 50 70 4 0 5 0.00 M M 5.4 12 220 M M 1 8 16 220
22 92 52 72 6 0 7 0.00 M M 6.9 15 260 M M 0 8 20 270
23 90 50 70 4 0 5 0.00 M M 7.5 26 170 M M 0 38 37 170
24 81 53 67 1 0 2 0.00 M M 7.3 25 190 M M 3 8 37 180
25 86 55 71 4 0 6 0.00 M M 10.4 23 270 M M 2 8 34 260
26 86 47 67 0 0 2 0.00 M M 6.1 16 270 M M 0 8 22 180
27 88 45 67 0 0 2 0.00 M M 6.7 24 20 M M 0 38 35 20
28 84 47 66 -1 0 1 0.00 M M 9.2 28 30 M M 1 38 43 180
29 87 46 67 1 0 2 0.00 M M 5.7 17 310 M M 0 8 26 310
30 89 54 72 6 0 7 0.00 M M 7.0 16 340 M M 0 8 23 260
31 89 46 68 2 0 3 0.00 M M 6.6 15 190 M M 0 8 22 180
================================================================================
SM 2603 1471 34 64 0.03 M 233.7 M 23
================================================================================
AV 84.0 47.5 7.5 FASTST M M 1 MAX(MPH)
MISC ----> 35 240 45 240
================================================================================
NOTES:
# LAST OF SEVERAL OCCURRENCES
COLUMN 17 PEAK WIND IN M.P.H.
PRELIMINARY LOCAL CLIMATOLOGICAL DATA (WS FORM: F-6) , PAGE 2
STATION: DILLON AIRPORT MT
MONTH: JULY
YEAR: 2023
LATITUDE: 45 15 N
LONGITUDE: 112 33 W
[TEMPERATURE DATA] [PRECIPITATION DATA] SYMBOLS USED IN COLUMN 16
AVERAGE MONTHLY: 65.7 TOTAL FOR MONTH: 0.03 1 = FOG OR MIST
DPTR FM NORMAL: 0.8 DPTR FM NORMAL: -0.86 2 = FOG REDUCING VISIBILITY
HIGHEST: 92 ON 22 GRTST 24HR 0.02 ON 10-10 TO 1/4 MILE OR LESS
LOWEST: 38 ON 5 3 = THUNDER
SNOW, ICE PELLETS, HAIL 4 = ICE PELLETS
TOTAL MONTH: M 5 = HAIL
GRTST 24HR M ON M 6 = FREEZING RAIN OR DRIZZLE
GRTST DEPTH: 0 7 = DUSTSTORM OR SANDSTORM:
VSBY 1/2 MILE OR LESS
8 = SMOKE OR HAZE
[NO. OF DAYS WITH] [WEATHER - DAYS WITH] 9 = BLOWING SNOW
X = TORNADO
MAX 32 OR BELOW: 0 0.01 INCH OR MORE: 2
MAX 90 OR ABOVE: 5 0.10 INCH OR MORE: 0
MIN 32 OR BELOW: 0 0.50 INCH OR MORE: 0
MIN 0 OR BELOW: 0 1.00 INCH OR MORE: 0
[HDD (BASE 65) ]
TOTAL THIS MO. 34 CLEAR (SCALE 0-3) 30
DPTR FM NORMAL -29 PTCLDY (SCALE 4-7) 0
TOTAL FM JUL 1 34 CLOUDY (SCALE 8-10) 1
DPTR FM NORMAL -30
[CDD (BASE 65) ]
TOTAL THIS MO. 64
DPTR FM NORMAL 4 [PRESSURE DATA]
TOTAL FM JAN 1 64 HIGHEST SLP 30.19 ON 21
DPTR FM NORMAL -4 LOWEST SLP 29.72 ON 10
[REMARKS]
#FINAL-07-23#