000
CXUS53 KEAX 010736
CF6DMO
PRELIMINARY LOCAL CLIMATOLOGICAL DATA (WS FORM: F-6)
STATION: SEDALIA MO
MONTH: MAY
YEAR: 2023
LATITUDE: 38 42 N
LONGITUDE: 93 6 W
TEMPERATURE IN F: :PCPN: SNOW: WIND :SUNSHINE: SKY :PK WND
================================================================================
1 2 3 4 5 6A 6B 7 8 9 10 11 12 13 14 15 16 17 18
12Z AVG MX 2MIN
DY MAX MIN AVG DEP HDD CDD WTR SNW DPTH SPD SPD DIR MIN PSBL S-S WX SPD DR
================================================================================
1 66 43 55 -4 10 0 0.00 M M 13.7 28 290 M M 0 39 310
2 68 44 56 -4 9 0 0.00 M M 12.7 26 320 M M 0 8 36 320
3 73 42 58 -2 7 0 0.00 M M 5.2 13 30 M M 0 17 330
4 76 43 60 0 5 0 T M M 8.2 18 210 M M 2 27 240
5 79 54 67 6 0 2 T M M 13.2 23 160 M M 6 32 170
6 93 62 78 17 0 13 0.00 M M 12.4 23 200 M M 5 1 31 220
7 92 73 83 22 0 18 0.00 M M 12.5 22 200 M M 0 8 31 220
8 84 61 73 11 0 8 0.62 M M 8.2 35 350 M M 4 13 47 340
9 79 59 69 7 0 4 0.05 M M 9.5 23 160 M M 2 31 160
10 86 62 74 12 0 9 0.05 M M 8.2 20 120 M M 1 3 28 110
11 74 63 69 6 0 4 0.54 M M 10.4 21 120 M M 6 1 32 120
12 82 66 74 11 0 9 0.15 M M 8.2 15 170 M M 1 13 20 190
13 85 67 76 13 0 11 0.00 M M 7.1 16 180 M M 2 3 20 180
14 86 66 76 12 0 11 2.13 M M 6.0 20 340 M M 4 13 27 340
15 68 60 64 0 1 0 0.01 M M 7.8 14 60 M M 1 128 19 40
16 67 58 63 -1 2 0 0.23 M M 6.3 10 10 M M 0 1 14 360
17 81 56 69 4 0 4 0.00 M M 3.2 10 30 M M 0 1 12 30
18 82 57 70 5 0 5 0.00 M M 5.0 13 140 M M 1 16 140
19 71 51 61 -4 4 0 0.14 M M 7.4 20 350 M M 4 18 26 350
20 70 47 59 -7 6 0 0.00 M M 5.3 14 360 M M 0 18 360
21 75 48 62 -4 3 0 0.00 M M 2.8 10 120 M M 0 15 120
22 79 52 66 0 0 1 0.00 M M 4.3 12 150 M M 0 17 160
23 81 55 68 1 0 3 0.00 M M 4.7 14 80 M M 1 18 60
24 83 60 72 5 0 7 T M M 4.8 18 100 M M 3 3 24 100
25 84 60 72 5 0 7 0.00 M M 6.1 15 80 M M 2 23 60
26 78 54 66 -2 0 1 0.00 M M 7.6 15 80 M M 0 21 80
27 79 49 64 -4 1 0 0.00 M M 3.5 13 110 M M 0 19 80
28 82 56 69 1 0 4 0.00 M M 4.1 12 80 M M 0 17 60
29 85 57 71 2 0 6 0.00 M M 5.5 10 140 M M 0 16 180
30 86 60 73 4 0 8 0.10 M M 7.0 15 260 M M 2 13 23 250
31 83 65 74 5 0 9 0.00 M M 7.0 21 130 M M 3 3 26 120
================================================================================
SM 2457 1750 48 144 4.02 M 227.9 M 50
================================================================================
AV 79.3 56.5 7.4 FASTST M M 2 MAX(MPH)
MISC ----> 35 350 47 340
================================================================================
NOTES:
# LAST OF SEVERAL OCCURRENCES
COLUMN 17 PEAK WIND IN M.P.H.
PRELIMINARY LOCAL CLIMATOLOGICAL DATA (WS FORM: F-6) , PAGE 2
STATION: SEDALIA MO
MONTH: MAY
YEAR: 2023
LATITUDE: 38 42 N
LONGITUDE: 93 6 W
[TEMPERATURE DATA] [PRECIPITATION DATA] SYMBOLS USED IN COLUMN 16
AVERAGE MONTHLY: 67.9 TOTAL FOR MONTH: 4.02 1 = FOG OR MIST
DPTR FM NORMAL: 3.6 DPTR FM NORMAL: -0.66 2 = FOG REDUCING VISIBILITY
HIGHEST: 93 ON 6 GRTST 24HR 2.13 ON 14-14 TO 1/4 MILE OR LESS
LOWEST: 42 ON 3 3 = THUNDER
SNOW, ICE PELLETS, HAIL 4 = ICE PELLETS
TOTAL MONTH: M 5 = HAIL
GRTST 24HR M ON M 6 = FREEZING RAIN OR DRIZZLE
GRTST DEPTH: M ON M 7 = DUSTSTORM OR SANDSTORM:
VSBY 1/2 MILE OR LESS
8 = SMOKE OR HAZE
[NO. OF DAYS WITH] [WEATHER - DAYS WITH] 9 = BLOWING SNOW
X = TORNADO
MAX 32 OR BELOW: 0 0.01 INCH OR MORE: 10
MAX 90 OR ABOVE: 2 0.10 INCH OR MORE: 7
MIN 32 OR BELOW: 0 0.50 INCH OR MORE: 3
MIN 0 OR BELOW: 0 1.00 INCH OR MORE: 1
[HDD (BASE 65) ]
TOTAL THIS MO. 48 CLEAR (SCALE 0-3) 24
DPTR FM NORMAL -65 PTCLDY (SCALE 4-7) 7
TOTAL FM JUL 1 4279 CLOUDY (SCALE 8-10) 0
DPTR FM NORMAL -660
[CDD (BASE 65) ]
TOTAL THIS MO. 144
DPTR FM NORMAL 52 [PRESSURE DATA]
TOTAL FM JAN 1 162 HIGHEST SLP M ON M
DPTR FM NORMAL 48 LOWEST SLP 29.70 ON 7
[REMARKS]
#FINAL-05-23#