000
CXUS55 KVEF 010910
CF6DRA
PRELIMINARY LOCAL CLIMATOLOGICAL DATA (WS FORM: F-6)
STATION: DESERT ROCK-MERCURY NV
MONTH: APRIL
YEAR: 2021
LATITUDE: 36 37 N
LONGITUDE: 116 1 W
TEMPERATURE IN F: :PCPN: SNOW: WIND :SUNSHINE: SKY :PK WND
================================================================================
1 2 3 4 5 6A 6B 7 8 9 10 11 12 13 14 15 16 17 18
12Z AVG MX 2MIN
DY MAX MIN AVG DEP HDD CDD WTR SNW DPTH SPD SPD DIR MIN PSBL S-S WX SPD DR
================================================================================
1 78 41 60 4 5 0 0.00 0.0 0 7.9 17 120 M M 0 23 110
2 84 44 64 8 1 0 0.00 0.0 0 4.7 15 220 M M 0 22 220
3 86 46 66 10 0 1 0.00 0.0 0 6.8 22 210 M M 0 36 200
4 85 46 66 9 0 1 0.00 0.0 0 6.9 20 220 M M 0 28 220
5 85 51 68 11 0 3 0.00 0.0 0 10.9 21 270 M M 0 35 240
6 76 48 62 5 3 0 0.00 0.0 0 8.2 22 30 M M 0 32 20
7 82 43 63 6 2 0 0.00 0.0 0 7.1 20 230 M M 0 33 220
8 82 51 67 9 0 2 0.00 0.0 0 10.4 18 280 M M 0 35 320
9 80 52 66 8 0 1 0.00 0.0 0 8.2 18 30 M M 0 20 210
10 84 43 64 6 1 0 0.00 0.0 0 5.0 15 300 M M 0 24 300
11 M 45 M M M M 0.00 0.0 0 M M M M M 0 M M
12 82 M M M M M 0.00 0.0 0 9.1 17 30 M M 0 30 260
13 81 48 65 6 0 0 0.00 0.0 0 14.3 29 210 M M 0 55 210
14 69 49 59 0 6 0 0.00 0.0 0 12.1 28 20 M M 0 44 20
15 M 44 M M M M 0.00 0.0 0 6.3 13 60 M M 2 21 360
16 73 M M M M M 0.00 0.0 0 8.2 15 20 M M 4 35 50
17 70 49 60 0 5 0 0.00 0.0 0 14.7 24 20 M M 1 35 20
18 77 47 62 2 3 0 0.00 0.0 0 11.3 18 30 M M 0 28 20
19 82 41 62 2 3 0 0.00 0.0 0 8.7 18 230 M M 0 32 220
20 85 55 70 9 0 5 0.00 0.0 M 12.5 25 220 M M 0 43 180
21 73 53 63 2 2 0 T 0.0 M 12.3 24 220 M M 2 43 320
22 78 43 61 -1 4 0 0.00 0.0 M 7.0 17 240 M M 0 24 280
23 81 47 64 2 1 0 0.00 0.0 0 6.4 14 210 M M 0 31 240
24 81 54 68 6 0 3 0.00 0.0 0 16.5 30 220 M M 0 48 240
25 72 54 63 1 2 0 T 0.0 0 23.8 35 200 M M 2 61 210
26 66 47 57 -6 8 0 T 0.0 0 15.6 31 200 M M 5 53 200
27 67 44 56 -7 9 0 0.00 0.0 0 11.3 23 30 M M 7 33 20
28 81 45 63 -1 2 0 0.00 0.0 0 9.7 15 30 M M 0 29 40
29 88 56 72 8 0 7 0.00 0.0 0 9.2 17 40 M M 0 18 70
30 94 53 74 10 0 9 0.00 0.0 0 5.5 14 210 M M 0 22 250
================================================================================
SM 2222 1339 57 32 T 0.0 290.6 M 23
================================================================================
AV 79.4 47.8 10.0 FASTST M M 1 MAX(MPH)
MISC ----> 35 200 61 210
================================================================================
NOTES:
# LAST OF SEVERAL OCCURRENCES
COLUMN 17 PEAK WIND IN M.P.H.
PRELIMINARY LOCAL CLIMATOLOGICAL DATA (WS FORM: F-6) , PAGE 2
STATION: DESERT ROCK-MERCURY NV
MONTH: APRIL
YEAR: 2021
LATITUDE: 36 37 N
LONGITUDE: 116 1 W
[TEMPERATURE DATA] [PRECIPITATION DATA] SYMBOLS USED IN COLUMN 16
AVERAGE MONTHLY: 63.6 TOTAL FOR MONTH: T 1 = FOG OR MIST
DPTR FM NORMAL: 3.9 DPTR FM NORMAL: -0.33 2 = FOG REDUCING VISIBILITY
HIGHEST: 94 ON 30 GRTST 24HR T ON 21-21 TO 1/4 MILE OR LESS
LOWEST: 41 ON 19, 1 3 = THUNDER
SNOW, ICE PELLETS, HAIL 4 = ICE PELLETS
TOTAL MONTH: 0.0 INCH 5 = HAIL
GRTST 24HR 0.0 6 = FREEZING RAIN OR DRIZZLE
GRTST DEPTH: 0 7 = DUSTSTORM OR SANDSTORM:
VSBY 1/2 MILE OR LESS
8 = SMOKE OR HAZE
[NO. OF DAYS WITH] [WEATHER - DAYS WITH] 9 = BLOWING SNOW
X = TORNADO
MAX 32 OR BELOW: 0 0.01 INCH OR MORE: 0
MAX 90 OR ABOVE: 1 0.10 INCH OR MORE: 0
MIN 32 OR BELOW: 0 0.50 INCH OR MORE: 0
MIN 0 OR BELOW: 0 1.00 INCH OR MORE: 0
[HDD (BASE 65) ]
TOTAL THIS MO. 57 CLEAR (SCALE 0-3) 27
DPTR FM NORMAL -134 PTCLDY (SCALE 4-7) 3
TOTAL FM JUL 1 2496 CLOUDY (SCALE 8-10) 0
DPTR FM NORMAL -448
[CDD (BASE 65) ]
TOTAL THIS MO. 32
DPTR FM NORMAL 0 [PRESSURE DATA]
TOTAL FM JAN 1 32 HIGHEST SLP M ON M
DPTR FM NORMAL -2 LOWEST SLP M ON M
[REMARKS]
#FINAL-04-21#