000
CXUS55 KGJT 011010
CF6DRO
PRELIMINARY LOCAL CLIMATOLOGICAL DATA (WS FORM: F-6)
STATION: DURANGO AIRPORT CO
MONTH: NOVEMBER
YEAR: 2020
LATITUDE: 37 9 N
LONGITUDE: 107 45 W
TEMPERATURE IN F: :PCPN: SNOW: WIND :SUNSHINE: SKY :PK WND
================================================================================
1 2 3 4 5 6A 6B 7 8 9 10 11 12 13 14 15 16 17 18
12Z AVG MX 2MIN
DY MAX MIN AVG DEP HDD CDD WTR SNW DPTH SPD SPD DIR MIN PSBL S-S WX SPD DR
================================================================================
1 66 23 45 4 20 0 0.00 M M 3.8 12 10 M M 0 15 250
2 69 24 47 7 18 0 0.00 M M 3.7 14 10 M M 0 17 220
3 69 30 50 10 15 0 0.00 M M 5.6 18 220 M M 0 25 220
4 68 27 48 8 17 0 0.00 M M 5.4 20 210 M M 0 27 220
5 70 29 50 11 15 0 0.00 M M 3.3 13 10 M M 0 17 70
6 68 29 49 10 16 0 0.00 M M 7.1 18 130 M M 2 24 130
7 55 38 47 9 18 0 1.02 M M 10.3 38 210 M M 10 13 53 220
8 45 31 38 0 27 0 0.05 M M 9.4 29 270 M M 8 1 42 280
9 36 23 30 -8 35 0 0.15 M M 7.4 20 230 M M 7 1 27 230
10 36 16 26 -12 39 0 0.00 M M 5.5 17 220 M M 1 25 210
11 40 15 28 -9 37 0 0.00 M M 3.4 12 220 M M 0 14 200
12 45 20 33 -4 32 0 0.00 M M 2.5 13 10 M M 0 14 210
13 51 21 36 0 29 0 0.00 M M 3.0 13 10 M M 1 15 230
14 43 22 33 -3 32 0 0.00 M M 13.4 35 270 M M 2 48 270
15 51 16 34 -2 31 0 0.00 M M 4.1 14 220 M M 0 19 250
16 57 20 39 4 26 0 0.00 M M 2.9 13 10 M M 0 14 10
17 63 24 44 9 21 0 0.00 M M 4.5 10 10 M M 0 15 140
18 62 24 43 8 22 0 0.00 M M 4.4 10 360 M M 2 14 110
19 62 25 44 10 21 0 0.00 M M 5.3 20 270 M M 0 26 280
20 58 23 41 7 24 0 0.00 M M 2.9 9 10 M M 1 16 140
21 60 28 44 10 21 0 0.01 M M 5.9 17 260 M M 5 26 250
22 56 23 40 7 25 0 T M M 4.1 12 130 M M 4 17 130
23 52 40 46 13 19 0 0.01 M M 5.9 15 260 M M 8 3 27 210
24 48 20 34 2 31 0 T M M 7.2 20 250 M M 4 31 250
25 45 15 30 -2 35 0 0.00 M M 2.5 12 10 M M 0 14 220
26 45 15 30 -2 35 0 0.00 M M 4.1 13 220 M M 0 16 230
27 46 19 33 2 32 0 0.00 M M 5.2 16 210 M M 3 26 150
28 41 16 29 -2 36 0 0.00 M M 3.8 12 250 M M 3 12 15 230
29 47 10 29 -2 36 0 0.00 M M 4.0 13 10 M M 0 19 80
30 46 13 30 0 35 0 0.00 M M 3.6 13 230 M M 0 16 220
================================================================================
SM 1600 679 800 0 1.24 M 154.2 M 61
================================================================================
AV 53.3 22.6 5.1 FASTST M M 2 MAX(MPH)
MISC ----> 38 210 53 220
================================================================================
NOTES:
# LAST OF SEVERAL OCCURRENCES
COLUMN 17 PEAK WIND IN M.P.H.
PRELIMINARY LOCAL CLIMATOLOGICAL DATA (WS FORM: F-6) , PAGE 2
STATION: DURANGO AIRPORT CO
MONTH: NOVEMBER
YEAR: 2020
LATITUDE: 37 9 N
LONGITUDE: 107 45 W
[TEMPERATURE DATA] [PRECIPITATION DATA] SYMBOLS USED IN COLUMN 16
AVERAGE MONTHLY: 38.0 TOTAL FOR MONTH: 1.24 1 = FOG OR MIST
DPTR FM NORMAL: 2.5 DPTR FM NORMAL: -0.44 2 = FOG REDUCING VISIBILITY
HIGHEST: 70 ON 5 GRTST 24HR 1.07 ON 7- 8 TO 1/4 MILE OR LESS
LOWEST: 10 ON 29 3 = THUNDER
SNOW, ICE PELLETS, HAIL 4 = ICE PELLETS
TOTAL MONTH: M 5 = HAIL
GRTST 24HR M ON M 6 = FREEZING RAIN OR DRIZZLE
GRTST DEPTH: M ON M 7 = DUSTSTORM OR SANDSTORM:
VSBY 1/2 MILE OR LESS
8 = SMOKE OR HAZE
[NO. OF DAYS WITH] [WEATHER - DAYS WITH] 9 = BLOWING SNOW
X = TORNADO
MAX 32 OR BELOW: 0 0.01 INCH OR MORE: 5
MAX 90 OR ABOVE: 0 0.10 INCH OR MORE: 2
MIN 32 OR BELOW: 28 0.50 INCH OR MORE: 1
MIN 0 OR BELOW: 0 1.00 INCH OR MORE: 1
[HDD (BASE 65) ]
TOTAL THIS MO. 800 CLEAR (SCALE 0-3) 23
DPTR FM NORMAL -85 PTCLDY (SCALE 4-7) 5
TOTAL FM JUL 1 1431 CLOUDY (SCALE 8-10) 2
DPTR FM NORMAL -242
[CDD (BASE 65) ]
TOTAL THIS MO. 0
DPTR FM NORMAL 0 [PRESSURE DATA]
TOTAL FM JAN 1 445 HIGHEST SLP 30.65 ON 1
DPTR FM NORMAL 202 LOWEST SLP 29.48 ON 7
[REMARKS]
#FINAL-11-20#