000
CXUS53 KDMX 180810
CF6DSM
PRELIMINARY LOCAL CLIMATOLOGICAL DATA (WS FORM: F-6)
STATION: DES MOINES IA
MONTH: APRIL
YEAR: 2024
LATITUDE: 41 31 N
LONGITUDE: 93 39 W
TEMPERATURE IN F: :PCPN: SNOW: WIND :SUNSHINE: SKY :PK WND
================================================================================
1 2 3 4 5 6A 6B 7 8 9 10 11 12 13 14 15 16 17 18
12Z AVG MX 2MIN
DY MAX MIN AVG DEP HDD CDD WTR SNW DPTH SPD SPD DIR MIN PSBL S-S WX SPD DR
================================================================================
1 49 42 46 0 19 0 0.07 0.0 0 14.3 20 60 M M 10 1 27 40
2 51 34 43 -4 22 0 0.26 0.5 0 14.3 26 320 M M 9 1 42 320
3 55 36 46 -1 19 0 T T 0 21.2 37 320 M M 6 56 310
4 58 30 44 -3 21 0 0.00 0.0 0 10.2 24 330 M M 2 34 330
5 58 30 44 -4 21 0 0.00 0.0 0 6.5 17 110 M M 6 25 100
6 61 37 49 1 16 0 0.04 0.0 0 19.5 36 120 M M 4 47 100
7 68 46 57 9 8 0 0.11 0.0 0 17.5 32 200 M M 8 3 42 200
8 67 43 55 6 10 0 0.00 0.0 0 13.5 24 310 M M 2 32 220
9 68 38 53 4 12 0 0.00 0.0 0 6.8 16 270 M M 4 24 260
10 75 43 59 10 6 0 0.00 0.0 0 5.2 16 310 M M 6 24 290
11 60 46 53 3 12 0 0.05 0.0 0 19.4 33 310 M M 6 1 44 320
12 68 42 55 5 10 0 0.00 0.0 0 13.3 28 300 M M 1 35 310
13 85 44 65 15 0 0 0.00 0.0 0 12.4 25 170 M M 2 36 190
14 88 59 74 23 0 9 0.00 0.0 0 8.8 17 320 M M 1 26 340
15 82 54 68 17 0 3 0.00 0.0 0 14.6 24 130 M M 2 32 140
16 79 58 69 17 0 4 0.46 0.0 0 17.4 31 220 M M 8 13 42 130
17 68 53 61 9 4 0 0.01 0.0 0 16.0 32 290 M M 8 1 44 290
================================================================================
SM 1140 735 180 16 1.00 0.5 230.9 M 85
================================================================================
AV 67.1 43.2 13.6 FASTST M M 5 MAX(MPH)
MISC ----> 37 320 56 310
================================================================================
NOTES:
# LAST OF SEVERAL OCCURRENCES
COLUMN 17 PEAK WIND IN M.P.H.
PRELIMINARY LOCAL CLIMATOLOGICAL DATA (WS FORM: F-6) , PAGE 2
STATION: DES MOINES IA
MONTH: APRIL
YEAR: 2024
LATITUDE: 41 31 N
LONGITUDE: 93 39 W
[TEMPERATURE DATA] [PRECIPITATION DATA] SYMBOLS USED IN COLUMN 16
AVERAGE MONTHLY: 55.1 TOTAL FOR MONTH: 1.00 1 = FOG OR MIST
DPTR FM NORMAL: 6.1 DPTR FM NORMAL: -0.98 2 = FOG REDUCING VISIBILITY
HIGHEST: 88 ON 14 GRTST 24HR 0.46 ON 16-16 TO 1/4 MILE OR LESS
LOWEST: 30 ON 5, 4 3 = THUNDER
SNOW, ICE PELLETS, HAIL 4 = ICE PELLETS
TOTAL MONTH: 0.5 INCH 5 = HAIL
GRTST 24HR 0.5 ON 2- 2 6 = FREEZING RAIN OR DRIZZLE
GRTST DEPTH: 0 7 = DUSTSTORM OR SANDSTORM:
VSBY 1/2 MILE OR LESS
8 = SMOKE OR HAZE
[NO. OF DAYS WITH] [WEATHER - DAYS WITH] 9 = BLOWING SNOW
X = TORNADO
MAX 32 OR BELOW: 0 0.01 INCH OR MORE: 7
MAX 90 OR ABOVE: 0 0.10 INCH OR MORE: 3
MIN 32 OR BELOW: 2 0.50 INCH OR MORE: 0
MIN 0 OR BELOW: 0 1.00 INCH OR MORE: 0
[HDD (BASE 65) ]
TOTAL THIS MO. 180 CLEAR (SCALE 0-3) 6
DPTR FM NORMAL -97 PTCLDY (SCALE 4-7) 9
TOTAL FM JUL 1 4662 CLOUDY (SCALE 8-10) 2
DPTR FM NORMAL -1204
[CDD (BASE 65) ]
TOTAL THIS MO. 16
DPTR FM NORMAL 16 [PRESSURE DATA]
TOTAL FM JAN 1 16 HIGHEST SLP M ON M
DPTR FM NORMAL 14 LOWEST SLP 29.33 ON 16
[REMARKS]