378
CXUS51 KPBZ 010830
CF6DUJ
PRELIMINARY LOCAL CLIMATOLOGICAL DATA (WS FORM: F-6)
STATION: DUBOIS PA
MONTH: OCTOBER
YEAR: 2020
LATITUDE: 41 10 N
LONGITUDE: 78 54 W
TEMPERATURE IN F: :PCPN: SNOW: WIND :SUNSHINE: SKY :PK WND
================================================================================
1 2 3 4 5 6A 6B 7 8 9 10 11 12 13 14 15 16 17 18
12Z AVG MX 2MIN
DY MAX MIN AVG DEP HDD CDD WTR SNW DPTH SPD SPD DIR MIN PSBL S-S WX SPD DR
================================================================================
1 61 45 53 -1 12 0 T M M 7.6 17 240 M M 6 24 230
2 54 37 46 -8 19 0 0.02 M M 7.1 17 260 M M 4 12 24 270
3 56 33 45 -8 20 0 0.00 M M 3.6 13 250 M M 5 1 19 230
4 57 39 48 -5 17 0 0.08 M M 5.1 10 140 M M 8 1 15 130
5 56 44 50 -2 15 0 0.10 M M 5.9 14 270 M M 8 1 17 270
6 62 34 48 -4 17 0 0.00 M M 6.2 16 230 M M 2 12 23 230
7 66 48 57 5 8 0 0.00 M M 13.3 28 280 M M 3 45 310
8 60 41 51 0 14 0 0.00 M M 7.3 20 290 M M 3 26 300
9 69 38 54 3 11 0 0.00 M M 5.3 16 250 M M 0 21 220
10 72 57 65 14 0 0 0.00 M M 12.1 23 240 M M 5 30 230
11 66 55 61 11 4 0 0.00 M M 7.9 15 110 M M 10 21 100
12 56 50 53 3 12 0 0.01 M M 12.2 20 120 M M 10 1 29 110
13 62 41 52 2 13 0 0.05 M M 7.5 18 300 M M 5 1 25 130
14 64 40 52 2 13 0 0.00 M M 7.0 15 250 M M 0 19 250
15 72 45 59 10 6 0 0.11 M M 11.2 28 240 M M 4 1 37 230
16 52 36 44 -5 21 0 0.03 M M 7.1 16 260 M M 5 24 260
17 56 27 42 -7 23 0 0.00 M M 5.6 20 270 M M 0 29 200
18 59 43 51 3 14 0 T M M 7.7 16 210 M M 4 26 200
19 54 48 51 3 14 0 0.48 M M 4.6 9 170 M M 10 1 13 170
20 60 54 57 9 8 0 0.31 M M 3.6 10 170 M M 10 1 15 180
21 74 58 66 18 0 1 T M M 5.6 22 240 M M 8 1 29 230
22 77 59 68 21 0 3 0.00 M M 4.4 15 240 M M 4 12 19 240
23 78 58 68 21 0 3 0.03 M M 6.6 20 220 M M 2 26 230
24 61 39 50 3 15 0 0.07 M M 8.6 18 310 M M 10 1 24 310
25 50 32 41 -5 24 0 0.01 M M 8.0 16 110 M M 7 1 21 70
26 54 41 48 2 17 0 0.04 M M 7.6 15 130 M M 10 1 22 130
27 49 43 46 0 19 0 0.00 M M 3.3 10 120 M M 10 18 13 10
28 49 44 47 1 18 0 0.12 M M 7.1 15 260 M M 10 1 21 250
29 46 42 44 -1 21 0 1.27 M M 7.8 14 30 M M 10 1 19 40
30 42 35 39 -6 26 0 0.15 M M 7.3 16 320 M M 10 1 23 330
31 46 31 39 -6 26 0 0.00 M M 5.8 12 160 M M 4 16 190
================================================================================
SM 1840 1337 427 7 2.88 M 220.0 M 187
================================================================================
AV 59.4 43.1 7.1 FASTST M M 6 MAX(MPH)
MISC ----> # 28 280 45 310
================================================================================
NOTES:
# LAST OF SEVERAL OCCURRENCES
COLUMN 17 PEAK WIND IN M.P.H.
PRELIMINARY LOCAL CLIMATOLOGICAL DATA (WS FORM: F-6) , PAGE 2
STATION: DUBOIS PA
MONTH: OCTOBER
YEAR: 2020
LATITUDE: 41 10 N
LONGITUDE: 78 54 W
[TEMPERATURE DATA] [PRECIPITATION DATA] SYMBOLS USED IN COLUMN 16
AVERAGE MONTHLY: 51.2 TOTAL FOR MONTH: 2.88 1 = FOG OR MIST
DPTR FM NORMAL: 2.2 DPTR FM NORMAL: -0.27 2 = FOG REDUCING VISIBILITY
HIGHEST: 78 ON 23 GRTST 24HR 1.38 ON 29-30 TO 1/4 MILE OR LESS
LOWEST: 27 ON 17 3 = THUNDER
SNOW, ICE PELLETS, HAIL 4 = ICE PELLETS
TOTAL MONTH: M 5 = HAIL
GRTST 24HR M ON M 6 = FREEZING RAIN OR DRIZZLE
GRTST DEPTH: M ON M 7 = DUSTSTORM OR SANDSTORM:
VSBY 1/2 MILE OR LESS
8 = SMOKE OR HAZE
[NO. OF DAYS WITH] [WEATHER - DAYS WITH] 9 = BLOWING SNOW
X = TORNADO
MAX 32 OR BELOW: 0 0.01 INCH OR MORE: 16
MAX 90 OR ABOVE: 0 0.10 INCH OR MORE: 7
MIN 32 OR BELOW: 3 0.50 INCH OR MORE: 1
MIN 0 OR BELOW: 0 1.00 INCH OR MORE: 1
[HDD (BASE 65) ]
TOTAL THIS MO. 427 CLEAR (SCALE 0-3) 7
DPTR FM NORMAL -70 PTCLDY (SCALE 4-7) 13
TOTAL FM JUL 1 577 CLOUDY (SCALE 8-10) 11
DPTR FM NORMAL -164
[CDD (BASE 65) ]
TOTAL THIS MO. 7
DPTR FM NORMAL 5 [PRESSURE DATA]
TOTAL FM JAN 1 652 HIGHEST SLP 30.47 ON 31
DPTR FM NORMAL 290 LOWEST SLP 29.59 ON 29
[REMARKS]
#FINAL-10-20#