000
CXUS53 KFGF 010815
CF6DVL
PRELIMINARY LOCAL CLIMATOLOGICAL DATA (WS FORM: F-6)
STATION: DEVILS LAKE ND
MONTH: JULY
YEAR: 2023
LATITUDE: 48 7 N
LONGITUDE: 98 54 W
TEMPERATURE IN F: :PCPN: SNOW: WIND :SUNSHINE: SKY :PK WND
================================================================================
1 2 3 4 5 6A 6B 7 8 9 10 11 12 13 14 15 16 17 18
12Z AVG MX 2MIN
DY MAX MIN AVG DEP HDD CDD WTR SNW DPTH SPD SPD DIR MIN PSBL S-S WX SPD DR
================================================================================
1 83 61 72 6 0 7 M M M 5.0 10 140 M M 0 M M
2 88 67 78 12 0 13 0.37 M M 11.6 17 290 M M 1 3 25 200
3 73 58 66 0 0 1 T M M 9.9 20 300 M M 1 23 300
4 70 54 62 -4 3 0 T M M 14.1 20 320 M M 5 30 280
5 66 49 58 -9 7 0 0.00 M M 7.9 10 330 M M 6 M M
6 79 56 68 1 0 3 M M M 12.5 16 210 M M 4 M M
7 72 55 64 -3 1 0 T M M 11.0 17 10 M M 2 23 10
8 76 48 62 -5 3 0 M M M 7.7 17 250 M M 2 3 18 230
9 87 59 73 6 0 8 M M M 11.9 16 260 M M 0 M M
10 71 54 63 -5 2 0 M M M 10.1 18 340 M M 2 25 320
11 62 47 55 -13 10 0 T M M 5.6 15 220 M M 2 8 M M
12 70 48 59 -9 6 0 0.09 M M 5.9 12 150 M M 7 M M
13 81 55 68 0 0 3 M M M 10.2 21 290 M M 2 1 25 290
14 78 58 68 0 0 3 0.09 M M 12.4 33 320 M M 1 138 39 320
15 71 53 62 -6 3 0 T M M 11.8 18 280 M M 7 27 290
16 67 53 60 -9 5 0 0.00 M M 13.1 18 330 M M 7 25 350
17 71 49 60 -9 5 0 M M M 6.6 12 320 M M 2 18 M M
18 77 53 65 -4 0 0 0.00 0.0 0 7.2 20 160 M M 2 18 25 160
19 73 55 64 -5 1 0 0.05 0.0 0 10.2 17 330 M M 4 18 32 280
20 78 54 66 -3 0 1 0.00 0.0 0 6.8 10 310 M M 2 1 M M
21 82 53 68 -1 0 3 T 0.0 0 4.8 16 270 M M 3 12 M M
22 80 57 69 -1 0 4 0.00 0.0 0 7.0 14 350 M M 0 8 17 360
23 83 57 70 0 0 5 0.00 0.0 0 4.0 8 90 M M 1 12 M M
24 87 59 73 3 0 8 M M M 8.5 13 120 M M 0 18 M M
25 83 71 77 7 0 12 T M M 8.7 13 200 M M 0 1 M M
26 93 63 78 8 0 13 0.15 M M 6.5 14 280 M M 3 123 17 99
27 77 61 69 -1 0 4 T M M 6.4 12 150 M M 0 M M
28 72 56 64 -6 1 0 T M M 8.6 15 30 M M 4 18 40
29 72 48 60 -10 5 0 M M M 4.7 9 300 M M 2 M M
30 79 58 69 -1 0 4 M M M 6.1 12 110 M M 2 M M
31 83 59 71 1 0 6 T M M 9.0 15 140 M M 1 20 140
================================================================================
SM 2384 1728 52 98 0.75 0.0 265.8 M 75
================================================================================
AV 76.9 55.7 8.6 FASTST M M 2 MAX(MPH)
MISC ----> 33 320 39 320
================================================================================
NOTES:
# LAST OF SEVERAL OCCURRENCES
COLUMN 17 PEAK WIND IN M.P.H.
PRELIMINARY LOCAL CLIMATOLOGICAL DATA (WS FORM: F-6) , PAGE 2
STATION: DEVILS LAKE ND
MONTH: JULY
YEAR: 2023
LATITUDE: 48 7 N
LONGITUDE: 98 54 W
[TEMPERATURE DATA] [PRECIPITATION DATA] SYMBOLS USED IN COLUMN 16
AVERAGE MONTHLY: 66.3 TOTAL FOR MONTH: 0.75 1 = FOG OR MIST
DPTR FM NORMAL: -2.1 DPTR FM NORMAL: -3.07 2 = FOG REDUCING VISIBILITY
HIGHEST: 93 ON 26 GRTST 24HR 0.37 ON 2- 2 TO 1/4 MILE OR LESS
LOWEST: 47 ON 11 3 = THUNDER
SNOW, ICE PELLETS, HAIL 4 = ICE PELLETS
TOTAL MONTH: 0.0 INCH 5 = HAIL
GRTST 24HR 0.0 6 = FREEZING RAIN OR DRIZZLE
GRTST DEPTH: 0 7 = DUSTSTORM OR SANDSTORM:
VSBY 1/2 MILE OR LESS
8 = SMOKE OR HAZE
[NO. OF DAYS WITH] [WEATHER - DAYS WITH] 9 = BLOWING SNOW
X = TORNADO
MAX 32 OR BELOW: 0 0.01 INCH OR MORE: 5
MAX 90 OR ABOVE: 1 0.10 INCH OR MORE: 2
MIN 32 OR BELOW: 0 0.50 INCH OR MORE: 0
MIN 0 OR BELOW: 0 1.00 INCH OR MORE: 0
[HDD (BASE 65) ]
TOTAL THIS MO. 52 CLEAR (SCALE 0-3) 23
DPTR FM NORMAL 42 PTCLDY (SCALE 4-7) 8
TOTAL FM JUL 1 52 CLOUDY (SCALE 8-10) 0
DPTR FM NORMAL 43
[CDD (BASE 65) ]
TOTAL THIS MO. 98
DPTR FM NORMAL -17 [PRESSURE DATA]
TOTAL FM JAN 1 332 HIGHEST SLP M ON M
DPTR FM NORMAL 184 LOWEST SLP M ON M
[REMARKS]
#FINAL-07-23#