000
CXUS54 KHGX 021158
CF6DWH
PRELIMINARY LOCAL CLIMATOLOGICAL DATA (WS FORM: F-6)
STATION: HOUSTON/D.W._HOOKS
MONTH: FEBRUARY
YEAR: 2023
LATITUDE: 30 4 N
LONGITUDE: 95 33 W
TEMPERATURE IN F: :PCPN: SNOW: WIND :SUNSHINE: SKY :PK WND
================================================================================
1 2 3 4 5 6A 6B 7 8 9 10 11 12 13 14 15 16 17 18
12Z AVG MX 2MIN
DY MAX MIN AVG DEP HDD CDD WTR SNW DPTH SPD SPD DIR MIN PSBL S-S WX SPD DR
================================================================================
1 40 35 38 -17 27 0 0.17 0.0 0 8.2 17 10 M M 10 1 24 350
2 42 37 40 -15 25 0 0.43 0.0 0 7.5 14 340 M M 10 1 21 330
3 59 38 49 -6 16 0 0.00 0.0 0 5.2 13 350 M M 5 1 21 330
4 64 32 48 -7 17 0 0.00 0.0 0 3.8 12 190 M M 0 1 19 150
5 75 42 59 4 6 0 0.00 0.0 0 3.0 13 210 M M 4 12 18 190
6 76 50 63 8 2 0 0.00 0.0 0 6.9 17 170 M M 5 12 26 150
7 77 61 69 13 0 4 T 0.0 0 9.4 18 130 M M 10 27 130
8 77 42 60 4 5 0 0.66 0.0 0 9.1 21 190 M M 8 13 33 180
9 73 39 56 0 9 0 0.00 0.0 0 2.0 8 200 M M 2 12 14 150
10 58 41 50 -6 15 0 0.00 0.0 0 8.1 18 340 M M 3 29 320
11 54 38 46 -10 19 0 0.00 0.0 0 7.7 17 320 M M 6 25 330
12 66 34 50 -7 15 0 0.00 0.0 0 3.1 10 240 M M 0 1 13 230
13 74 40 57 0 8 0 0.00 0.0 0 4.7 13 170 M M 0 18 22 190
14 80 60 70 13 0 5 0.14 0.0 0 9.7 23 230 M M 6 18 35 250
15 81 63 72 15 0 7 T 0.0 0 8.0 15 150 M M 9 18 26 150
16 73 44 59 2 6 0 0.01 0.0 0 12.5 22 320 M M 10 1 36 310
17 53 35 44 -14 21 0 0.00 0.0 0 9.2 18 10 M M 0 28 340
18 57 31 44 -14 21 0 0.00 0.0 0 3.5 15 90 M M 0 19 120
19 76 42 59 1 6 0 0.00 0.0 0 4.2 14 200 M M 3 19 200
20 80 62 71 13 0 6 T 0.0 0 10.4 18 220 M M 7 29 220
21 83 69 76 18 0 11 0.00 0.0 0 12.5 24 190 M M 8 36 200
22 84 71 78 19 0 13 0.10 0.0 0 9.0 18 200 M M 7 1 29 160
23 86 69 78 19 0 13 0.00 0.0 0 6.7 16 100 M M 9 18 21 110
24 80 61 71 12 0 6 0.00 0.0 0 4.7 13 80 M M 8 18 19 120
25 82 61 72 13 0 7 0.00 0.0 0 5.6 13 150 M M 8 1 20 150
26 84 71 78 18 0 13 T 0.0 0 9.6 18 160 M M 8 1 31 140
27 84 54 69 9 0 4 T 0.0 0 7.6 21 210 M M 5 8 33 210
28 86 54 70 10 0 5 0.00 0.0 0 6.8 14 190 M M 5 12 20 180
================================================================================
SM 2004 1376 218 94 1.51 0.0 198.7 M 156
================================================================================
AV 71.6 49.1 7.1 FASTST M M 6 MAX(MPH)
MISC ----> 24 190 # 36 310
================================================================================
NOTES:
# LAST OF SEVERAL OCCURRENCES
COLUMN 17 PEAK WIND IN M.P.H.
PRELIMINARY LOCAL CLIMATOLOGICAL DATA (WS FORM: F-6) , PAGE 2
STATION: HOUSTON/D.W._HOOKS
MONTH: FEBRUARY
YEAR: 2023
LATITUDE: 30 4 N
LONGITUDE: 95 33 W
[TEMPERATURE DATA] [PRECIPITATION DATA] SYMBOLS USED IN COLUMN 16
AVERAGE MONTHLY: 60.4 TOTAL FOR MONTH: 1.51 1 = FOG OR MIST
DPTR FM NORMAL: 3.2 DPTR FM NORMAL: -1.19 2 = FOG REDUCING VISIBILITY
HIGHEST: 86 ON 28,23 GRTST 24HR 0.66 ON 7- 8 TO 1/4 MILE OR LESS
LOWEST: 31 ON 18 3 = THUNDER
SNOW, ICE PELLETS, HAIL 4 = ICE PELLETS
TOTAL MONTH: 0.0 INCH 5 = HAIL
GRTST 24HR 0.0 6 = FREEZING RAIN OR DRIZZLE
GRTST DEPTH: 0 7 = DUSTSTORM OR SANDSTORM:
VSBY 1/2 MILE OR LESS
8 = SMOKE OR HAZE
[NO. OF DAYS WITH] [WEATHER - DAYS WITH] 9 = BLOWING SNOW
X = TORNADO
MAX 32 OR BELOW: 0 0.01 INCH OR MORE: 6
MAX 90 OR ABOVE: 0 0.10 INCH OR MORE: 5
MIN 32 OR BELOW: 2 0.50 INCH OR MORE: 1
MIN 0 OR BELOW: 0 1.00 INCH OR MORE: 0
[HDD (BASE 65) ]
TOTAL THIS MO. 218 CLEAR (SCALE 0-3) 7
DPTR FM NORMAL -34 PTCLDY (SCALE 4-7) 15
TOTAL FM JUL 1 1040 CLOUDY (SCALE 8-10) 6
DPTR FM NORMAL -158
[CDD (BASE 65) ]
TOTAL THIS MO. 94
DPTR FM NORMAL 62 [PRESSURE DATA]
TOTAL FM JAN 1 130 HIGHEST SLP 30.56 ON 3
DPTR FM NORMAL 81 LOWEST SLP 29.64 ON 22
[REMARKS]
#FINAL-02-23#